000
CXUS51 KOKX 031342
CLSLGA

CLIMATE REPORT
NATIONAL WEATHER SERVICE NEW YORK NY
938 AM EDT SUN SEP 3 2017

...................................

...THE LAGUARDIA NY CLIMATE SUMMARY FOR THE SEASON, FROM
6/1/2017 TO 8/31/2017...

CLIMATE NORMAL PERIOD 1981 TO 2010
CLIMATE RECORD PERIOD 1939 TO 2017

WEATHER         OBSERVED          NORMAL  DEPART  LAST YEAR`S
                 VALUE   DATE(S)  VALUE   FROM    VALUE
                                          NORMAL
.............................................................
TEMPERATURE (F)
RECORD
 HIGH             107   07/03/1966
 LOW               46   06/11/1972
                        06/01/1945
HIGHEST           101   06/13        MM      MM
LOWEST             52   06/07        MM      MM
                        06/06
AVG. MAXIMUM     82.8              83.2    -0.4
AVG. MINIMUM     68.6              67.4     1.2
MEAN             75.7              75.3     0.4
DAYS MAX >= 90     13              15.3    -2.3
DAYS MAX <= 32      0               0.0     0.0
DAYS MIN <= 32      0               0.0     0.0
DAYS MIN <= 0       0               0.0     0.0

PRECIPITATION (INCHES)
RECORD
 MAXIMUM        24.11   2011
 MINIMUM         4.30   1966
TOTALS          12.22             12.56   -0.34     8.35
DAILY AVG.       0.13              0.14   -0.01
DAYS >= .01        31              29.1     1.9
DAYS >= .10        18              19.2    -1.2
DAYS >= .50         9               8.4     0.6
DAYS >= 1.00        4               3.4     0.6
GREATEST
 24 HR. TOTAL    2.14   MM
 STORM TOTAL       MM
 (MM/DD(HH))            MM

SNOWFALL (INCHES)
RECORDS
 TOTAL              T   2011
                        2009
                        2008
 24 HR TOTAL       MM
TOTALS            0.0               0.0     0.0
 LIQUID EQUIV    0.00              0.00    0.00
SINCE 7/1         0.0               0.0     0.0
 LIQUID 7/1      0.00
DAYS >= TRACE       0               0.0     0.0
DAYS >= 1.0         0               0.0     0.0
GREATEST
 SNOW DEPTH         0   MM
 24 HR TOTAL      0.0   MM
 STORM TOTAL       MM
 (MM/DD(HH))            MM

DEGREE_DAYS
HEATING TOTAL      16                17      -1
 SINCE 7/1          0                 1      -1
COOLING TOTAL    1026               966      60
 SINCE 1/1       1131              1033      98
..............................................................

WIND (MPH)
AVERAGE WIND SPEED              9.2
HIGHEST WIND SPEED/DIRECTION    33/310    DATE  06/02
HIGHEST GUST SPEED/DIRECTION    39/310    DATE  06/02

SKY COVER
POSSIBLE SUNSHINE (PERCENT)   MM
AVERAGE SKY COVER           0.60
NUMBER OF DAYS FAIR           13
NUMBER OF DAYS PC             53
NUMBER OF DAYS CLOUDY         26

AVERAGE RH (PERCENT)     66

WEATHER CONDITIONS. NUMBER OF DAYS WITH
THUNDERSTORM              0     MIXED PRECIP               0
HEAVY RAIN               11     RAIN                      10
LIGHT RAIN               43     FREEZING RAIN              0
LT FREEZING RAIN          0     HAIL                       0
HEAVY SNOW                0     SNOW                       0
LIGHT SNOW                0     SLEET                      0
FOG                      24     FOG W/VIS <= 1/4 MILE      3
HAZE                     11

-  INDICATES NEGATIVE NUMBERS.
R  INDICATES RECORD WAS SET OR TIED.
MM INDICATES DATA IS MISSING.
T  INDICATES TRACE AMOUNT.

$$
