000
CXUS53 KMKX 021307 RRA
CLSMSN

CLIMATE REPORT...CORRECTED.
NATIONAL WEATHER SERVICE IN MILWAUKEE
707 AM CST SUN MAR 2 2014

...................................

...THE MADISON WI CLIMATE SUMMARY FOR THE SEASON, FROM
12/1/2013 TO 2/28/2014...

CLIMATE NORMAL PERIOD 1981 TO 2010
CLIMATE RECORD PERIOD 1871 TO 2014

WEATHER         OBSERVED          NORMAL  DEPART  LAST YEAR`S
                 VALUE   DATE(S)  VALUE   FROM    VALUE  DATE(S)
                                          NORMAL
................................................................
TEMPERATURE (F)
RECORD
 HIGH              65   12/03/2012
 LOW              -37   01/30/1951
HIGHEST            50   12/04        53      -3       65  12/03
LOWEST            -18   01/06       -17      -1       -7  01/22
                                                          01/01
AVG. MAXIMUM     22.8              29.2    -6.4     32.1
AVG. MINIMUM      4.6              14.0    -9.4     16.2
MEAN             13.7              21.6    -7.9     24.1
DAYS MAX >= 90      0               0.0     0.0        0
DAYS MAX <= 32     65              51.7    13.3       44
DAYS MIN <= 32     87              84.8     2.2       80
DAYS MIN <= 0      38              14.8    23.2        7

PRECIPITATION (INCHES)
RECORD
 MAXIMUM         9.27   1885
                        1886
 MINIMUM         0.79   1898
                        1899
TOTALS           3.51              4.42   -0.91     7.88
DAILY AVG.       0.04              0.05   -0.01     0.09
DAYS >= .01        36              29.5     6.5       32
DAYS >= .10         9              12.4    -3.4       19
DAYS >= .50         0               1.9    -1.9        4
DAYS >= 1.00        0               0.5    -0.5        2
GREATEST
 24 HR. TOTAL    0.49   12/22 TO 12/22              1.84
                        02/20 TO 02/20

SNOWFALL (INCHES)
RECORDS
 TOTAL           88.3   2007
                        2008
TOTALS           46.5              37.0     9.5     55.0
SINCE 7/1        50.0              41.1     8.9     55.1
SNOWDEPTH AVG.      5                 4       1        4
DAYS >= 1.0        14              10.6     3.4       14
GREATEST
 SNOW DEPTH        11   02/18                         11  12/29
 24 HR TOTAL      5.9   12/22 TO 12/22              13.3

DEGREE_DAYS
HEATING TOTAL    4593              3907     686     3643
 SINCE 7/1                         5486
COOLING TOTAL       0                 0       0        0
 SINCE 1/1          0                 0       0        0

FREEZE DATES
RECORD
 EARLIEST     09/12/1955
 LATEST       05/31/1966
EARLIEST                        10/01
LATEST                          05/10
.................................................................

WIND (MPH)
AVERAGE WIND SPEED              7.8
RESULTANT WIND SPEED/DIRECTION   2/275
HIGHEST WIND SPEED/DIRECTION    30/180    DATE  01/03
HIGHEST GUST SPEED/DIRECTION    45/240    DATE  01/26

SKY COVER
AVERAGE SKY COVER           0.60
NUMBER OF DAYS FAIR           25
NUMBER OF DAYS PC             33
NUMBER OF DAYS CLOUDY         32

AVERAGE RH (PERCENT)     72

WEATHER CONDITIONS. NUMBER OF DAYS WITH
THUNDERSTORM              1     MIXED PRECIP               0
HEAVY RAIN                1     RAIN                       1
LIGHT RAIN                5     FREEZING RAIN              0
LT FREEZING RAIN          7     HAIL                       0
HEAVY SNOW                2     SNOW                       8
LIGHT SNOW               54     SLEET                      3
FOG                      49     FOG W/VIS <= 1/4 MILE      8
HAZE                     38

-  INDICATES NEGATIVE NUMBERS.
R  INDICATES RECORD WAS SET OR TIED.
MM INDICATES DATA IS MISSING.
T  INDICATES TRACE AMOUNT.

$$

ERROR ON SNOWFALL TOTAL FOR FEB 28. FIXED MONTHLY SF TOTAL AND SINCE
7/1 SNOWFALL TOTAL.
