000
CXUS53 KGRB 021309 RRA
CLSRHI

SEASONAL CLIMATE REPORT
NATIONAL WEATHER SERVICE GREEN BAY
708 AM CST MON MAR 2 2015

...21ST COLDEST WINTER ON RECORD AT RHINELANDER

..THE RHINELANDER WI WINTER CLIMATE SUMMARY FROM 12/1/2014 TO
2/28/2015...

CLIMATE NORMAL PERIOD 1981 TO 2010
CLIMATE RECORD PERIOD 1908 TO 2015

WEATHER         OBSERVED          NORMAL  DEPART  LAST YEAR`S
                 VALUE   DATE(S)  VALUE   FROM    VALUE  DATE(S)
                                          NORMAL
................................................................
TEMPERATURE (F)
RECORD
 HIGH              62   12/02/1998
 LOW              -42   02/03/1996
HIGHEST            43   12/15        48      -5       39  02/19
LOWEST            -24   02/19       -27       3      -30  01/06
                        01/13
AVG. MAXIMUM     19.5              24.2    -4.7     14.5
AVG. MINIMUM      2.3               6.0    -3.7     -5.1
MEAN             10.9              15.1    -4.2      4.7
DAYS MAX >= 90      0               0.0     0.0        0
DAYS MAX <= 32     81              70.1    10.9       84
DAYS MIN <= 32     88              88.6    -0.6       90
DAYS MIN <= 0      39              30.5     8.5       58

PRECIPITATION (INCHES)
RECORD
 MAXIMUM         7.94   2005
 MINIMUM         0.93   1958
TOTALS           2.91              3.48   -0.57     4.27
DAILY AVG.       0.03              0.04   -0.01     0.04
DAYS >= .01        30                MM      MM       44
DAYS >= .10         7                MM      MM       13
DAYS >= .50         1                MM      MM        0
DAYS >= 1.00        0                MM      MM        0

SNOWFALL (INCHES)
RECORDS
 TOTAL           79.0   1969
 24 HR TOTAL       MM
TOTALS           33.8                MM      MM     62.7
SINCE 7/1        68.9                MM      MM     72.5
DAYS >= TRACE      60                MM      MM       69
DAYS >= 1.0        11                MM      MM       22
GREATEST
 SNOW DEPTH        17   02/28                         28  02/21
                        02/26
                        02/27
 24 HR TOTAL      7.2   12/27

DEGREE_DAYS
HEATING TOTAL    4820              4488     332     5395
 SINCE 7/1       7341              6622     719     7629
COOLING TOTAL       0                 0       0        0
 SINCE 1/1          0                 0       0        0

FREEZE DATES
RECORD
 EARLIEST     08/27/1915
 LATEST       07/30/1928
EARLIEST                        09/23
LATEST                          05/20
.................................................................

WIND (MPH)
AVERAGE WIND SPEED              7.5
RESULTANT WIND SPEED/DIRECTION   3/260
HIGHEST WIND SPEED/DIRECTION    29/270    DATE  02/24
HIGHEST GUST SPEED/DIRECTION    38/260    DATE  02/24

SKY COVER
POSSIBLE SUNSHINE (PERCENT)   MM
AVERAGE SKY COVER           0.70
NUMBER OF DAYS FAIR           18
NUMBER OF DAYS PC             29
NUMBER OF DAYS CLOUDY         43

AVERAGE RH (PERCENT)     77

WEATHER CONDITIONS. NUMBER OF DAYS WITH
THUNDERSTORM              0     MIXED PRECIP               0
HEAVY RAIN                0     RAIN                       0
LIGHT RAIN                4     FREEZING RAIN              0
LT FREEZING RAIN          4     HAIL                       0
HEAVY SNOW                5     SNOW                      10
LIGHT SNOW               55     SLEET                      0
FOG                      60     FOG W/VIS <= 1/4 MILE     11
HAZE                     42

-  INDICATES NEGATIVE NUMBERS.
R  INDICATES RECORD WAS SET OR TIED.
MM INDICATES DATA IS MISSING.
T  INDICATES TRACE AMOUNT.

$$
ECKBERG
