000
CXUS53 KEAX 031534
CLSSTJ

CLIMATE REPORT
NATIONAL WEATHER SERVICE KANSAS CITY/PLEASANT HILL MO
1030 AM CDT FRI JUN 3 2016

...................................

...THE ST. JOSEPH MO CLIMATE SUMMARY FOR THE SEASON, FROM
3/1/2016 TO 5/31/2016...

CLIMATE NORMAL PERIOD 1981 TO 2010
CLIMATE RECORD PERIOD 1892 TO 2016

WEATHER         OBSERVED          NORMAL  DEPART  LAST YEAR`S
                 VALUE   DATE(S)  VALUE   FROM    VALUE  DATE(S)
                                          NORMAL
................................................................
TEMPERATURE (F)
RECORD
 HIGH             103   05/30/1934
 LOW              -13   03/04/1978
HIGHEST            87   05/30        90      -3       85  05/03
                        05/07                             04/07
                        05/29                             03/16
LOWEST             16   03/02        14       2        3  03/05
AVG. MAXIMUM     67.9              65.2     2.7     66.8
AVG. MINIMUM     43.9              42.4     1.5     42.7
MEAN             55.9              53.8     2.1     54.7
DAYS MAX >= 90      0               2.0    -2.0        0
DAYS MAX <= 32      0               1.1    -1.1        2
DAYS MIN <= 32     20              21.5    -1.5       20
DAYS MIN <= 0       0               0.0     0.0        0

PRECIPITATION (INCHES)
RECORD
 MAXIMUM        19.06   1944
 MINIMUM         2.67   1966
TOTALS          13.22             11.46    1.76    13.94
DAILY AVG.       0.14              0.12    0.02     0.15
DAYS >= .01        36              28.8     7.2       37
DAYS >= .10        20              18.2     1.8       24
DAYS >= .50         8               7.2     0.8       10
DAYS >= 1.00        3               2.6     0.4        4
GREATEST
 24 HR. TOTAL    3.53   MM

DEGREE_DAYS
HEATING TOTAL     901              1142    -241      976
COOLING TOTAL      83               112     -29       68
.................................................................

WIND (MPH)
AVERAGE WIND SPEED              10.0
HIGHEST WIND SPEED/DIRECTION    47/310    DATE  04/26
HIGHEST GUST SPEED/DIRECTION    59/250    DATE  05/26

SKY COVER
POSSIBLE SUNSHINE (PERCENT)   MM
AVERAGE SKY COVER           0.40
NUMBER OF DAYS FAIR           44
NUMBER OF DAYS PC             34
NUMBER OF DAYS CLOUDY         14

AVERAGE RH (PERCENT)     65

WEATHER CONDITIONS. NUMBER OF DAYS WITH
THUNDERSTORM             19     MIXED PRECIP               0
HEAVY RAIN               12     RAIN                      21
LIGHT RAIN               48     FREEZING RAIN              0
LT FREEZING RAIN          0     HAIL                       0
HEAVY SNOW                0     SNOW                       0
LIGHT SNOW                2     SLEET                      0
FOG                      43     FOG W/VIS <= 1/4 MILE      8
HAZE                      6

-  INDICATES NEGATIVE NUMBERS.
R  INDICATES RECORD WAS SET OR TIED.
MM INDICATES DATA IS MISSING.
T  INDICATES TRACE AMOUNT.

$$
