000
CXUS51 KCLE 070336
CLSTOL


CLIMATE REPORT
NATIONAL WEATHER SERVICE CLEVELAND OH
1132 PM EDT MON JUL 6 2015

...................................

...THE TOLEDO OH CLIMATE SUMMARY FOR THE SEASON, FROM
3/1/2015 TO 5/31/2015...

CLIMATE NORMAL PERIOD 1981 TO 2010
CLIMATE RECORD PERIOD 1873 TO 2015

WEATHER         OBSERVED          NORMAL  DEPART
                 VALUE   DATE(S)  VALUE   FROM
                                          NORMAL
................................................
TEMPERATURE (F)
RECORD
 HIGH              96   05/28/2012
 LOW              -10   03/12/1948
HIGHEST            88   05/08
LOWEST             -5   03/06
AVG. MAXIMUM     59.1              59.3    -0.2
AVG. MINIMUM     37.5              38.5    -1.0
MEAN             48.3              48.9    -0.6
DAYS MAX >= 90      0               0.8
DAYS MAX <= 32      5               3.5
DAYS MIN <= 32     34              27.2
DAYS MIN <= 0       1               0.0

PRECIPITATION (INCHES)
RECORD
 MAXIMUM        17.75   1913
 MINIMUM         4.11   1981
TOTALS           8.28              9.25   -0.97
DAYS >= .01        33              35.8
DAYS >= .10        17              20.8
DAYS >= .50         5               5.5
DAYS >= 1.00        1               1.6

SNOWFALL (INCHES)
RECORDS
 TOTAL           20.9   1916
TOTALS            5.4               7.1
DAYS >= TRACE       6
DAYS >= 1.0         2               2.1

DEGREE_DAYS
HEATING TOTAL    1605              1534      71
COOLING TOTAL      93                53      40
.................................................

WIND (MPH)
HIGHEST GUST SPEED/DIRECTION    52/250    DATE  04/21

SKY COVER
POSSIBLE SUNSHINE (PERCENT)   MM
NUMBER OF DAYS FAIR           43
NUMBER OF DAYS PC             32
NUMBER OF DAYS CLOUDY         17


WEATHER CONDITIONS. NUMBER OF DAYS WITH
THUNDERSTORM              0     MIXED PRECIP               0
HEAVY RAIN               11     RAIN                      18
LIGHT RAIN               39     FREEZING RAIN              0
LT FREEZING RAIN          1     HAIL                       0
HEAVY SNOW                0     SNOW                       2
LIGHT SNOW                6     SLEET                      1
FOG                      51     FOG W/VIS <= 1/4 MILE     11
HAZE                     24

-  INDICATES NEGATIVE NUMBERS.
R  INDICATES RECORD WAS SET OR TIED.
MM INDICATES DATA IS MISSING.
T  INDICATES TRACE AMOUNT.

$$
