000
CXUS54 KHGX 020623
CF611R
PRELIMINARY LOCAL CLIMATOLOGICAL DATA (WS FORM: F-6)
STATION: BRENHAM
MONTH: JANUARY
YEAR: 2022
LATITUDE: 30 13 N
LONGITUDE: 96 22 W
TEMPERATURE IN F: :PCPN: SNOW: WIND :SUNSHINE: SKY :PK WND
================================================================================
1 2 3 4 5 6A 6B 7 8 9 10 11 12 13 14 15 16 17 18
12Z AVG MX 2MIN
DY MAX MIN AVG DEP HDD CDD WTR SNW DPTH SPD SPD DIR MIN PSBL S-S WX SPD DR
================================================================================
1 84 43 64 M 1 0 M 0.0 0 11.2 24 360 M M 6 31 170
2 44 27 36 M 29 0 0.06 0.0 0 17.7 30 340 M M 3 37 340
3 53 26 40 M 25 0 0.00 0.0 0 0.2 5 350 M M 0 M M
4 67 32 50 M 15 0 0.00 0.0 0 4.9 14 220 M M 0 24 220
5 77 49 63 M 2 0 0.00 0.0 0 3.1 12 240 M M 1 16 230
6 60 36 48 M 17 0 M M M 8.3 23 330 M M 4 28 330
7 51 30 41 M 24 0 M M 0 4.4 9 350 M M 7 M M
8 77 51 64 M 1 0 0.29 0.0 M 5.5 14 200 M M 10 13 18 210
9 71 53 62 M 3 0 M 0.0 M 10.9 22 350 M M 8 1 31 350
10 60 43 52 M 13 0 0.00 0.0 0 8.9 15 360 M M 2 23 360
11 55 38 47 M 18 0 M M M 0.8 7 360 M M 4 M M
12 63 45 54 M 11 0 M M M 0.3 3 210 M M 6 M M
13 74 40 57 M 8 0 0.00 0.0 0 1.5 7 300 M M 0 M M
14 77 39 58 M 7 0 0.00 0.0 0 4.8 16 200 M M 0 20 180
15 62 37 50 M 15 0 M 0.0 0 18.6 32 320 M M 2 45 330
16 58 33 46 M 19 0 0.00 0.0 0 5.8 14 310 M M 0 20 320
17 70 29 50 M 15 0 0.00 0.0 0 1.8 6 180 M M 0 8 M M
18 75 42 59 M 6 0 0.00 0.0 0 7.0 21 190 M M 2 1 28 200
19 79 49 64 M 1 0 M 0.0 0 6.8 22 360 M M 6 1 31 0
20 49 33 41 M 24 0 M M M 17.5 23 350 M M 10 31 360
21 50 30 40 M 25 0 M 0.0 0 7.8 16 350 M M 1 22 350
22 55 27 41 M 24 0 0.00 0.0 0 2.0 9 30 M M 0 M M
23 60 33 47 M 18 0 0.00 0.0 0 1.2 6 220 M M 10 M M
24 53 44 49 M 16 0 M 0.0 0 0.7 6 350 M M 10 12 M M
25 56 47 52 M 13 0 0.00 0.0 0 2.8 8 360 M M 9 12 M M
26 55 38 47 M 18 0 0.00 0.0 0 1.8 7 40 M M 5 M M
27 62 39 51 M 14 0 0.00 0.0 0 2.0 6 20 M M 6 M M
28 60 35 48 M 17 0 0.00 0.0 0 10.4 18 360 M M 2 28 10
29 66 30 48 M 17 0 0.00 0.0 0 2.6 8 260 M M 0 M M
30 70 41 56 M 9 0 0.00 0.0 0 5.2 14 220 M M 0 17 230
31 60 50 55 M 10 0 M 0.0 0 6.3 18 100 M M 10 3 25 110
================================================================================
SM 1953 1189 435 0 0.35 0.0 182.7 M 124
================================================================================
AV 63.0 38.4 5.9 FASTST M M 4 MAX(MPH)
MISC ----> 32 320 45 330
================================================================================
NOTES:
# LAST OF SEVERAL OCCURRENCES
COLUMN 17 PEAK WIND IN M.P.H.
PRELIMINARY LOCAL CLIMATOLOGICAL DATA (WS FORM: F-6) , PAGE 2
STATION: BRENHAM
MONTH: JANUARY
YEAR: 2022
LATITUDE: 30 13 N
LONGITUDE: 96 22 W
[TEMPERATURE DATA] [PRECIPITATION DATA] SYMBOLS USED IN COLUMN 16
AVERAGE MONTHLY: 50.7 TOTAL FOR MONTH: 0.35 1 = FOG OR MIST
DPTR FM NORMAL: -1.7 DPTR FM NORMAL: -2.67 2 = FOG REDUCING VISIBILITY
HIGHEST: 84 ON 1 GRTST 24HR 1.00 ON 8- 8 TO 1/4 MILE OR LESS
LOWEST: 26 ON 3 3 = THUNDER
SNOW, ICE PELLETS, HAIL 4 = ICE PELLETS
TOTAL MONTH: 0.0 INCH 5 = HAIL
GRTST 24HR 0.0 6 = FREEZING RAIN OR DRIZZLE
GRTST DEPTH: 0 7 = DUSTSTORM OR SANDSTORM:
VSBY 1/2 MILE OR LESS
8 = SMOKE OR HAZE
[NO. OF DAYS WITH] [WEATHER - DAYS WITH] 9 = BLOWING SNOW
X = TORNADO
MAX 32 OR BELOW: 0 0.01 INCH OR MORE: 2
MAX 90 OR ABOVE: 0 0.10 INCH OR MORE: 1
MIN 32 OR BELOW: 8 0.50 INCH OR MORE: 0
MIN 0 OR BELOW: 0 1.00 INCH OR MORE: 0
[HDD (BASE 65) ]
TOTAL THIS MO. 435 CLEAR (SCALE 0-3) 15
DPTR FM NORMAL M PTCLDY (SCALE 4-7) 9
TOTAL FM JUL 1 715 CLOUDY (SCALE 8-10) 7
DPTR FM NORMAL M
[CDD (BASE 65) ]
TOTAL THIS MO. 0
DPTR FM NORMAL M [PRESSURE DATA]
TOTAL FM JAN 1 0 HIGHEST SLP M ON M
DPTR FM NORMAL M LOWEST SLP M ON M
[REMARKS]
#FINAL-01-22#