257
CXUS55 KBOU 011511
CF620V
PRELIMINARY LOCAL CLIMATOLOGICAL DATA (WS FORM: F-6)
STATION: KREMMLING
MONTH: JUNE
YEAR: 2020
LATITUDE: 40 3 N
LONGITUDE: 106 22 W
TEMPERATURE IN F: :PCPN: SNOW: WIND :SUNSHINE: SKY :PK WND
================================================================================
1 2 3 4 5 6A 6B 7 8 9 10 11 12 13 14 15 16 17 18
12Z AVG MX 2MIN
DY MAX MIN AVG DEP HDD CDD WTR SNW DPTH SPD SPD DIR MIN PSBL S-S WX SPD DR
================================================================================
1 82 45 64 M 1 0 M M M 3.7 12 220 M M 2 20 220
2 81 48 65 M 0 0 M M M 3.2 15 350 M M 1 24 350
3 79 36 58 M 7 0 M M M 4.6 15 230 M M 3 3 32 290
4 77 39 58 M 7 0 M M M 6.4 32 260 M M 2 3 62 260
5 88 41 65 M 0 0 M M M 6.8 18 260 M M 1 29 240
6 70 41 56 M 9 0 M M M 8.7 28 260 M M 4 3 36 260
7 75 34 55 M 10 0 M M M 10.4 20 250 M M 0 29 230
8 70 34 52 M 13 0 M M M 7.1 25 350 M M 4 3 30 350
9 54 36 45 M 20 0 M M M 7.3 15 270 M M 8 27 270
10 68 41 55 M 10 0 M M M 4.2 13 240 M M 8 20 240
11 75 32 54 M 11 0 M M M 2.8 10 210 M M 1 16 180
12 82 39 61 M 4 0 M M M 5.7 28 160 M M 1 33 160
13 81 43 62 M 3 0 M M M 5.4 31 220 M M 2 51 170
14 79 41 60 M 5 0 M M M 9.8 23 230 M M 0 37 230
15 81 34 58 M 7 0 M M M 4.6 16 220 M M 0 24 220
16 82 36 59 M 6 0 M M M 8.6 25 250 M M 1 35 250
17 79 37 58 M 7 0 M M M 11.1 22 230 M M 0 38 230
18 75 39 57 M 8 0 M M M 4.9 14 110 M M 4 35 260
19 68 39 54 M 11 0 M M M 5.9 14 320 M M 5 3 22 10
20 75 30 53 M 12 0 M M M 4.7 14 320 M M 1 29 320
21 79 37 58 M 7 0 M M M 4.2 20 220 M M 4 3 30 220
22 79 37 58 M 7 0 M M M 4.3 15 350 M M 1 23 360
23 82 37 60 M 5 0 M M M 3.1 12 60 M M 2 20 60
24 86 39 63 M 2 0 M M M 2.7 13 130 M M 1 3 M M
25 81 41 61 M 4 0 M M M 2.4 15 300 M M 2 3 38 300
26 81 41 61 M 4 0 M M M 4.0 16 350 M M 2 3 29 230
27 77 37 57 M 8 0 M M M 3.7 16 340 M M 2 25 230
28 81 41 61 M 4 0 M M M 7.3 21 220 M M 1 3 29 280
29 82 37 60 M 5 0 M M M 6.0 17 240 M M 2 27 240
30 68 41 55 M 10 0 0.01 M 0 9.2 22 260 M M 3 32 260
================================================================================
SM 2317 1153 207 0 0.01 M 172.8 M 68
================================================================================
AV 77.2 38.4 5.8 FASTST M M 2 MAX(MPH)
MISC ----> # 32 260 # 62 260
================================================================================
NOTES:
# LAST OF SEVERAL OCCURRENCES
COLUMN 17 PEAK WIND IN M.P.H.
PRELIMINARY LOCAL CLIMATOLOGICAL DATA (WS FORM: F-6) , PAGE 2
STATION: KREMMLING
MONTH: JUNE
YEAR: 2020
LATITUDE: 40 3 N
LONGITUDE: 106 22 W
[TEMPERATURE DATA] [PRECIPITATION DATA] SYMBOLS USED IN COLUMN 16
AVERAGE MONTHLY: 57.8 TOTAL FOR MONTH: 0.01 1 = FOG OR MIST
DPTR FM NORMAL: M DPTR FM NORMAL: M 2 = FOG REDUCING VISIBILITY
HIGHEST: 88 ON 5 GRTST 24HR 0.01 ON 30-30 TO 1/4 MILE OR LESS
LOWEST: 30 ON 20 3 = THUNDER
SNOW, ICE PELLETS, HAIL 4 = ICE PELLETS
TOTAL MONTH: M 5 = HAIL
GRTST 24HR M ON M 6 = FREEZING RAIN OR DRIZZLE
GRTST DEPTH: 0 7 = DUSTSTORM OR SANDSTORM:
VSBY 1/2 MILE OR LESS
8 = SMOKE OR HAZE
[NO. OF DAYS WITH] [WEATHER - DAYS WITH] 9 = BLOWING SNOW
X = TORNADO
MAX 32 OR BELOW: 0 0.01 INCH OR MORE: 1
MAX 90 OR ABOVE: 0 0.10 INCH OR MORE: 0
MIN 32 OR BELOW: 2 0.50 INCH OR MORE: 0
MIN 0 OR BELOW: 0 1.00 INCH OR MORE: 0
[HDD (BASE 65) ]
TOTAL THIS MO. 207 CLEAR (SCALE 0-3) 23
DPTR FM NORMAL M PTCLDY (SCALE 4-7) 5
TOTAL FM JUL 1 9273 CLOUDY (SCALE 8-10) 2
DPTR FM NORMAL M
[CDD (BASE 65) ]
TOTAL THIS MO. 0
DPTR FM NORMAL M [PRESSURE DATA]
TOTAL FM JAN 1 0 HIGHEST SLP M ON M
DPTR FM NORMAL M LOWEST SLP M ON M
[REMARKS]
#FINAL-06-20#