000
CXUS55 KBOU 011000
CF633V
PRELIMINARY LOCAL CLIMATOLOGICAL DATA (WS FORM: F-6)
STATION: WALDEN
MONTH: NOVEMBER
YEAR: 2022
LATITUDE: 40 45 N
LONGITUDE: 106 16 W
TEMPERATURE IN F: :PCPN: SNOW: WIND :SUNSHINE: SKY :PK WND
================================================================================
1 2 3 4 5 6A 6B 7 8 9 10 11 12 13 14 15 16 17 18
12Z AVG MX 2MIN
DY MAX MIN AVG DEP HDD CDD WTR SNW DPTH SPD SPD DIR MIN PSBL S-S WX SPD DR
================================================================================
1 54 18 36 M 29 0 0.00 M M 8.7 16 190 M M 0 23 190
2 52 25 39 M 26 0 0.00 M M 13.9 30 200 M M 0 40 210
3 37 18 28 M 37 0 0.00 M M 9.4 23 200 M M 9 26 200
4 25 5 15 M 50 0 0.00 M M 10.0 20 210 M M 6 28 220
5 36 23 30 M 35 0 0.00 M M 18.6 32 230 M M 9 41 240
6 32 23 28 M 37 0 0.00 M M 5.1 10 130 M M 10 18 260
7 52 28 40 M 25 0 0.00 M M 13.4 27 210 M M 2 35 200
8 54 27 41 M 24 0 0.00 M M 13.3 24 210 M M 0 37 190
9 54 19 37 M 28 0 0.00 M M 13.6 25 210 M M 4 37 210
10 27 9 18 M 47 0 0.00 M M 11.4 23 210 M M 7 30 210
11 27 5 16 M 49 0 0.00 M M 6.3 10 220 M M 1 20 210
12 37 1 19 M 46 0 0.00 M M 5.7 9 140 M M 0 M M
13 37 10 24 M 41 0 0.00 M M 7.7 17 340 M M 4 23 320
14 27 5 16 M 49 0 0.00 M M 6.2 17 350 M M 6 22 350
15 19 3 11 M 54 0 0.00 M M 7.9 14 340 M M 7 20 340
16 25 1 13 M 52 0 0.00 M M 5.5 13 200 M M 8 17 180
17 25 7 16 M 49 0 0.00 M M 12.7 20 350 M M 10 21 350
18 18 -8 5 M 60 0 0.00 M M 5.5 15 330 M M 2 M M
19 27 -13 7 M 58 0 0.00 M M 4.7 9 130 M M 1 M M
20 34 -2 16 M 49 0 0.00 M M 7.9 12 190 M M 0 17 200
21 37 0 19 M 46 0 0.00 M M 6.3 9 160 M M 0 M M
22 39 3 21 M 44 0 0.00 M M 6.5 14 220 M M 0 M M
23 32 9 21 M 44 0 0.00 M M 9.3 16 240 M M 5 23 230
24 30 5 18 M 47 0 0.00 M M 8.1 16 340 M M 6 21 340
25 36 1 19 M 46 0 0.00 M M 3.5 9 140 M M 0 M M
26 41 3 22 M 43 0 0.00 M M 5.9 23 350 M M 4 25 350
27 30 19 25 M 40 0 0.00 M M 12.0 28 220 M M 6 33 220
28 30 16 23 M 42 0 0.00 M M 15.5 23 210 M M 9 31 210
29 16 3 10 M 55 0 0.00 M M 7.9 24 260 M M 6 29 260
30 32 10 21 M 44 0 0.00 M M 12.1 20 140 M M 3 28 200
================================================================================
SM 1022 273 1296 0 0.00 M 274.6 M 125
================================================================================
AV 34.1 9.1 9.2 FASTST M M 4 MAX(MPH)
MISC ----> 32 230 41 240
================================================================================
NOTES:
# LAST OF SEVERAL OCCURRENCES
COLUMN 17 PEAK WIND IN M.P.H.
PRELIMINARY LOCAL CLIMATOLOGICAL DATA (WS FORM: F-6) , PAGE 2
STATION: WALDEN
MONTH: NOVEMBER
YEAR: 2022
LATITUDE: 40 45 N
LONGITUDE: 106 16 W
[TEMPERATURE DATA] [PRECIPITATION DATA] SYMBOLS USED IN COLUMN 16
AVERAGE MONTHLY: 21.6 TOTAL FOR MONTH: 0.00 1 = FOG OR MIST
DPTR FM NORMAL: 0.0 DPTR FM NORMAL: M 2 = FOG REDUCING VISIBILITY
HIGHEST: 54 ON 9, 8 GRTST 24HR 0.00 ON 1- 1 TO 1/4 MILE OR LESS
LOWEST: -13 ON 19 3 = THUNDER
SNOW, ICE PELLETS, HAIL 4 = ICE PELLETS
TOTAL MONTH: M 5 = HAIL
GRTST 24HR M ON M 6 = FREEZING RAIN OR DRIZZLE
GRTST DEPTH: M ON M 7 = DUSTSTORM OR SANDSTORM:
VSBY 1/2 MILE OR LESS
8 = SMOKE OR HAZE
[NO. OF DAYS WITH] [WEATHER - DAYS WITH] 9 = BLOWING SNOW
X = TORNADO
MAX 32 OR BELOW: 16 0.01 INCH OR MORE: 0
MAX 90 OR ABOVE: 0 0.10 INCH OR MORE: 0
MIN 32 OR BELOW: 30 0.50 INCH OR MORE: 0
MIN 0 OR BELOW: 4 1.00 INCH OR MORE: 0
[HDD (BASE 65) ]
TOTAL THIS MO. 1296 CLEAR (SCALE 0-3) 12
DPTR FM NORMAL M PTCLDY (SCALE 4-7) 13
TOTAL FM JUL 1 2832 CLOUDY (SCALE 8-10) 5
DPTR FM NORMAL M
[CDD (BASE 65) ]
TOTAL THIS MO. 0
DPTR FM NORMAL M [PRESSURE DATA]
TOTAL FM JAN 1 6 HIGHEST SLP M ON M
DPTR FM NORMAL M LOWEST SLP M ON M
[REMARKS]
#FINAL-11-22#