000
CXUS54 KMAF 011210
CF66R6
PRELIMINARY LOCAL CLIMATOLOGICAL DATA (WS FORM: F-6)
STATION: TERRELL COUNTY AIRPORT
MONTH: DECEMBER
YEAR: 2021
LATITUDE: 30 2 N
LONGITUDE: 102 13 W
TEMPERATURE IN F: :PCPN: SNOW: WIND :SUNSHINE: SKY :PK WND
================================================================================
1 2 3 4 5 6A 6B 7 8 9 10 11 12 13 14 15 16 17 18
12Z AVG MX 2MIN
DY MAX MIN AVG DEP HDD CDD WTR SNW DPTH SPD SPD DIR MIN PSBL S-S WX SPD DR
================================================================================
1 80 49 65 12 0 0 0.00 M M 4.7 10 20 M M 0 13 10
2 83 49 66 13 0 1 0.00 M M 6.7 14 200 M M 0 17 200
3 85 49 67 15 0 2 0.00 M M 7.5 23 230 M M 0 28 230
4 79 52 66 14 0 1 0.00 M M 8.1 15 320 M M 0 21 340
5 73 53 63 11 2 0 0.00 M M 5.2 9 140 M M 0 12 170
6 64 37 51 -1 14 0 0.00 M M 11.4 33 360 M M 0 47 360
7 71 32 52 1 13 0 0.00 M M 4.4 13 170 M M 0 17 190
8 79 39 59 8 6 0 0.00 M M 4.4 10 140 M M 0 13 150
9 79 48 64 13 1 0 0.00 M M 4.6 13 150 M M 0 15 150
10 84 49 67 16 0 2 0.00 M M 11.2 32 240 M M 0 43 240
11 66 35 51 1 14 0 0.00 M M 8.8 24 360 M M 0 33 10
12 63 32 48 -2 17 0 0.00 M M 5.1 12 120 M M 0 13 120
13 70 35 53 3 12 0 0.00 M M 5.8 12 120 M M 0 14 130
14 71 44 58 8 7 0 0.00 M M 6.9 13 140 M M 0 17 130
15 78 52 65 15 0 0 0.00 M M 6.6 13 130 M M 0 16 140
16 76 53 65 15 0 0 0.00 M M 7.6 16 30 M M 0 20 20
17 74 54 64 14 1 0 0.00 M M 4.4 10 150 M M 0 14 140
18 64 44 54 5 11 0 0.01 M M 12.1 35 350 M M 0 45 350
19 45 36 41 -8 24 0 0.23 M M 5.0 12 70 M M 0 16 20
20 66 35 51 2 14 0 0.00 M M 12.5 24 250 M M 0 30 240
21 73 36 55 6 10 0 0.00 M M 9.6 22 230 M M 0 26 230
22 78 52 65 16 0 0 0.00 M M 10.2 18 250 M M 0 23 250
23 80 43 62 13 3 0 0.00 M M 6.9 16 220 M M 0 20 220
24 78 45 62 13 3 0 0.00 M M 4.8 10 10 M M 0 14 150
25 88 52 70 21 0 5 0.00 M M 7.8 20 260 M M 0 25 280
26 89 48 69 20 0 4 0.00 M M 7.5 21 230 M M 0 28 220
27 81 50 66 18 0 1 0.00 M M 5.7 12 140 M M 0 14 130
28 77 46 62 14 3 0 0.00 M M 5.9 13 150 M M 0 15 160
29 79 54 67 19 0 2 0.00 M M 7.0 23 240 M M 0 29 250
30 79 49 64 16 1 0 0.00 M M 6.6 18 220 M M 0 24 220
31 77 53 65 17 0 0 0.00 M M 7.0 29 340 M M 0 35 320
================================================================================
SM 2329 1405 156 18 0.24 M 222.0 M 0
================================================================================
AV 75.1 45.3 7.2 FASTST M M 0 MAX(MPH)
MISC ----> 35 350 47 360
================================================================================
NOTES:
# LAST OF SEVERAL OCCURRENCES
COLUMN 17 PEAK WIND IN M.P.H.
PRELIMINARY LOCAL CLIMATOLOGICAL DATA (WS FORM: F-6) , PAGE 2
STATION: TERRELL COUNTY AIRPORT
MONTH: DECEMBER
YEAR: 2021
LATITUDE: 30 2 N
LONGITUDE: 102 13 W
[TEMPERATURE DATA] [PRECIPITATION DATA] SYMBOLS USED IN COLUMN 16
AVERAGE MONTHLY: 60.2 TOTAL FOR MONTH: 0.24 1 = FOG OR MIST
DPTR FM NORMAL: 10.2 DPTR FM NORMAL: -0.18 2 = FOG REDUCING VISIBILITY
HIGHEST: 89 ON 26 GRTST 24HR 0.24 ON 18-19 TO 1/4 MILE OR LESS
LOWEST: 32 ON 12, 7 3 = THUNDER
SNOW, ICE PELLETS, HAIL 4 = ICE PELLETS
TOTAL MONTH: M 5 = HAIL
GRTST 24HR M ON M 6 = FREEZING RAIN OR DRIZZLE
GRTST DEPTH: M ON M 7 = DUSTSTORM OR SANDSTORM:
VSBY 1/2 MILE OR LESS
8 = SMOKE OR HAZE
[NO. OF DAYS WITH] [WEATHER - DAYS WITH] 9 = BLOWING SNOW
X = TORNADO
MAX 32 OR BELOW: 0 0.01 INCH OR MORE: 2
MAX 90 OR ABOVE: 0 0.10 INCH OR MORE: 1
MIN 32 OR BELOW: 2 0.50 INCH OR MORE: 0
MIN 0 OR BELOW: 0 1.00 INCH OR MORE: 0
[HDD (BASE 65) ]
TOTAL THIS MO. 156 CLEAR (SCALE 0-3) 31
DPTR FM NORMAL -311 PTCLDY (SCALE 4-7) 0
TOTAL FM JUL 1 317 CLOUDY (SCALE 8-10) 0
DPTR FM NORMAL -429
[CDD (BASE 65) ]
TOTAL THIS MO. 18
DPTR FM NORMAL 16 [PRESSURE DATA]
TOTAL FM JAN 1 2920 HIGHEST SLP 30.38 ON 19
DPTR FM NORMAL -13 LOWEST SLP 29.59 ON 31
[REMARKS]
#FINAL-12-21#