000
CXUS53 KABR 011436
CF68D3
PRELIMINARY LOCAL CLIMATOLOGICAL DATA (WS FORM: F-6)
STATION: SISSETON SD
MONTH: NOVEMBER
YEAR: 2022
LATITUDE: 45 40 N
LONGITUDE: 96 59 W
TEMPERATURE IN F: :PCPN: SNOW: WIND :SUNSHINE: SKY :PK WND
================================================================================
1 2 3 4 5 6A 6B 7 8 9 10 11 12 13 14 15 16 17 18
12Z AVG MX 2MIN
DY MAX MIN AVG DEP HDD CDD WTR SNW DPTH SPD SPD DIR MIN PSBL S-S WX SPD DR
================================================================================
1 74 36 55 16 10 0 0.00 0.0 0 8.3 18 140 M M 0 23 190
2 73 60 67 29 0 2 0.00 0.0 0 19.4 31 180 M M 0 42 200
3 65 36 51 13 14 0 0.03 T 0 17.1 26 320 M M 0 33 320
4 44 19 32 -6 33 0 0.00 0.0 0 8.0 24 330 M M 0 33 340
5 50 14 32 -5 33 0 0.00 0.0 0 6.6 20 220 M M 0 26 220
6 51 29 40 4 25 0 0.00 0.0 0 23.7 45 290 M M 0 63 280
7 33 16 25 -11 40 0 T T 0 10.3 22 140 M M 0 28 310
8 45 33 39 3 26 0 0.00 0.0 0 15.1 31 160 M M 0 43 140
9 43 36 40 5 25 0 0.27 0.0 0 13.9 28 350 M M 0 35 10
10 37 24 31 -4 34 0 0.73 T 0 20.2 30 290 M M 0 39 300
11 25 21 23 -11 42 0 T T 0 23.5 31 310 M M 0 41 300
12 22 19 21 -13 44 0 T T T 9.8 21 320 M M 0 26 320
13 26 18 22 -11 43 0 0.02 0.2 T 10.0 20 130 M M 0 24 150
14 28 23 26 -7 39 0 0.05 1.1 1 5.0 9 320 M M 0 11 320
15 27 23 25 -7 40 0 0.05 0.2 1 15.2 25 330 M M 0 33 330
16 31 14 23 -9 42 0 0.01 0.2 1 16.8 28 320 M M 0 36 320
17 30 16 23 -8 42 0 0.03 0.5 2 21.6 31 310 M M 0 38 310
18 25 8 17 -14 48 0 0.01 0.2 2 20.8 32 250 M M 0 45 230
19 23 11 17 -13 48 0 0.00 0.0 2 16.8 30 330 M M 0 42 330
20 32 21 27 -3 38 0 0.00 0.0 2 11.9 24 290 M M 0 33 280
21 33 22 28 -1 37 0 0.00 0.0 1 10.1 21 290 M M 0 29 300
22 42 19 31 2 34 0 0.00 0.0 0 7.3 15 280 M M 0 19 280
23 50 25 38 10 27 0 0.00 0.0 0 7.7 15 130 M M 0 20 140
24 45 28 37 9 28 0 0.00 0.0 0 14.2 21 320 M M 0 28 320
25 56 36 46 19 19 0 0.00 0.0 0 14.3 29 240 M M 0 46 230
26 61 32 47 20 18 0 0.00 0.0 0 14.1 28 240 M M 0 43 240
27 41 24 33 7 32 0 0.00 0.0 0 6.8 15 320 M M 0 18 320
28 43 25 34 8 31 0 0.00 0.0 0 12.2 26 320 M M 0 35 320
29 29 21 25 -1 40 0 T T 0 19.1 31 300 M M 0 40 300
30 22 6 14 -11 51 0 T T 0 16.5 31 310 M M 0 41 300
================================================================================
SM 1206 715 983 2 1.20 2.4 416.3 M 0
================================================================================
AV 40.2 23.8 13.9 FASTST M M 0 MAX(MPH)
MISC ----> 45 290 63 280
================================================================================
NOTES:
# LAST OF SEVERAL OCCURRENCES
COLUMN 17 PEAK WIND IN M.P.H.
PRELIMINARY LOCAL CLIMATOLOGICAL DATA (WS FORM: F-6) , PAGE 2
STATION: SISSETON SD
MONTH: NOVEMBER
YEAR: 2022
LATITUDE: 45 40 N
LONGITUDE: 96 59 W
[TEMPERATURE DATA] [PRECIPITATION DATA] SYMBOLS USED IN COLUMN 16
AVERAGE MONTHLY: 32.0 TOTAL FOR MONTH: 1.20 1 = FOG OR MIST
DPTR FM NORMAL: 0.1 DPTR FM NORMAL: 0.56 2 = FOG REDUCING VISIBILITY
HIGHEST: 74 ON 1 GRTST 24HR 0.94 ON 9-10 TO 1/4 MILE OR LESS
LOWEST: 6 ON 30 3 = THUNDER
SNOW, ICE PELLETS, HAIL 4 = ICE PELLETS
TOTAL MONTH: 2.4 INCHES 5 = HAIL
GRTST 24HR 1.1 ON 14-14 6 = FREEZING RAIN OR DRIZZLE
GRTST DEPTH: 2 ON 20,19 7 = DUSTSTORM OR SANDSTORM:
VSBY 1/2 MILE OR LESS
8 = SMOKE OR HAZE
[NO. OF DAYS WITH] [WEATHER - DAYS WITH] 9 = BLOWING SNOW
X = TORNADO
MAX 32 OR BELOW: 12 0.01 INCH OR MORE: 9
MAX 90 OR ABOVE: 0 0.10 INCH OR MORE: 2
MIN 32 OR BELOW: 24 0.50 INCH OR MORE: 1
MIN 0 OR BELOW: 0 1.00 INCH OR MORE: 0
[HDD (BASE 65) ]
TOTAL THIS MO. 983 CLEAR (SCALE 0-3) 30
DPTR FM NORMAL -9 PTCLDY (SCALE 4-7) 0
TOTAL FM JUL 1 1537 CLOUDY (SCALE 8-10) 0
DPTR FM NORMAL -244
[CDD (BASE 65) ]
TOTAL THIS MO. 2
DPTR FM NORMAL 2 [PRESSURE DATA]
TOTAL FM JAN 1 924 HIGHEST SLP 30.66 ON 7
DPTR FM NORMAL 357 LOWEST SLP 29.34 ON 5
[REMARKS]
#FINAL-11-22#