000
CXUS53 KABR 011200
CF68D3
PRELIMINARY LOCAL CLIMATOLOGICAL DATA (WS FORM: F-6)
STATION: SISSETON SD
MONTH: NOVEMBER
YEAR: 2021
LATITUDE: 45 40 N
LONGITUDE: 96 59 W
TEMPERATURE IN F: :PCPN: SNOW: WIND :SUNSHINE: SKY :PK WND
================================================================================
1 2 3 4 5 6A 6B 7 8 9 10 11 12 13 14 15 16 17 18
12Z AVG MX 2MIN
DY MAX MIN AVG DEP HDD CDD WTR SNW DPTH SPD SPD DIR MIN PSBL S-S WX SPD DR
================================================================================
1 43 27 35 -4 30 0 0.00 0.0 0 9.5 17 320 M M 0 22 310
2 43 21 32 -6 33 0 0.00 0.0 0 4.0 14 260 M M 0 18 250
3 48 21 35 -3 30 0 0.00 0.0 0 4.7 12 140 M M 0 16 120
4 57 23 40 2 25 0 0.00 0.0 0 6.7 14 170 M M 0 18 160
5 61 35 48 11 17 0 0.00 0.0 0 12.1 24 250 M M 0 33 270
6 72 42 57 21 8 0 0.00 0.0 0 9.5 17 250 M M 0 24 270
7 61 39 50 14 15 0 0.00 0.0 0 4.6 14 330 M M 0 19 330
8 53 30 42 6 23 0 0.00 0.0 0 7.0 16 320 M M 0 21 320
9 58 30 44 9 21 0 0.00 0.0 0 6.2 15 250 M M 0 21 260
10 46 39 43 8 22 0 0.50 0.0 0 10.3 23 310 M M 0 30 310
11 43 31 37 3 28 0 0.03 0.1 0 21.5 36 320 M M 0 49 310
12 31 28 30 -4 35 0 0.07 0.9 1 27.2 39 330 M M 0 52 340
13 38 25 32 -1 33 0 0.09 0.2 1 16.8 47 310 M M 0 58 310
14 30 26 28 -5 37 0 0.00 0.0 1 9.6 29 330 M M 0 37 330
15 36 29 33 1 32 0 0.00 0.0 1 11.5 17 150 M M 0 21 160
16 48 34 41 9 24 0 0.00 0.0 T 12.6 28 150 M M 0 35 150
17 42 30 36 5 29 0 T T 0 24.3 38 290 M M 0 53 280
18 37 20 29 -2 36 0 0.00 0.0 0 14.6 32 310 M M 0 44 320
19 48 25 37 7 28 0 0.00 0.0 0 11.0 22 210 M M 0 29 220
20 44 27 36 6 29 0 T T 0 7.0 17 330 M M 0 21 340
21 40 20 30 1 35 0 0.00 0.0 0 17.7 38 320 M M 0 48 320
22 44 17 31 2 34 0 0.00 0.0 0 5.4 15 220 M M 0 20 240
23 58 26 42 14 23 0 0.00 0.0 0 9.2 21 230 M M 0 26 230
24 36 12 24 -4 41 0 0.00 0.0 0 20.7 33 350 M M 0 45 350
25 29 6 18 -9 47 0 0.00 0.0 0 8.9 20 330 M M 0 25 320
26 46 22 34 7 31 0 0.00 0.0 0 10.0 15 160 M M 0 20 160
27 48 26 37 11 28 0 T 0.0 0 14.5 26 330 M M 0 36 330
28 43 23 33 7 32 0 T 0.0 0 8.0 15 160 M M 0 19 160
29 56 32 44 18 21 0 0.00 0.0 0 12.6 30 330 M M 0 39 320
30 46 30 38 13 27 0 0.06 0.0 0 8.4 16 170 M M 0 21 170
================================================================================
SM 1385 796 854 0 0.75 1.2 346.1 M 0
================================================================================
AV 46.2 26.5 11.5 FASTST M M 0 MAX(MPH)
MISC ----> 47 310 58 310
================================================================================
NOTES:
# LAST OF SEVERAL OCCURRENCES
COLUMN 17 PEAK WIND IN M.P.H.
PRELIMINARY LOCAL CLIMATOLOGICAL DATA (WS FORM: F-6) , PAGE 2
STATION: SISSETON SD
MONTH: NOVEMBER
YEAR: 2021
LATITUDE: 45 40 N
LONGITUDE: 96 59 W
[TEMPERATURE DATA] [PRECIPITATION DATA] SYMBOLS USED IN COLUMN 16
AVERAGE MONTHLY: 36.4 TOTAL FOR MONTH: 0.75 1 = FOG OR MIST
DPTR FM NORMAL: 4.4 DPTR FM NORMAL: 0.11 2 = FOG REDUCING VISIBILITY
HIGHEST: 72 ON 6 GRTST 24HR 0.50 ON 10-10 TO 1/4 MILE OR LESS
LOWEST: 6 ON 25 3 = THUNDER
SNOW, ICE PELLETS, HAIL 4 = ICE PELLETS
TOTAL MONTH: 1.2 INCHES 5 = HAIL
GRTST 24HR 0.9 ON 12-12 6 = FREEZING RAIN OR DRIZZLE
GRTST DEPTH: 1 ON 14,15 7 = DUSTSTORM OR SANDSTORM:
VSBY 1/2 MILE OR LESS
8 = SMOKE OR HAZE
[NO. OF DAYS WITH] [WEATHER - DAYS WITH] 9 = BLOWING SNOW
X = TORNADO
MAX 32 OR BELOW: 3 0.01 INCH OR MORE: 5
MAX 90 OR ABOVE: 0 0.10 INCH OR MORE: 1
MIN 32 OR BELOW: 25 0.50 INCH OR MORE: 1
MIN 0 OR BELOW: 0 1.00 INCH OR MORE: 0
[HDD (BASE 65) ]
TOTAL THIS MO. 854 CLEAR (SCALE 0-3) 30
DPTR FM NORMAL -138 PTCLDY (SCALE 4-7) 0
TOTAL FM JUL 1 1316 CLOUDY (SCALE 8-10) 0
DPTR FM NORMAL -465
[CDD (BASE 65) ]
TOTAL THIS MO. 0
DPTR FM NORMAL 0 [PRESSURE DATA]
TOTAL FM JAN 1 898 HIGHEST SLP 30.61 ON 25
DPTR FM NORMAL 331 LOWEST SLP 29.42 ON 16
[REMARKS]
#FINAL-11-21#