000
CXUS52 KTAE 011335
CLMAAF
CLIMATE REPORT
NATIONAL WEATHER SERVICE TALLAHASSEE FL
935 AM EDT SAT JUL 01 2023
...................................
...THE APALACHICOLA CLIMATE SUMMARY FOR THE MONTH OF JUNE 2023...
CLIMATE NORMAL PERIOD 1991 TO 2020
CLIMATE RECORD PERIOD 1931 TO 2023
WEATHER OBSERVED NORMAL DEPART LAST YEAR`S
VALUE DATE(S) VALUE FROM VALUE DATE(S)
NORMAL
................................................................
TEMPERATURE (F)
RECORD
HIGH 100 06/23/2009
06/22/2009
06/21/2009
LOW 48 06/01/1984
HIGHEST 95 06/26 90 5 100 06/23
06/29
LOWEST 67 06/05 MM MM 68 06/03
AVG. MAXIMUM 88.2 88.5 -0.3 88.9
AVG. MINIMUM 72.6 72.8 -0.2 73.8
MEAN 80.4 80.7 -0.3 81.4
DAYS MAX >= 90 10 11.5 -1.5 12
DAYS MAX <= 32 0 0.0 0.0 0
DAYS MIN <= 32 0 0.0 0.0 0
DAYS MIN <= 0 0 0.0 0.0 0
PRECIPITATION (INCHES)
RECORD
MAXIMUM 21.60 2012
MINIMUM MM
TOTALS 7.31 5.86 1.45 4.81
DEGREE DAYS
HEATING TOTAL 0 0 0 0
SINCE 7/1 854 1224 -370 MM
COOLING TOTAL 469 469 0 499
SINCE 1/1 1143 948 195 MM
................................................................
WIND (MPH)
AVERAGE WIND SPEED 8.7
HIGHEST WIND SPEED/DIRECTION 43/260 DATE 06/22
HIGHEST GUST SPEED/DIRECTION 56/230 DATE 06/16
56/260 06/22
SKY COVER
POSSIBLE SUNSHINE (PERCENT) MM
AVERAGE SKY COVER 0.03
NUMBER OF DAYS FAIR 30
NUMBER OF DAYS PC 0
NUMBER OF DAYS CLOUDY 0
AVERAGE RH (PERCENT) 77
WEATHER CONDITIONS. NUMBER OF DAYS WITH
THUNDERSTORM 17 MIXED PRECIP 0
HEAVY RAIN 8 RAIN 7
LIGHT RAIN 14 FREEZING RAIN 0
LT FREEZING RAIN 0 HAIL 0
HEAVY SNOW 0 SNOW 0
LIGHT SNOW 0 SLEET 0
FOG 13 FOG W/VIS <= 1/4 MILE 2
HAZE 7
- INDICATES NEGATIVE NUMBERS.
R INDICATES RECORD WAS SET OR TIED.
MM INDICATES DATA IS MISSING.
T INDICATES TRACE AMOUNT.
$$