000
CXUS51 KPHI 010915
CF6ABE
PRELIMINARY LOCAL CLIMATOLOGICAL DATA (WS FORM: F-6)
STATION: ALLENTOWN PA
MONTH: NOVEMBER
YEAR: 2022
LATITUDE: 40 39 N
LONGITUDE: 75 26 W
TEMPERATURE IN F: :PCPN: SNOW: WIND :SUNSHINE: SKY :PK WND
================================================================================
1 2 3 4 5 6A 6B 7 8 9 10 11 12 13 14 15 16 17 18
12Z AVG MX 2MIN
DY MAX MIN AVG DEP HDD CDD WTR SNW DPTH SPD SPD DIR MIN PSBL S-S WX SPD DR
================================================================================
1 66 50 58 9 7 0 0.25 0.0 0 4.8 14 290 M M 7 1 18 300
2 70 43 57 8 8 0 0.00 0.0 0 4.1 14 340 M M 0 17 30
3 69 37 53 5 12 0 0.00 0.0 0 1.8 8 170 M M 0 14 160
4 71 38 55 7 10 0 0.00 0.0 0 3.5 12 190 M M 0 16 170
5 75 54 65 17 0 0 0.00 0.0 0 7.5 18 200 M M 7 1 25 210
6 71 66 69 22 0 4 0.11 0.0 0 9.4 18 200 M M 8 1 24 170
7 73 48 61 14 4 0 0.00 0.0 0 9.7 18 280 M M 3 23 280
8 58 37 48 2 17 0 0.00 0.0 0 9.2 22 10 M M 0 27 10
9 54 30 42 -4 23 0 0.00 0.0 0 3.4 12 80 M M 0 13 80
10 66 31 49 3 16 0 0.00 0.0 0 1.4 9 230 M M 1 12 210
11 70 50 60 14 5 0 0.54 0.0 0 7.7 18 180 M M 10 1 28 190
12 70 54 62 17 3 0 0.16 0.0 0 8.3 21 190 M M 9 1 30 190
13 54 37 46 1 19 0 0.01 0.0 0 11.4 21 290 M M 7 31 290
14 45 27 36 -8 29 0 0.00 0.0 0 7.7 20 330 M M 2 28 310
15 41 23 32 -12 33 0 0.63 T 0 5.8 17 70 M M 4 14 22 60
16 47 32 40 -4 25 0 0.17 0.0 0 9.8 22 280 M M 8 1 30 290
17 41 28 35 -8 30 0 0.00 0.0 0 10.0 24 310 M M 5 33 260
18 42 28 35 -8 30 0 T T 0 11.2 25 290 M M 5 35 290
19 38 20 29 -14 36 0 0.00 0.0 0 8.1 22 240 M M 1 29 230
20 34 20 27 -15 38 0 0.00 0.0 0 12.2 28 300 M M 1 39 330
21 42 19 31 -11 34 0 0.00 0.0 0 6.8 20 220 M M 0 25 220
22 50 20 35 -7 30 0 0.00 0.0 0 3.6 15 240 M M 0 19 240
23 55 23 39 -2 26 0 0.00 0.0 0 2.8 12 270 M M 0 16 250
24 54 22 38 -3 27 0 0.00 0.0 0 1.9 10 220 M M 0 1 13 240
25 54 32 43 2 22 0 0.05 0.0 0 8.2 25 320 M M 7 1 34 320
26 55 32 44 4 21 0 0.00 0.0 0 7.4 16 300 M M 2 24 320
27 47 33 40 0 25 0 0.54 0.0 0 4.2 15 220 M M 6 1 19 290
28 51 31 41 1 24 0 T 0.0 0 9.9 24 310 M M 7 36 300
29 46 26 36 -4 29 0 0.00 0.0 0 2.7 8 110 M M 4 12 100
30 54 34 44 5 21 0 0.31 0.0 0 10.8 26 300 M M 8 1 37 300
================================================================================
SM 1663 1025 604 4 2.77 T 205.3 M 112
================================================================================
AV 55.4 34.2 6.8 FASTST M M 4 MAX(MPH)
MISC ----> 28 300 39 330
================================================================================
NOTES:
# LAST OF SEVERAL OCCURRENCES
COLUMN 17 PEAK WIND IN M.P.H.
PRELIMINARY LOCAL CLIMATOLOGICAL DATA (WS FORM: F-6) , PAGE 2
STATION: ALLENTOWN PA
MONTH: NOVEMBER
YEAR: 2022
LATITUDE: 40 39 N
LONGITUDE: 75 26 W
[TEMPERATURE DATA] [PRECIPITATION DATA] SYMBOLS USED IN COLUMN 16
AVERAGE MONTHLY: 44.8 TOTAL FOR MONTH: 2.77 1 = FOG OR MIST
DPTR FM NORMAL: 0.9 DPTR FM NORMAL: -0.47 2 = FOG REDUCING VISIBILITY
HIGHEST: 75 ON 5 GRTST 24HR 0.69 ON 11-12 TO 1/4 MILE OR LESS
LOWEST: 19 ON 21 3 = THUNDER
SNOW, ICE PELLETS, HAIL 4 = ICE PELLETS
TOTAL MONTH: T 5 = HAIL
GRTST 24HR T ON 15-15 6 = FREEZING RAIN OR DRIZZLE
GRTST DEPTH: 0 7 = DUSTSTORM OR SANDSTORM:
VSBY 1/2 MILE OR LESS
8 = SMOKE OR HAZE
[NO. OF DAYS WITH] [WEATHER - DAYS WITH] 9 = BLOWING SNOW
X = TORNADO
MAX 32 OR BELOW: 0 0.01 INCH OR MORE: 10
MAX 90 OR ABOVE: 0 0.10 INCH OR MORE: 8
MIN 32 OR BELOW: 17 0.50 INCH OR MORE: 3
MIN 0 OR BELOW: 0 1.00 INCH OR MORE: 0
[HDD (BASE 65) ]
TOTAL THIS MO. 604 CLEAR (SCALE 0-3) 15
DPTR FM NORMAL -28 PTCLDY (SCALE 4-7) 12
TOTAL FM JUL 1 1101 CLOUDY (SCALE 8-10) 3
DPTR FM NORMAL 61
[CDD (BASE 65) ]
TOTAL THIS MO. 4
DPTR FM NORMAL 4 [PRESSURE DATA]
TOTAL FM JAN 1 986 HIGHEST SLP 30.67 ON 9
DPTR FM NORMAL 5 LOWEST SLP 29.39 ON 12
[REMARKS]
#FINAL-11-22#