000
CXUS54 KSJT 011100
CF6ABI
PRELIMINARY LOCAL CLIMATOLOGICAL DATA (WS FORM: F-6)
STATION: ABILENE
MONTH: NOVEMBER
YEAR: 2022
LATITUDE: 32 25 N
LONGITUDE: 99 41 W
TEMPERATURE IN F: :PCPN: SNOW: WIND :SUNSHINE: SKY :PK WND
================================================================================
1 2 3 4 5 6A 6B 7 8 9 10 11 12 13 14 15 16 17 18
12Z AVG MX 2MIN
DY MAX MIN AVG DEP HDD CDD WTR SNW DPTH SPD SPD DIR MIN PSBL S-S WX SPD DR
================================================================================
1 76 55 66 5 0 1 0.00 0.0 0 6.4 15 150 M M 0 22 150
2 74 57 66 6 0 1 0.00 0.0 0 12.4 20 180 M M 4 29 190
3 82 63 73 13 0 8 0.00 0.0 0 18.1 29 190 M M 4 39 180
4 81 48 65 5 0 0 0.03 0.0 0 15.2 30 250 M M 6 38 41 240
5 73 37 55 -4 10 0 0.00 0.0 0 10.2 23 200 M M 0 30 210
6 83 53 68 9 0 3 0.00 0.0 0 11.3 22 210 M M 0 31 200
7 79 45 62 3 3 0 0.00 0.0 0 5.8 20 140 M M 3 27 150
8 80 66 73 15 0 8 0.00 0.0 0 12.7 22 150 M M 0 28 140
9 78 67 73 15 0 8 T 0.0 0 15.6 25 160 M M 6 35 160
10 81 59 70 12 0 5 0.00 0.0 0 11.9 22 190 M M 6 31 170
11 59 34 47 -10 18 0 T 0.0 0 15.3 29 340 M M 7 1 37 350
12 55 28 42 -15 23 0 0.00 0.0 0 5.0 12 350 M M 0 16 330
13 58 31 45 -11 20 0 0.00 0.0 0 12.4 22 140 M M 0 31 150
14 61 32 47 -9 18 0 0.01 0.0 0 13.7 29 340 M M 5 18 35 340
15 51 29 40 -16 25 0 0.00 0.0 0 8.4 18 350 M M 0 25 360
16 53 36 45 -10 20 0 0.00 0.0 0 4.2 12 60 M M 8 18 360
17 59 37 48 -7 17 0 0.00 0.0 0 7.4 18 200 M M 3 26 210
18 43 32 38 -16 27 0 0.00 0.0 0 9.7 16 360 M M 6 21 20
19 44 31 38 -16 27 0 0.00 0.0 0 6.9 15 10 M M 7 20 10
20 48 24 36 -18 29 0 0.00 0.0 0 5.9 14 200 M M 5 1 17 190
21 55 38 47 -7 18 0 0.00 0.0 0 5.7 14 200 M M 6 18 200
22 61 36 49 -4 16 0 0.00 0.0 0 7.3 17 210 M M 2 1 23 210
23 61 51 56 3 9 0 0.00 0.0 0 10.8 20 160 M M 10 1 29 170
24 61 49 55 3 10 0 T 0.0 0 12.1 20 30 M M 10 1 33 20
25 49 41 45 -7 20 0 0.80 0.0 0 12.9 21 350 M M 10 1 29 20
26 49 40 45 -7 20 0 0.71 0.0 0 9.5 22 290 M M 7 18 29 270
27 59 34 47 -5 18 0 0.00 0.0 0 4.6 13 340 M M 1 17 320
28 71 39 55 4 10 0 0.00 0.0 0 11.9 23 210 M M 0 31 220
29 79 37 58 7 7 0 0.00 0.0 0 17.4 31 360 M M 1 8 42 360
30 49 28 39 -12 26 0 0.00 0.0 0 8.1 24 360 M M 0 33 10
================================================================================
SM 1912 1257 391 34 1.55 0.0 308.8 M 117
================================================================================
AV 63.7 41.9 10.3 FASTST M M 4 MAX(MPH)
MISC ----> 31 360 42 360
================================================================================
NOTES:
# LAST OF SEVERAL OCCURRENCES
COLUMN 17 PEAK WIND IN M.P.H.
PRELIMINARY LOCAL CLIMATOLOGICAL DATA (WS FORM: F-6) , PAGE 2
STATION: ABILENE
MONTH: NOVEMBER
YEAR: 2022
LATITUDE: 32 25 N
LONGITUDE: 99 41 W
[TEMPERATURE DATA] [PRECIPITATION DATA] SYMBOLS USED IN COLUMN 16
AVERAGE MONTHLY: 52.8 TOTAL FOR MONTH: 1.55 1 = FOG OR MIST
DPTR FM NORMAL: -2.7 DPTR FM NORMAL: 0.15 2 = FOG REDUCING VISIBILITY
HIGHEST: 83 ON 6 GRTST 24HR 1.43 ON 25-26 TO 1/4 MILE OR LESS
LOWEST: 24 ON 20 3 = THUNDER
SNOW, ICE PELLETS, HAIL 4 = ICE PELLETS
TOTAL MONTH: 0.0 INCH 5 = HAIL
GRTST 24HR 0.0 6 = FREEZING RAIN OR DRIZZLE
GRTST DEPTH: 0 7 = DUSTSTORM OR SANDSTORM:
VSBY 1/2 MILE OR LESS
8 = SMOKE OR HAZE
[NO. OF DAYS WITH] [WEATHER - DAYS WITH] 9 = BLOWING SNOW
X = TORNADO
MAX 32 OR BELOW: 0 0.01 INCH OR MORE: 4
MAX 90 OR ABOVE: 0 0.10 INCH OR MORE: 2
MIN 32 OR BELOW: 8 0.50 INCH OR MORE: 2
MIN 0 OR BELOW: 0 1.00 INCH OR MORE: 0
[HDD (BASE 65) ]
TOTAL THIS MO. 391 CLEAR (SCALE 0-3) 14
DPTR FM NORMAL 84 PTCLDY (SCALE 4-7) 13
TOTAL FM JUL 1 440 CLOUDY (SCALE 8-10) 3
DPTR FM NORMAL 43
[CDD (BASE 65) ]
TOTAL THIS MO. 34
DPTR FM NORMAL 11 [PRESSURE DATA]
TOTAL FM JAN 1 3509 HIGHEST SLP 30.53 ON 16
DPTR FM NORMAL 815 LOWEST SLP 29.63 ON 29
[REMARKS]
#FINAL-11-22#