000
CXUS55 KABQ 011115
CF6ABQ
PRELIMINARY LOCAL CLIMATOLOGICAL DATA (WS FORM: F-6)
STATION: ALBUQUERQUE NM
MONTH: AUGUST
YEAR: 2021
LATITUDE: 35 2 N
LONGITUDE: 106 37 W
TEMPERATURE IN F: :PCPN: SNOW: WIND :SUNSHINE: SKY :PK WND
================================================================================
1 2 3 4 5 6A 6B 7 8 9 10 11 12 13 14 15 16 17 18
12Z AVG MX 2MIN
DY MAX MIN AVG DEP HDD CDD WTR SNW DPTH SPD SPD DIR MIN PSBL S-S WX SPD DR
================================================================================
1 85 66 76 -2 0 11 0.00 0.0 0 14.5 29 100 M M 7 3 40 90
2 85 62 74 -4 0 9 0.03 0.0 0 9.2 28 90 M M 8 38 37 80
3 89 65 77 -1 0 12 T 0.0 0 6.4 22 90 M M 5 3 29 90
4 92 65 79 1 0 14 0.00 0.0 0 9.4 40 90 M M 4 38 52 90
5 91 66 79 1 0 14 0.00 0.0 0 6.5 21 80 M M 2 24 80
6 93 69 81 3 0 16 0.00 0.0 0 8.9 26 350 M M 3 37 360
7 96 69 83 5 0 18 0.00 0.0 0 8.3 21 310 M M 3 8 27 330
8 95 66 81 3 0 16 0.00 0.0 0 5.7 13 10 M M 1 8 16 220
9 95 67 81 3 0 16 0.00 0.0 0 7.8 25 180 M M 5 8 31 180
10 88 73 81 3 0 16 T 0.0 0 7.7 22 260 M M 9 8 30 280
11 93 68 81 3 0 16 0.04 0.0 0 9.5 30 150 M M 7 3 40 160
12 92 64 78 1 0 13 T 0.0 0 7.3 38 80 M M 5 3 46 80
13 86 65 76 -1 0 11 T 0.0 0 10.6 32 90 M M 5 43 80
14 84 66 75 -2 0 10 0.00 0.0 0 14.3 24 70 M M 6 32 110
15 87 62 75 -2 0 10 0.10 0.0 0 7.9 40 360 M M 4 3 52 360
16 85 64 75 -2 0 10 0.00 0.0 0 7.0 30 80 M M 6 3 36 90
17 87 60 74 -3 0 9 0.00 0.0 0 5.1 14 190 M M 2 18 180
18 89 65 77 0 0 12 0.00 0.0 0 7.8 29 250 M M 3 3 39 240
19 86 63 75 -2 0 10 0.00 0.0 0 7.7 17 190 M M 4 24 230
20 87 67 77 0 0 12 0.00 0.0 0 10.7 23 320 M M 4 32 300
21 90 65 78 2 0 13 0.00 0.0 0 10.2 23 210 M M 3 31 210
22 88 69 79 3 0 14 T 0.0 0 7.0 24 280 M M 6 31 250
23 91 65 78 2 0 13 T 0.0 0 8.6 21 330 M M 6 3 26 340
24 93 65 79 3 0 14 0.00 0.0 0 5.4 15 310 M M 5 23 250
25 95 64 80 4 0 15 0.00 0.0 0 5.8 20 210 M M 1 28 200
26 93 66 80 4 0 15 0.01 0.0 0 9.3 23 130 M M 4 3 29 130
27 88 62 75 -1 0 10 0.02 0.0 0 8.9 28 360 M M 6 3 42 350
28 89 65 77 2 0 12 0.06 0.0 0 7.3 29 120 M M 7 35 100
29 88 61 75 0 0 10 0.09 0.0 0 9.2 47 90 M M 6 3 66 90
30 87 62 75 0 0 10 0.00 0.0 0 7.1 29 80 M M 5 3 36 80
31 91 65 78 3 0 13 0.00 0.0 0 7.8 26 110 M M 4 3 34 110
================================================================================
SM 2778 2021 0 394 0.35 0.0 258.9 M 146
================================================================================
AV 89.6 65.2 8.4 FASTST M M 5 MAX(MPH)
MISC ----> 47 90 66 90
================================================================================
NOTES:
# LAST OF SEVERAL OCCURRENCES
COLUMN 17 PEAK WIND IN M.P.H.
PRELIMINARY LOCAL CLIMATOLOGICAL DATA (WS FORM: F-6) , PAGE 2
STATION: ALBUQUERQUE NM
MONTH: AUGUST
YEAR: 2021
LATITUDE: 35 2 N
LONGITUDE: 106 37 W
[TEMPERATURE DATA] [PRECIPITATION DATA] SYMBOLS USED IN COLUMN 16
AVERAGE MONTHLY: 77.4 TOTAL FOR MONTH: 0.35 1 = FOG OR MIST
DPTR FM NORMAL: 0.5 DPTR FM NORMAL: -0.96 2 = FOG REDUCING VISIBILITY
HIGHEST: 96 ON 7 GRTST 24HR 0.58 ON 31- 1 TO 1/4 MILE OR LESS
LOWEST: 60 ON 17 3 = THUNDER
SNOW, ICE PELLETS, HAIL 4 = ICE PELLETS
TOTAL MONTH: 0.0 INCH 5 = HAIL
GRTST 24HR 0.0 6 = FREEZING RAIN OR DRIZZLE
GRTST DEPTH: 0 7 = DUSTSTORM OR SANDSTORM:
VSBY 1/2 MILE OR LESS
8 = SMOKE OR HAZE
[NO. OF DAYS WITH] [WEATHER - DAYS WITH] 9 = BLOWING SNOW
X = TORNADO
MAX 32 OR BELOW: 0 0.01 INCH OR MORE: 7
MAX 90 OR ABOVE: 14 0.10 INCH OR MORE: 1
MIN 32 OR BELOW: 0 0.50 INCH OR MORE: 0
MIN 0 OR BELOW: 0 1.00 INCH OR MORE: 0
[HDD (BASE 65) ]
TOTAL THIS MO. 0 CLEAR (SCALE 0-3) 7
DPTR FM NORMAL 0 PTCLDY (SCALE 4-7) 23
TOTAL FM JUL 1 0 CLOUDY (SCALE 8-10) 1
DPTR FM NORMAL 0
[CDD (BASE 65) ]
TOTAL THIS MO. 394
DPTR FM NORMAL 27 [PRESSURE DATA]
TOTAL FM JAN 1 1346 HIGHEST SLP 30.21 ON 2
DPTR FM NORMAL 102 LOWEST SLP 29.62 ON 31
[REMARKS]
#FINAL-08-21#