000
CXUS54 KFWD 251720
CF6ACT
PRELIMINARY LOCAL CLIMATOLOGICAL DATA (WS FORM: F-6)
STATION: WACO
MONTH: MARCH
YEAR: 2021
LATITUDE: 31 37 N
LONGITUDE: 97 13 W
TEMPERATURE IN F: :PCPN: SNOW: WIND :SUNSHINE: SKY :PK WND
================================================================================
1 2 3 4 5 6A 6B 7 8 9 10 11 12 13 14 15 16 17 18
12Z AVG MX 2MIN
DY MAX MIN AVG DEP HDD CDD WTR SNW DPTH SPD SPD DIR MIN PSBL S-S WX SPD DR
================================================================================
1 56 45 51 -4 14 0 0.27 0.0 0 12.8 28 10 M M 10 13 39 10
2 64 36 50 -5 15 0 0.00 0.0 0 5.9 16 360 M M 2 20 20
3 69 31 50 -5 15 0 0.00 0.0 0 6.4 14 170 M M 0 19 190
4 74 40 57 1 8 0 0.00 0.0 0 12.2 23 170 M M 0 31 160
5 77 53 65 9 0 0 T 0.0 0 14.4 31 350 M M 4 18 40 320
6 66 38 52 -4 13 0 0.00 0.0 0 8.6 17 20 M M 1 21 50
7 67 31 49 -7 16 0 0.00 0.0 0 5.7 18 150 M M 0 26 160
8 72 35 54 -3 11 0 0.00 0.0 0 9.2 17 160 M M 2 30 130
9 74 55 65 8 0 0 0.00 0.0 0 16.1 24 160 M M 6 34 170
10 78 61 70 13 0 5 0.00 0.0 0 17.3 25 170 M M 8 35 160
11 81 67 74 17 0 9 0.00 0.0 0 16.4 29 190 M M 6 40 190
12 82 67 75 17 0 10 T 0.0 0 14.3 24 170 M M 9 18 34 170
13 79 65 72 14 0 7 0.00 0.0 0 17.9 31 160 M M 8 42 160
14 76 51 64 6 1 0 0.09 0.0 0 8.7 23 160 M M 7 1 31 150
15 84 46 65 7 0 0 0.00 0.0 0 10.1 23 240 M M 0 30 240
16 81 59 70 11 0 5 0.00 0.0 0 12.2 23 140 M M 6 18 30 140
17 74 48 61 2 4 0 0.03 0.0 0 19.4 44 260 M M 4 8 59 250
18 64 45 55 -4 10 0 0.00 0.0 0 14.7 26 330 M M 0 35 310
19 65 37 51 -9 14 0 0.00 0.0 0 9.5 21 30 M M 0 31 40
20 70 35 53 -7 12 0 0.00 0.0 0 4.3 12 110 M M 0 17 170
21 71 44 58 -2 7 0 0.00 0.0 0 13.3 23 150 M M 1 32 150
22 70 54 62 2 3 0 0.20 0.0 0 14.8 32 150 M M 7 138 41 140
23 76 45 61 0 4 0 0.00 0.0 0 7.2 15 290 M M 2 8 21 300
24 75 44 60 -1 5 0 T M 0 9.7 20 120 M M 4 18 25 130
25 72 46 59 -2 6 0 0.46 0.0 0 8.0 26 300 M M 5 138 39 320
26 80 44 62 0 3 0 0.00 0.0 0 8.4 18 170 M M 0 24 160
27 79 59 69 7 0 4 T 0.0 0 8.0 23 360 M M 6 18 33 350
28 74 43 59 -3 6 0 0.00 0.0 0 12.4 26 30 M M 0 35 350
29 76 36 56 -6 9 0 0.00 0.0 0 10.0 17 180 M M 1 27 180
30 81 61 71 9 0 6 0.00 0.0 0 12.7 29 200 M M 8 36 190
31 69 45 57 -6 8 0 0.00 0.0 0 15.1 31 20 M M 5 1 46 20
================================================================================
SM 2276 1466 184 46 1.05 0.0 355.7 M 112
================================================================================
AV 73.4 47.3 11.5 FASTST M M 4 MAX(MPH)
MISC ----> 44 260 59 250
================================================================================
NOTES:
# LAST OF SEVERAL OCCURRENCES
COLUMN 17 PEAK WIND IN M.P.H.
PRELIMINARY LOCAL CLIMATOLOGICAL DATA (WS FORM: F-6) , PAGE 2
STATION: WACO
MONTH: MARCH
YEAR: 2021
LATITUDE: 31 37 N
LONGITUDE: 97 13 W
[TEMPERATURE DATA] [PRECIPITATION DATA] SYMBOLS USED IN COLUMN 16
AVERAGE MONTHLY: 60.4 TOTAL FOR MONTH: 1.05 1 = FOG OR MIST
DPTR FM NORMAL: 1.6 DPTR FM NORMAL: -2.26 2 = FOG REDUCING VISIBILITY
HIGHEST: 84 ON 15 GRTST 24HR 0.46 ON 25-25 TO 1/4 MILE OR LESS
LOWEST: 31 ON 3, 7 3 = THUNDER
SNOW, ICE PELLETS, HAIL 4 = ICE PELLETS
TOTAL MONTH: 0.0 INCH 5 = HAIL
GRTST 24HR 0.0 6 = FREEZING RAIN OR DRIZZLE
GRTST DEPTH: 0 7 = DUSTSTORM OR SANDSTORM:
VSBY 1/2 MILE OR LESS
8 = SMOKE OR HAZE
[NO. OF DAYS WITH] [WEATHER - DAYS WITH] 9 = BLOWING SNOW
X = TORNADO
MAX 32 OR BELOW: 0 0.01 INCH OR MORE: 5
MAX 90 OR ABOVE: 0 0.10 INCH OR MORE: 3
MIN 32 OR BELOW: 2 0.50 INCH OR MORE: 0
MIN 0 OR BELOW: 0 1.00 INCH OR MORE: 0
[HDD (BASE 65) ]
TOTAL THIS MO. 184 CLEAR (SCALE 0-3) 15
DPTR FM NORMAL -46 PTCLDY (SCALE 4-7) 14
TOTAL FM JUL 1 2028 CLOUDY (SCALE 8-10) 2
DPTR FM NORMAL 34
[CDD (BASE 65) ]
TOTAL THIS MO. 46
DPTR FM NORMAL 8 [PRESSURE DATA]
TOTAL FM JAN 1 50 HIGHEST SLP 30.46 ON 31
DPTR FM NORMAL -1 LOWEST SLP 29.58 ON 17
[REMARKS]
#FINAL-03-21#