000
CXUS56 KEKA 052356
CF6ACV
PRELIMINARY LOCAL CLIMATOLOGICAL DATA (WS FORM: F-6)
STATION: ARCATA CA
MONTH: NOVEMBER
YEAR: 2022
LATITUDE: 40 58 N
LONGITUDE: 124 6 W
TEMPERATURE IN F: :PCPN: SNOW: WIND :SUNSHINE: SKY :PK WND
================================================================================
1 2 3 4 5 6A 6B 7 8 9 10 11 12 13 14 15 16 17 18
12Z AVG MX 2MIN
DY MAX MIN AVG DEP HDD CDD WTR SNW DPTH SPD SPD DIR MIN PSBL S-S WX SPD DR
================================================================================
1 54 42 48 -4 17 0 0.84 M M 6.4 22 340 M M 7 18 39 340
2 52 38 45 -7 20 0 0.44 M M 4.3 12 230 M M 6 18 15 230
3 52 33 43 -9 22 0 0.00 M M 3.3 8 280 M M 4 1 11 300
4 59 48 54 2 11 0 0.13 M M 5.3 12 180 M M 10 18 16 190
5 58 42 50 -2 15 0 1.26 M M 7.4 20 190 M M 6 128 28 190
6 55 39 47 -5 18 0 0.70 M M 9.1 28 210 M M 7 18 38 210
7 51 41 46 -6 19 0 0.35 M M 9.4 18 120 M M 7 1 27 100
8 50 42 46 -5 19 0 0.27 M M 3.4 9 350 M M 10 1 12 360
9 53 37 45 -6 20 0 0.01 M M 4.3 9 330 M M 2 18 14 330
10 52 33 43 -8 22 0 0.00 M M 3.9 14 310 M M 0 1 18 300
11 58 37 48 -3 17 0 0.39 M M 4.4 12 290 M M 6 1 17 280
12 56 39 48 -3 17 0 0.21 M M 5.4 15 120 M M 6 1 26 110
13 55 35 45 -6 20 0 0.00 M M 3.9 12 310 M M 0 18 15 320
14 55 34 45 -6 20 0 0.00 M M 3.1 7 80 M M 0 18 10 250
15 55 32 44 -6 21 0 0.00 M M 3.6 8 300 M M 0 18 10 290
16 57 34 46 -4 19 0 0.00 M M 2.6 7 310 M M 0 18 10 290
17 53 34 44 -6 21 0 0.00 M M 3.3 8 330 M M 1 128 11 300
18 54 34 44 -6 21 0 0.00 M M 3.5 8 160 M M 0 1 11 200
19 66 37 52 2 13 0 0.00 M M 4.3 13 80 M M 0 8 15 80
20 56 35 46 -4 19 0 0.00 M M 3.0 9 290 M M 0 1 12 80
21 57 36 47 -3 18 0 0.00 M M 2.8 10 310 M M 0 18 12 310
22 62 37 50 0 15 0 0.05 M M 2.3 9 250 M M 5 1 11 260
23 55 39 47 -3 18 0 0.00 M M 2.6 10 270 M M 3 28 13 270
24 64 39 52 3 13 0 0.00 M M 2.2 9 140 M M 0 18 12 140
25 64 38 51 2 14 0 0.00 M M 3.0 12 320 M M 0 18 15 330
26 58 38 48 -1 17 0 T M M 3.0 10 310 M M 2 18 14 300
27 54 36 45 -4 20 0 0.13 M M 4.3 14 300 M M 6 28 17 290
28 53 34 44 -5 21 0 0.15 M M 4.3 18 310 M M 6 1 23 300
29 50 30 40 -9 25 0 0.00 M M 3.5 9 110 M M 0 18 12 120
30 56 42 49 0 16 0 1.54 M M 10.0 29 160 M M 9 1 38 150
================================================================================
SM 1674 1115 548 0 6.47 M 131.9 M 103
================================================================================
AV 55.8 37.2 4.4 FASTST M M 3 MAX(MPH)
MISC ----> 29 160 39 340
================================================================================
NOTES:
# LAST OF SEVERAL OCCURRENCES
COLUMN 17 PEAK WIND IN M.P.H.
PRELIMINARY LOCAL CLIMATOLOGICAL DATA (WS FORM: F-6) , PAGE 2
STATION: ARCATA CA
MONTH: NOVEMBER
YEAR: 2022
LATITUDE: 40 58 N
LONGITUDE: 124 6 W
[TEMPERATURE DATA] [PRECIPITATION DATA] SYMBOLS USED IN COLUMN 16
AVERAGE MONTHLY: 46.5 TOTAL FOR MONTH: 6.47 1 = FOG OR MIST
DPTR FM NORMAL: -4.0 DPTR FM NORMAL: 0.76 2 = FOG REDUCING VISIBILITY
HIGHEST: 66 ON 19 GRTST 24HR 1.54 ON 30-30 TO 1/4 MILE OR LESS
LOWEST: 30 ON 29 3 = THUNDER
SNOW, ICE PELLETS, HAIL 4 = ICE PELLETS
TOTAL MONTH: M 5 = HAIL
GRTST 24HR M ON M 6 = FREEZING RAIN OR DRIZZLE
GRTST DEPTH: M ON M 7 = DUSTSTORM OR SANDSTORM:
VSBY 1/2 MILE OR LESS
8 = SMOKE OR HAZE
[NO. OF DAYS WITH] [WEATHER - DAYS WITH] 9 = BLOWING SNOW
X = TORNADO
MAX 32 OR BELOW: 0 0.01 INCH OR MORE: 14
MAX 90 OR ABOVE: 0 0.10 INCH OR MORE: 12
MIN 32 OR BELOW: 2 0.50 INCH OR MORE: 4
MIN 0 OR BELOW: 0 1.00 INCH OR MORE: 2
[HDD (BASE 65) ]
TOTAL THIS MO. 548 CLEAR (SCALE 0-3) 15
DPTR FM NORMAL 113 PTCLDY (SCALE 4-7) 12
TOTAL FM JUL 1 1517 CLOUDY (SCALE 8-10) 3
DPTR FM NORMAL 41
[CDD (BASE 65) ]
TOTAL THIS MO. 0
DPTR FM NORMAL 0 [PRESSURE DATA]
TOTAL FM JAN 1 0 HIGHEST SLP 30.40 ON 16
DPTR FM NORMAL -4 LOWEST SLP 29.58 ON 8
[REMARKS]
#FINAL-11-22#