000
CXUS56 KEKA 020447
CF6ACV
PRELIMINARY LOCAL CLIMATOLOGICAL DATA (WS FORM: F-6)
STATION: ARCATA CA
MONTH: JANUARY
YEAR: 2022
LATITUDE: 40 58 N
LONGITUDE: 124 6 W
TEMPERATURE IN F: :PCPN: SNOW: WIND :SUNSHINE: SKY :PK WND
================================================================================
1 2 3 4 5 6A 6B 7 8 9 10 11 12 13 14 15 16 17 18
12Z AVG MX 2MIN
DY MAX MIN AVG DEP HDD CDD WTR SNW DPTH SPD SPD DIR MIN PSBL S-S WX SPD DR
================================================================================
1 47 29 38 -10 27 0 0.00 M M 4.0 9 120 M M 0 1 13 280
2 54 32 43 -5 22 0 0.00 M M 12.5 33 160 M M 4 43 170
3 53 48 51 3 14 0 1.06 M M 16.3 29 160 M M 10 1 42 160
4 53 48 51 3 14 0 0.57 M M 8.2 15 140 M M 10 1 23 140
5 57 50 54 6 11 0 0.26 M M 3.8 9 250 M M 10 28 14 130
6 56 51 54 6 11 0 0.29 M M 4.1 12 140 M M 10 2 16 150
7 52 39 46 -2 19 0 0.50 M M 5.8 15 300 M M 9 1 24 290
8 51 33 42 -6 23 0 0.00 M M 2.7 7 80 M M 0 1 11 310
9 65 34 50 2 15 0 0.00 M M 2.5 10 100 M M 0 8 15 110
10 59 45 52 4 13 0 T M M 3.5 9 310 M M 7 12 80
11 61 42 52 4 13 0 0.00 M M 3.6 9 90 M M 2 28 12 80
12 66 38 52 4 13 0 0.00 M M 4.7 17 240 M M 1 18 23 250
13 54 39 47 -1 18 0 0.13 M M 3.7 14 230 M M 7 1 19 230
14 57 35 46 -2 19 0 0.00 M M 3.5 9 150 M M 1 18 12 290
15 57 37 47 -1 18 0 0.00 M M 3.4 9 310 M M 4 28 11 310
16 54 36 45 -3 20 0 0.00 M M 2.4 7 300 M M 2 28 10 320
17 49 34 42 -7 23 0 0.00 M M 2.7 10 310 M M 8 2 13 310
18 50 43 47 -2 18 0 0.00 M M 2.4 10 310 M M 7 1 14 340
19 52 40 46 -3 19 0 0.00 M M 2.2 9 320 M M 7 28 13 320
20 59 41 50 1 15 0 0.00 M M 5.8 20 310 M M 6 2 24 300
21 59 36 48 -1 17 0 0.00 M M 3.5 9 320 M M 2 18 15 330
22 76 39 58 9 7 0 0.00 M M 5.9 13 310 M M 0 8 17 90
23 72 41 57 8 8 0 0.00 M M 5.1 13 150 M M 0 17 50
24 57 35 46 -3 19 0 0.00 M M 3.2 9 310 M M 3 18 13 320
25 46 38 42 -7 23 0 0.00 M M 2.3 7 300 M M 10 2 9 290
26 49 34 42 -7 23 0 0.00 M M 2.9 8 190 M M 7 28 10 180
27 54 32 43 -6 22 0 0.00 M M 3.2 9 150 M M 1 18 13 320
28 62 34 48 -1 17 0 0.00 M M 2.3 8 170 M M 0 1 10 170
29 58 36 47 -2 18 0 0.00 M M 3.4 10 270 M M 0 1 15 250
30 54 38 46 -3 19 0 0.08 M M 3.2 8 290 M M 6 18 11 280
31 52 37 45 -4 20 0 0.03 M M 8.6 20 350 M M 4 1 26 340
================================================================================
SM 1745 1194 538 0 2.92 M 141.4 M 138
================================================================================
AV 56.3 38.5 4.6 FASTST M M 4 MAX(MPH)
MISC ----> 33 160 43 170
================================================================================
NOTES:
# LAST OF SEVERAL OCCURRENCES
COLUMN 17 PEAK WIND IN M.P.H.
PRELIMINARY LOCAL CLIMATOLOGICAL DATA (WS FORM: F-6) , PAGE 2
STATION: ARCATA CA
MONTH: JANUARY
YEAR: 2022
LATITUDE: 40 58 N
LONGITUDE: 124 6 W
[TEMPERATURE DATA] [PRECIPITATION DATA] SYMBOLS USED IN COLUMN 16
AVERAGE MONTHLY: 47.4 TOTAL FOR MONTH: 2.92 1 = FOG OR MIST
DPTR FM NORMAL: -1.0 DPTR FM NORMAL: -4.60 2 = FOG REDUCING VISIBILITY
HIGHEST: 76 ON 22 GRTST 24HR 1.08 ON 3- 4 TO 1/4 MILE OR LESS
LOWEST: 29 ON 1 3 = THUNDER
SNOW, ICE PELLETS, HAIL 4 = ICE PELLETS
TOTAL MONTH: M 5 = HAIL
GRTST 24HR M ON M 6 = FREEZING RAIN OR DRIZZLE
GRTST DEPTH: M ON M 7 = DUSTSTORM OR SANDSTORM:
VSBY 1/2 MILE OR LESS
8 = SMOKE OR HAZE
[NO. OF DAYS WITH] [WEATHER - DAYS WITH] 9 = BLOWING SNOW
X = TORNADO
MAX 32 OR BELOW: 0 0.01 INCH OR MORE: 8
MAX 90 OR ABOVE: 0 0.10 INCH OR MORE: 6
MIN 32 OR BELOW: 3 0.50 INCH OR MORE: 3
MIN 0 OR BELOW: 0 1.00 INCH OR MORE: 1
[HDD (BASE 65) ]
TOTAL THIS MO. 538 CLEAR (SCALE 0-3) 14
DPTR FM NORMAL 25 PTCLDY (SCALE 4-7) 10
TOTAL FM JUL 1 2608 CLOUDY (SCALE 8-10) 7
DPTR FM NORMAL 96
[CDD (BASE 65) ]
TOTAL THIS MO. 0
DPTR FM NORMAL 0 [PRESSURE DATA]
TOTAL FM JAN 1 0 HIGHEST SLP 30.46 ON 20
DPTR FM NORMAL 0 LOWEST SLP 29.77 ON 7
[REMARKS]
#FINAL-01-22#