000
CXUS54 KLZK 011231
CF6ADF
PRELIMINARY LOCAL CLIMATOLOGICAL DATA (WS FORM: F-6)
STATION: ARKADELPHIA AIRPORT
MONTH: FEBRUARY
YEAR: 2022
LATITUDE: 34 9 N
LONGITUDE: 93 4 W
TEMPERATURE IN F: :PCPN: SNOW: WIND :SUNSHINE: SKY :PK WND
================================================================================
1 2 3 4 5 6A 6B 7 8 9 10 11 12 13 14 15 16 17 18
12Z AVG MX 2MIN
DY MAX MIN AVG DEP HDD CDD WTR SNW DPTH SPD SPD DIR MIN PSBL S-S WX SPD DR
================================================================================
1 69 45 57 15 8 0 0.01 M M 4.9 13 140 M M 9 1 20 140
2 62 33 48 6 17 0 0.02 M M 7.4 15 20 M M 10 1 25 30
3 33 27 30 -13 35 0 0.94 M M 12.3 22 10 M M 10 1 31 10
4 37 25 31 -12 34 0 T M M 6.5 10 10 M M 7 1 M M
5 46 17 32 -11 33 0 0.00 M M 1.5 5 270 M M 0 M M
6 53 19 36 -7 29 0 0.00 M M 1.7 6 260 M M 0 M M
7 55 21 38 -5 27 0 0.00 M M 2.4 12 350 M M 0 M M
8 64 21 43 -1 22 0 0.00 M M 4.1 14 210 M M 0 21 220
9 69 24 47 3 18 0 0.00 M M 2.1 7 280 M M 0 M M
10 50 27 39 -5 26 0 0.00 M M 0.6 3 10 M M 1 M M
11 73 27 50 6 15 0 0.00 M M 8.4 15 250 M M 3 23 230
12 58 29 44 0 21 0 0.15 M M 7.3 17 340 M M 6 27 340
13 56 17 37 -8 28 0 0.00 M M 4.7 16 230 M M 0 23 240
14 71 21 46 1 19 0 0.00 M M 5.4 13 250 M M 0 16 240
15 70 26 48 3 17 0 0.00 M M 5.7 16 180 M M 1 22 180
16 72 54 63 17 2 0 0.01 M M 9.3 14 180 M M 9 23 170
17 70 33 52 6 13 0 1.57 M M 11.2 31 230 M M 9 1 43 240
18 49 29 39 -7 26 0 0.00 M M 4.7 13 360 M M 1 M M
19 63 23 43 -3 22 0 0.00 M M 1.3 5 99 M M 0 M M
20 67 27 47 0 18 0 0.00 M M 3.6 15 180 M M 0 20 170
21 68 43 56 9 9 0 0.03 M M 1.2 6 160 M M 8 1 M M
22 74 37 56 9 9 0 0.38 M M 9.1 18 280 M M 10 13 24 290
23 37 31 34 -14 31 0 0.37 M M 8.8 15 20 M M 10 1 21 20
24 35 32 34 -14 31 0 0.90 M M 5.0 9 310 M M 10 13 17 310
25 38 29 34 -14 31 0 0.00 M M 7.8 14 20 M M 10 18 320
26 35 30 33 -15 32 0 0.42 M M 6.3 10 20 M M 10 1 M M
27 53 30 42 -7 23 0 0.00 M M 4.2 13 20 M M 4 1 16 340
28 64 24 44 -5 21 0 0.00 M M 1.7 7 200 M M 0 8 M M
================================================================================
SM 1591 801 617 0 4.80 M 149.1 M 128
================================================================================
AV 56.8 28.6 5.3 FASTST M M 5 MAX(MPH)
MISC ----> 31 230 43 240
================================================================================
NOTES:
# LAST OF SEVERAL OCCURRENCES
COLUMN 17 PEAK WIND IN M.P.H.
PRELIMINARY LOCAL CLIMATOLOGICAL DATA (WS FORM: F-6) , PAGE 2
STATION: ARKADELPHIA AIRPORT
MONTH: FEBRUARY
YEAR: 2022
LATITUDE: 34 9 N
LONGITUDE: 93 4 W
[TEMPERATURE DATA] [PRECIPITATION DATA] SYMBOLS USED IN COLUMN 16
AVERAGE MONTHLY: 42.7 TOTAL FOR MONTH: 4.80 1 = FOG OR MIST
DPTR FM NORMAL: -2.6 DPTR FM NORMAL: 0.46 2 = FOG REDUCING VISIBILITY
HIGHEST: 74 ON 22 GRTST 24HR 1.57 ON 17-17 TO 1/4 MILE OR LESS
LOWEST: 17 ON 5,13 3 = THUNDER
SNOW, ICE PELLETS, HAIL 4 = ICE PELLETS
TOTAL MONTH: M 5 = HAIL
GRTST 24HR M ON M 6 = FREEZING RAIN OR DRIZZLE
GRTST DEPTH: M ON M 7 = DUSTSTORM OR SANDSTORM:
VSBY 1/2 MILE OR LESS
8 = SMOKE OR HAZE
[NO. OF DAYS WITH] [WEATHER - DAYS WITH] 9 = BLOWING SNOW
X = TORNADO
MAX 32 OR BELOW: 0 0.01 INCH OR MORE: 11
MAX 90 OR ABOVE: 0 0.10 INCH OR MORE: 7
MIN 32 OR BELOW: 22 0.50 INCH OR MORE: 3
MIN 0 OR BELOW: 0 1.00 INCH OR MORE: 1
[HDD (BASE 65) ]
TOTAL THIS MO. 617 CLEAR (SCALE 0-3) 14
DPTR FM NORMAL 65 PTCLDY (SCALE 4-7) 3
TOTAL FM JUL 1 2232 CLOUDY (SCALE 8-10) 11
DPTR FM NORMAL -276
[CDD (BASE 65) ]
TOTAL THIS MO. 0
DPTR FM NORMAL -1 [PRESSURE DATA]
TOTAL FM JAN 1 0 HIGHEST SLP M ON M
DPTR FM NORMAL 0 LOWEST SLP M ON M
[REMARKS]
#FINAL-02-22#