000
CXAK56 PAFC 010940
CF6ADQ
PRELIMINARY LOCAL CLIMATOLOGICAL DATA (WS FORM: F-6)
STATION: KODIAK
MONTH: OCTOBER
YEAR: 2023
LATITUDE: 57 45 N
LONGITUDE: 152 31 W
TEMPERATURE IN F: :PCPN: SNOW: WIND :SUNSHINE: SKY :PK WND
================================================================================
1 2 3 4 5 6A 6B 7 8 9 10 11 12 13 14 15 16 17 18
12Z AVG MX 2MIN
DY MAX MIN AVG DEP HDD CDD WTR SNW DPTH SPD SPD DIR MIN PSBL S-S WX SPD DR
================================================================================
1 55 40 48 2 17 0 0.19 M M 8.5 21 290 M M 7 1 29 300
2 50 42 46 0 19 0 T M M 14.1 29 290 M M 3 41 310
3 52 33 43 -3 22 0 0.00 M M 11.1 24 290 M M 0 33 290
4 50 32 41 -4 24 0 1.03 M M 18.3 33 30 M M 5 1 44 30
5 53 48 51 6 14 0 0.53 M M 11.3 30 20 M M 9 1 46 30
6 53 38 46 1 19 0 T M M 4.7 14 150 M M 6 1 16 140
7 52 38 45 1 20 0 0.00 M M 5.7 15 270 M M 6 21 270
8 48 33 41 -3 24 0 0.00 M M 8.1 14 60 M M 6 19 20
9 50 41 46 2 19 0 0.00 M M 12.4 22 280 M M 3 38 280
10 47 33 40 -4 25 0 0.00 M M 9.2 18 290 M M 0 25 260
11 42 30 36 -7 29 0 0.00 M M 9.7 17 280 M M 2 25 250
12 43 28 36 -7 29 0 0.00 M M 10.8 22 290 M M 6 30 270
13 46 25 36 -7 29 0 T M M 7.2 20 80 M M 5 23 80
14 47 33 40 -2 25 0 T M M 7.2 14 100 M M 6 16 90
15 50 37 44 2 21 0 0.38 M M 12.3 25 30 M M 10 18 36 50
16 51 45 48 6 17 0 0.57 M M 5.6 16 40 M M 9 1 19 50
17 49 43 46 4 19 0 0.01 M M 10.1 23 290 M M 8 1 33 300
18 51 42 47 5 18 0 0.00 M M 19.6 40 280 M M 0 60 290
19 55 41 48 7 17 0 0.00 M M 9.2 24 280 M M 4 31 280
20 43 35 39 -2 26 0 0.00 M M 7.8 16 290 M M 8 22 290
21 43 32 38 -3 27 0 0.00 M M 9.7 16 270 M M 0 23 270
22 44 23 34 -7 31 0 0.00 M M 7.9 17 300 M M 0 23 280
23 47 27 37 -3 28 0 0.00 M M 4.5 14 300 M M 0 19 330
24 47 25 36 -4 29 0 0.00 M M 5.1 9 270 M M 0 13 10
25 47 26 37 -3 28 0 0.00 M M 6.9 16 140 M M 4 20 140
26 46 43 45 5 20 0 T M M 11.3 17 100 M M 10 31 110
27 47 44 46 6 19 0 0.01 M M 10.3 18 80 M M 10 1 21 80
28 47 45 46 7 19 0 0.62 M M 16.8 28 70 M M 10 1 37 80
29 48 47 48 9 17 0 0.86 M M 14.3 31 70 M M 10 12 40 80
30 47 46 47 8 18 0 0.58 M M 10.2 20 30 M M 10 1 24 10
31 49 45 47 8 18 0 0.40 M M 13.8 24 40 M M 10 1 32 30
================================================================================
SM 1499 1140 687 0 5.18 M 313.7 M 167
================================================================================
AV 48.4 36.8 10.1 FASTST M M 5 MAX(MPH)
MISC ----> 40 280 60 290
================================================================================
NOTES:
# LAST OF SEVERAL OCCURRENCES
COLUMN 17 PEAK WIND IN M.P.H.
PRELIMINARY LOCAL CLIMATOLOGICAL DATA (WS FORM: F-6) , PAGE 2
STATION: KODIAK
MONTH: OCTOBER
YEAR: 2023
LATITUDE: 57 45 N
LONGITUDE: 152 31 W
[TEMPERATURE DATA] [PRECIPITATION DATA] SYMBOLS USED IN COLUMN 16
AVERAGE MONTHLY: 42.6 TOTAL FOR MONTH: 5.18 1 = FOG OR MIST
DPTR FM NORMAL: 0.4 DPTR FM NORMAL: -3.67 2 = FOG REDUCING VISIBILITY
HIGHEST: 55 ON 19, 1 GRTST 24HR 1.53 ON 4- 5 TO 1/4 MILE OR LESS
LOWEST: 23 ON 22 3 = THUNDER
SNOW, ICE PELLETS, HAIL 4 = ICE PELLETS
TOTAL MONTH: M 5 = HAIL
GRTST 24HR M ON M 6 = FREEZING RAIN OR DRIZZLE
GRTST DEPTH: M ON M 7 = DUSTSTORM OR SANDSTORM:
VSBY 1/2 MILE OR LESS
8 = SMOKE OR HAZE
[NO. OF DAYS WITH] [WEATHER - DAYS WITH] 9 = BLOWING SNOW
X = TORNADO
MAX 32 OR BELOW: 0 0.01 INCH OR MORE: 11
MAX 90 OR ABOVE: 0 0.10 INCH OR MORE: 9
MIN 32 OR BELOW: 9 0.50 INCH OR MORE: 6
MIN 0 OR BELOW: 0 1.00 INCH OR MORE: 1
[HDD (BASE 65) ]
TOTAL THIS MO. 687 CLEAR (SCALE 0-3) 10
DPTR FM NORMAL -21 PTCLDY (SCALE 4-7) 12
TOTAL FM JUL 1 1765 CLOUDY (SCALE 8-10) 9
DPTR FM NORMAL 84
[CDD (BASE 65) ]
TOTAL THIS MO. 0
DPTR FM NORMAL 0 [PRESSURE DATA]
TOTAL FM JAN 1 0 HIGHEST SLP M ON M
DPTR FM NORMAL -7 LOWEST SLP 29.11 ON 8
[REMARKS]
#FINAL-10-23#