000
CXUS54 KLCH 010930
CF6AEX
PRELIMINARY LOCAL CLIMATOLOGICAL DATA (WS FORM: F-6)
STATION: ALEXANDRIA
MONTH: FEBRUARY
YEAR: 2023
LATITUDE: 31 19 N
LONGITUDE: 92 33 W
TEMPERATURE IN F: :PCPN: SNOW: WIND :SUNSHINE: SKY :PK WND
================================================================================
1 2 3 4 5 6A 6B 7 8 9 10 11 12 13 14 15 16 17 18
12Z AVG MX 2MIN
DY MAX MIN AVG DEP HDD CDD WTR SNW DPTH SPD SPD DIR MIN PSBL S-S WX SPD DR
================================================================================
1 40 37 39 -11 26 0 0.62 0.0 M 7.9 16 30 M M 10 1 23 40
2 42 37 40 -10 25 0 1.29 0.0 M 7.8 14 350 M M 10 13 19 10
3 58 34 46 -5 19 0 T 0.0 M 6.9 15 360 M M 2 1 20 30
4 62 31 47 -4 18 0 0.00 0.0 M 4.5 13 140 M M 0 16 160
5 72 37 55 4 10 0 0.00 0.0 M 2.7 12 250 M M 2 1 13 220
6 72 46 59 8 6 0 0.00 0.0 M 7.5 17 180 M M 3 12 23 150
7 75 50 63 12 2 0 0.00 0.0 M 5.8 13 140 M M 5 16 120
8 78 53 66 15 0 1 2.42 0.0 M 12.4 31 200 M M 8 13 44 220
9 68 43 56 4 9 0 0.00 0.0 M 2.5 16 290 M M 0 19 290
10 67 42 55 3 10 0 0.00 0.0 M 5.8 23 320 M M 2 1 28 330
11 48 43 46 -6 19 0 0.29 M M 11.4 22 320 M M 8 18 29 340
12 63 37 50 -2 15 0 0.00 0.0 M 5.2 14 300 M M 0 1 17 320
13 73 40 57 5 8 0 0.00 0.0 M 4.0 10 220 M M 0 16 250
14 71 52 62 9 3 0 0.15 0.0 M 12.3 29 180 M M 7 1 40 180
15 75 62 69 16 0 4 T 0.0 M 9.7 20 170 M M 10 12 27 190
16 76 48 62 9 3 0 0.45 M M 12.0 24 310 M M 10 13 31 330
17 50 36 43 -10 22 0 T M M 11.2 23 330 M M 2 32 350
18 55 29 42 -12 23 0 0.00 0.0 M 3.4 13 150 M M 0 17 110
19 70 39 55 1 10 0 0.00 0.0 M 7.3 16 250 M M 0 20 270
20 80 60 70 16 0 5 0.00 0.0 M 11.9 22 260 M M 7 29 270
21 80 68 74 20 0 9 0.00 0.0 M 11.1 23 210 M M 9 32 190
22 76 69 73 19 0 8 0.02 0.0 M 14.6 24 190 M M 9 18 36 210
23 83 69 76 21 0 11 T 0.0 M 5.6 14 200 M M 8 18 20 200
24 82 60 71 16 0 6 T 0.0 M 6.5 16 50 M M 9 1 21 40
25 83 59 71 16 0 6 0.00 0.0 M 4.1 12 210 M M 6 16 220
26 81 61 71 15 0 6 0.00 0.0 M 8.2 20 170 M M 7 18 27 180
27 81 65 73 17 0 8 0.00 0.0 M 11.9 22 250 M M 9 18 32 210
28 81 53 67 11 0 2 0.00 0.0 M 5.9 16 200 M M 5 128 23 200
================================================================================
SM 1942 1360 228 66 5.24 0.0 220.1 M 148
================================================================================
AV 69.4 48.6 7.9 FASTST M M 5 MAX(MPH)
MISC ----> 31 200 44 220
================================================================================
NOTES:
# LAST OF SEVERAL OCCURRENCES
COLUMN 17 PEAK WIND IN M.P.H.
PRELIMINARY LOCAL CLIMATOLOGICAL DATA (WS FORM: F-6) , PAGE 2
STATION: ALEXANDRIA
MONTH: FEBRUARY
YEAR: 2023
LATITUDE: 31 19 N
LONGITUDE: 92 33 W
[TEMPERATURE DATA] [PRECIPITATION DATA] SYMBOLS USED IN COLUMN 16
AVERAGE MONTHLY: 59.0 TOTAL FOR MONTH: 5.24 1 = FOG OR MIST
DPTR FM NORMAL: 6.1 DPTR FM NORMAL: 1.02 2 = FOG REDUCING VISIBILITY
HIGHEST: 83 ON 25,23 GRTST 24HR 2.42 ON 8- 8 TO 1/4 MILE OR LESS
LOWEST: 29 ON 18 3 = THUNDER
SNOW, ICE PELLETS, HAIL 4 = ICE PELLETS
TOTAL MONTH: 0.0 INCH 5 = HAIL
GRTST 24HR 0.0 6 = FREEZING RAIN OR DRIZZLE
GRTST DEPTH: M ON M 7 = DUSTSTORM OR SANDSTORM:
VSBY 1/2 MILE OR LESS
8 = SMOKE OR HAZE
[NO. OF DAYS WITH] [WEATHER - DAYS WITH] 9 = BLOWING SNOW
X = TORNADO
MAX 32 OR BELOW: 0 0.01 INCH OR MORE: 7
MAX 90 OR ABOVE: 0 0.10 INCH OR MORE: 6
MIN 32 OR BELOW: 2 0.50 INCH OR MORE: 3
MIN 0 OR BELOW: 0 1.00 INCH OR MORE: 2
[HDD (BASE 65) ]
TOTAL THIS MO. 228 CLEAR (SCALE 0-3) 11
DPTR FM NORMAL -124 PTCLDY (SCALE 4-7) 7
TOTAL FM JUL 1 1171 CLOUDY (SCALE 8-10) 10
DPTR FM NORMAL -449
[CDD (BASE 65) ]
TOTAL THIS MO. 66
DPTR FM NORMAL 52 [PRESSURE DATA]
TOTAL FM JAN 1 101 HIGHEST SLP 30.54 ON 3
DPTR FM NORMAL 88 LOWEST SLP 29.72 ON 22
[REMARKS]
#FINAL-02-23#