000
CXUS54 KFWD 290730
CF6AFW
PRELIMINARY LOCAL CLIMATOLOGICAL DATA (WS FORM: F-6)
STATION: FORT WORTH ALLIANCE
MONTH: MARCH
YEAR: 2024
LATITUDE: 32 58 N
LONGITUDE: 97 19 W
TEMPERATURE IN F: :PCPN: SNOW: WIND :SUNSHINE: SKY :PK WND
================================================================================
1 2 3 4 5 6A 6B 7 8 9 10 11 12 13 14 15 16 17 18
12Z AVG MX 2MIN
DY MAX MIN AVG DEP HDD CDD WTR SNW DPTH SPD SPD DIR MIN PSBL S-S WX SPD DR
================================================================================
1 69 36 53 -1 12 0 0.00 M M 9.1 17 160 M M 1 1 23 170
2 83 48 66 12 0 1 0.00 M M 14.8 26 170 M M 3 32 170
3 80 61 71 17 0 6 0.00 M M 17.3 25 170 M M 5 38 180
4 83 65 74 19 0 9 0.00 M M 13.3 24 180 M M 8 18 32 170
5 77 51 64 9 1 0 0.00 M M 8.5 16 20 M M 3 26 50
6 78 49 64 9 1 0 T M M 6.7 23 170 M M 6 31 190
7 70 58 64 8 1 0 1.78 M M 9.4 29 160 M M 10 13 36 170
8 69 42 56 0 9 0 0.06 M M 13.7 25 330 M M 9 13 37 320
9 59 41 50 -6 15 0 0.00 M M 13.7 25 330 M M 4 30 330
10 65 38 52 -4 13 0 0.00 M M 3.4 9 170 M M 5 13 190
11 69 47 58 1 7 0 T M M 9.1 18 190 M M 6 23 170
12 76 52 64 7 1 0 0.00 M M 15.3 24 190 M M 7 33 170
13 80 63 72 14 0 7 0.00 M M 17.8 25 170 M M 5 34 160
14 81 69 75 17 0 10 0.13 M M 11.6 30 180 M M 9 3 37 180
15 71 54 63 5 2 0 0.52 M M 11.5 26 40 M M 9 13 36 40
16 60 53 57 -1 8 0 0.97 M M 8.1 20 70 M M 10 13 23 70
17 64 51 58 -1 7 0 T M M 10.3 21 20 M M 9 1 33 50
18 59 42 51 -8 14 0 0.00 M M 8.3 20 10 M M 5 32 60
19 67 39 53 -6 12 0 0.00 M M 7.6 16 170 M M 4 20 160
20 72 51 62 2 3 0 0.00 M M 11.3 20 160 M M 8 26 160
21 65 54 60 0 5 0 0.26 M M 8.6 17 170 M M 9 13 28 250
22 70 55 63 3 2 0 0.00 M M 8.1 18 350 M M 7 1 26 350
23 67 45 56 -4 9 0 0.00 M M 7.8 14 360 M M 5 19 60
24 68 59 64 3 1 0 0.42 M M 21.8 33 280 M M 10 13 47 260
25 72 42 57 -4 8 0 0.15 M M 13.8 26 310 M M 6 13 34 320
26 58 36 47 -14 18 0 0.00 M M 9.3 18 310 M M 3 28 310
27 66 39 53 -9 12 0 0.00 M M 6.8 15 40 M M 5 19 40
28 73 39 56 -6 9 0 0.00 M M 9.0 17 170 M M 1 23 170
================================================================================
SM 1971 1379 170 33 4.29 M 306.0 M 172
================================================================================
AV 70.4 49.3 10.9 FASTST M M 6 MAX(MPH)
MISC ----> 33 280 47 260
================================================================================
NOTES:
# LAST OF SEVERAL OCCURRENCES
COLUMN 17 PEAK WIND IN M.P.H.
PRELIMINARY LOCAL CLIMATOLOGICAL DATA (WS FORM: F-6) , PAGE 2
STATION: FORT WORTH ALLIANCE
MONTH: MARCH
YEAR: 2024
LATITUDE: 32 58 N
LONGITUDE: 97 19 W
[TEMPERATURE DATA] [PRECIPITATION DATA] SYMBOLS USED IN COLUMN 16
AVERAGE MONTHLY: 59.8 TOTAL FOR MONTH: 4.29 1 = FOG OR MIST
DPTR FM NORMAL: 1.9 DPTR FM NORMAL: 1.69 2 = FOG REDUCING VISIBILITY
HIGHEST: 83 ON 2, 4 GRTST 24HR 1.83 ON 7- 8 TO 1/4 MILE OR LESS
LOWEST: 36 ON 26, 1 3 = THUNDER
SNOW, ICE PELLETS, HAIL 4 = ICE PELLETS
TOTAL MONTH: M 5 = HAIL
GRTST 24HR M ON M 6 = FREEZING RAIN OR DRIZZLE
GRTST DEPTH: M ON M 7 = DUSTSTORM OR SANDSTORM:
VSBY 1/2 MILE OR LESS
8 = SMOKE OR HAZE
[NO. OF DAYS WITH] [WEATHER - DAYS WITH] 9 = BLOWING SNOW
X = TORNADO
MAX 32 OR BELOW: 0 0.01 INCH OR MORE: 8
MAX 90 OR ABOVE: 0 0.10 INCH OR MORE: 7
MIN 32 OR BELOW: 0 0.50 INCH OR MORE: 3
MIN 0 OR BELOW: 0 1.00 INCH OR MORE: 1
[HDD (BASE 65) ]
TOTAL THIS MO. 170 CLEAR (SCALE 0-3) 3
DPTR FM NORMAL -62 PTCLDY (SCALE 4-7) 17
TOTAL FM JUL 1 1890 CLOUDY (SCALE 8-10) 8
DPTR FM NORMAL -210
[CDD (BASE 65) ]
TOTAL THIS MO. 33
DPTR FM NORMAL -5 [PRESSURE DATA]
TOTAL FM JAN 1 61 HIGHEST SLP M ON M
DPTR FM NORMAL 10 LOWEST SLP 29.42 ON 25
[REMARKS]