000
CXUS52 KFFC 031925
CLMAHN
CLIMATE REPORT
NATIONAL WEATHER SERVICE PEACHTREE CITY GA
325 PM EDT FRI NOV 03 2023
...................................
...THE ATHENS CLIMATE SUMMARY FOR THE MONTH OF OCTOBER 2023...
CLIMATE NORMAL PERIOD: 1991 TO 2020
CLIMATE RECORD PERIOD: 1898 TO 2023
WEATHER OBSERVED NORMAL DEPART LAST YEAR`S
VALUE DATE(S) VALUE FROM VALUE DATE(S)
NORMAL
................................................................
TEMPERATURE (F)
RECORD
HIGH 100 10/03/2019
LOW 1 10/30/2021
HIGHEST 87 10/06 80 7 86 10/07
LOWEST 40 10/09 57 -17 32 10/20
AVG. MAXIMUM 76.4 75.1 1.3 74.3
AVG. MINIMUM 51.3 51.9 -0.6 47.2
MEAN 63.9 63.5 0.4 60.7
DAYS MAX >= 90 0 0.5 -0.5 0
DAYS MAX <= 32 0 0.0 0.0 0
DAYS MIN <= 32 0 0.4 -0.4 1
DAYS MIN <= 0 0 0.0 0.0 0
PRECIPITATION (INCHES)
RECORD
MAXIMUM 11.23 1937
MINIMUM 0.00 1963
TOTALS 1.23 3.34 -2.11 1.30
DAILY AVG. 0.04 0.11 -0.07 0.04
GREATEST
24 HR. TOTAL 0.92 10/11 TO 10/12 0.73 10/12 TO 10/13
SNOWFALL (INCHES)
RECORDS
TOTAL 0.0 2002
24 HR TOTAL 0.0 10/31/2002 TO 10/31/2002
10/01/2001 TO 10/01/2001
TOTALS 0.0 MM MM 0.0
SINCE 7/1 0.0 MM MM MM
SNOWDEPTH AVG. MM MM
DAYS >= TRACE 0 MM MM 0
DAYS >= 1.0 0 MM MM 0
GREATEST
24 HR TOTAL MM MM
DEGREE DAYS
HEATING TOTAL 90 116 -26 142
SINCE 7/1 90 123 -33 MM
COOLING TOTAL 64 69 -5 17
SINCE 1/1 1794 1944 -150 MM
................................................................
WIND (MPH)
AVERAGE WIND SPEED 4.8
HIGHEST WIND SPEED/DIRECTION 20/310 DATE 10/07
20/060 10/12
HIGHEST GUST SPEED/DIRECTION 31/300 DATE 10/14
SKY COVER
POSSIBLE SUNSHINE (PERCENT) MM
AVERAGE SKY COVER 0.24
NUMBER OF DAYS FAIR 20
NUMBER OF DAYS PC 9
NUMBER OF DAYS CLOUDY 2
AVERAGE RH (PERCENT) 67
WEATHER CONDITIONS. NUMBER OF DAYS WITH
THUNDERSTORM 1 MIXED PRECIP 0
HEAVY RAIN 1 RAIN 7
LIGHT RAIN 5 FREEZING RAIN 0
LT FREEZING RAIN 0 HAIL 0
HEAVY SNOW 0 SNOW 0
LIGHT SNOW 0 SLEET 0
FOG 11 FOG W/VIS <= 1/4 MILE 0
HAZE 3
- INDICATES NEGATIVE NUMBERS.
R INDICATES RECORD WAS SET OR TIED.
MM INDICATES DATA IS MISSING.
T INDICATES TRACE AMOUNT.
$$