000
CXAK56 PAJK 011310
CF6AJN
PRELIMINARY LOCAL CLIMATOLOGICAL DATA (WS FORM: F-6)
STATION: JUNEAU
MONTH: JULY
YEAR: 2023
LATITUDE: 58 22 N
LONGITUDE: 134 35 W
TEMPERATURE IN F: :PCPN: SNOW: WIND :SUNSHINE: SKY :PK WND
================================================================================
1 2 3 4 5 6A 6B 7 8 9 10 11 12 13 14 15 16 17 18
12Z AVG MX 2MIN
DY MAX MIN AVG DEP HDD CDD WTR SNW DPTH SPD SPD DIR MIN PSBL S-S WX SPD DR
================================================================================
1 58 44 51 -5 14 0 0.07 0.0 0 4.3 12 110 M M 9 1 16 110
2 62 51 57 1 8 0 0.02 0.0 0 1.8 8 100 M M 10 1 11 100
3 68 52 60 4 5 0 T 0.0 0 4.0 14 230 M M 8 8 19 200
4 67 53 60 4 5 0 T 0.0 0 4.8 12 280 M M 9 18 16 220
5 67 49 58 2 7 0 0.00 0.0 0 6.5 16 250 M M 6 19 240
6 76 48 62 6 3 0 0.00 0.0 0 6.2 14 240 M M 1 20 250
7 85 52 69 13 0 4 0.00 0.0 0 6.0 13 240 M M 1 17 230
8 76 52 64 8 1 0 0.00 0.0 0 8.8 18 290 M M 2 23 290
9 70 51 61 4 4 0 0.00 0.0 0 9.9 17 250 M M 3 22 250
10 65 51 58 1 7 0 0.00 0.0 0 8.3 15 250 M M 7 19 250
11 62 54 58 1 7 0 T 0.0 0 5.7 10 280 M M 10 16 290
12 68 50 59 2 6 0 0.00 0.0 0 2.2 9 100 M M 9 11 100
13 75 50 63 6 2 0 0.00 0.0 0 4.8 13 230 M M 7 23 180
14 78 49 64 7 1 0 0.00 0.0 0 5.2 14 240 M M 6 19 250
15 79 54 67 10 0 2 0.00 0.0 0 4.9 12 230 M M 5 21 260
16 66 52 59 2 6 0 0.25 0.0 0 7.8 17 90 M M 7 1 21 100
17 65 54 60 3 5 0 0.13 0.0 0 6.7 14 90 M M 10 1 17 90
18 68 53 61 4 4 0 0.01 0.0 0 6.5 14 120 M M 9 31 180
19 63 53 58 1 7 0 0.52 0.0 0 4.7 16 110 M M 9 1 20 110
20 72 53 63 6 2 0 0.00 0.0 0 4.6 12 240 M M 8 15 220
21 68 53 61 3 4 0 0.11 0.0 0 4.4 16 90 M M 8 1 23 100
22 66 53 60 2 5 0 0.26 0.0 0 2.6 14 110 M M 9 1 21 120
23 59 51 55 -3 10 0 0.42 0.0 0 9.4 23 120 M M 10 2 32 110
24 66 47 57 -1 8 0 0.00 0.0 0 4.9 15 230 M M 7 12 19 260
25 70 43 57 -1 8 0 0.00 0.0 0 6.3 17 280 M M 6 1 23 280
26 67 56 62 4 3 0 0.00 0.0 0 4.3 12 100 M M 9 16 100
27 71 54 63 5 2 0 0.00 0.0 0 5.3 15 230 M M 7 19 240
28 78 50 64 6 1 0 0.00 0.0 M 4.8 12 260 M M 5 1 16 240
29 79 50 65 7 0 0 0.00 0.0 0 4.2 13 230 M M 4 1 23 190
30 75 53 64 6 1 0 0.00 0.0 0 6.6 18 120 M M 6 1 24 120
31 63 57 60 2 5 0 T 0.0 0 7.6 14 100 M M 10 18 100
================================================================================
SM 2152 1592 141 6 1.79 0.0 174.1 M 217
================================================================================
AV 69.4 51.4 5.6 FASTST M M 7 MAX(MPH)
MISC ----> 23 120 32 110
================================================================================
NOTES:
# LAST OF SEVERAL OCCURRENCES
COLUMN 17 PEAK WIND IN M.P.H.
PRELIMINARY LOCAL CLIMATOLOGICAL DATA (WS FORM: F-6) , PAGE 2
STATION: JUNEAU
MONTH: JULY
YEAR: 2023
LATITUDE: 58 22 N
LONGITUDE: 134 35 W
[TEMPERATURE DATA] [PRECIPITATION DATA] SYMBOLS USED IN COLUMN 16
AVERAGE MONTHLY: 60.4 TOTAL FOR MONTH: 1.79 1 = FOG OR MIST
DPTR FM NORMAL: 3.4 DPTR FM NORMAL: -3.35 2 = FOG REDUCING VISIBILITY
HIGHEST: 85 ON 7 GRTST 24HR 0.53 ON 18-19 TO 1/4 MILE OR LESS
LOWEST: 43 ON 25 3 = THUNDER
SNOW, ICE PELLETS, HAIL 4 = ICE PELLETS
TOTAL MONTH: 0.0 INCH 5 = HAIL
GRTST 24HR 0.0 6 = FREEZING RAIN OR DRIZZLE
GRTST DEPTH: 0 7 = DUSTSTORM OR SANDSTORM:
VSBY 1/2 MILE OR LESS
8 = SMOKE OR HAZE
[NO. OF DAYS WITH] [WEATHER - DAYS WITH] 9 = BLOWING SNOW
X = TORNADO
MAX 32 OR BELOW: 0 0.01 INCH OR MORE: 9
MAX 90 OR ABOVE: 0 0.10 INCH OR MORE: 6
MIN 32 OR BELOW: 0 0.50 INCH OR MORE: 1
MIN 0 OR BELOW: 0 1.00 INCH OR MORE: 0
[HDD (BASE 65) ]
TOTAL THIS MO. 141 CLEAR (SCALE 0-3) 4
DPTR FM NORMAL -107 PTCLDY (SCALE 4-7) 13
TOTAL FM JUL 1 141 CLOUDY (SCALE 8-10) 14
DPTR FM NORMAL -106
[CDD (BASE 65) ]
TOTAL THIS MO. 6
DPTR FM NORMAL 5 [PRESSURE DATA]
TOTAL FM JAN 1 8 HIGHEST SLP 30.38 ON 2
DPTR FM NORMAL 6 LOWEST SLP 29.80 ON 7
[REMARKS]
#FINAL-07-23#