000
CXUS55 KALY 011845
CF6ALB
PRELIMINARY LOCAL CLIMATOLOGICAL DATA (WS FORM: F-6)
STATION: ALBANY NY
MONTH: JUNE
YEAR: 2020
LATITUDE: 42 45 N
LONGITUDE: 73 48 W
TEMPERATURE IN F: :PCPN: SNOW: WIND :SUNSHINE: SKY :PK WND
================================================================================
1 2 3 4 5 6A 6B 7 8 9 10 11 12 13 14 15 16 17 18
12Z AVG MX 2MIN
DY MAX MIN AVG DEP HDD CDD WTR SNW DPTH SPD SPD DIR MIN PSBL S-S WX SPD DR
================================================================================
1 68 41 55 -8 10 0 T 0.0 0 4.8 23 290 M M 7 31 300
2 71 45 58 -5 7 0 0.03 0.0 0 3.0 10 190 M M 9 14 160
3 81 58 70 6 0 5 T 0.0 0 6.3 23 280 M M 8 30 260
4 90 59 75 11 0 10 0.00 0.0 0 5.9 16 260 M M 5 22 270
5 85 71 78 14 0 13 0.07 0.0 0 7.4 15 160 M M 8 3 21 160
6 86 60 73 8 0 8 0.00 0.0 0 11.6 31 320 M M 4 39 320
7 75 54 65 0 0 0 0.00 0.0 0 6.9 18 320 M M 5 23 300
8 81 49 65 0 0 0 0.00 0.0 0 6.6 20 260 M M 4 26 270
9 88 58 73 7 0 8 0.00 0.0 0 5.9 17 360 M M 7 22 360
10 86 59 73 7 0 8 0.02 0.0 0 9.2 20 150 M M 8 30 150
11 88 61 75 9 0 10 0.44 0.0 0 11.5 22 270 M M 7 1 28 150
12 81 55 68 2 0 3 0.00 0.0 0 9.8 24 300 M M 3 29 310
13 66 46 56 -11 9 0 0.00 0.0 0 7.6 17 250 M M 4 20 280
14 71 43 57 -10 8 0 0.00 0.0 0 4.2 10 340 M M 5 15 330
15 78 49 64 -3 1 0 0.00 0.0 0 3.1 12 40 M M 5 14 40
16 83 49 66 -2 0 1 0.00 0.0 0 2.6 10 40 M M 1 1 15 30
17 87 55 71 3 0 6 0.00 0.0 0 3.1 13 150 M M 2 17 160
18 88 62 75 7 0 10 0.00 0.0 0 8.0 17 170 M M 6 22 140
19 88 70 79 11 0 14 0.00 0.0 0 5.7 13 180 M M 7 16 170
20 91 68 80 11 0 15 0.00 0.0 0 4.6 13 190 M M 5 16 170
21 92 69 81 12 0 16 0.00 0.0 0 6.4 13 160 M M 3 18 150
22 95 70 83 14 0 18 0.00 0.0 0 5.5 13 150 M M 3 17 140
23 93 75 84 15 0 19 0.00 0.0 0 12.7 22 160 M M 4 30 160
24 85 65 75 5 0 10 0.37 0.0 0 9.3 18 290 M M 7 1 23 280
25 87 57 72 2 0 7 T 0.0 0 6.7 20 200 M M 5 23 210
26 85 63 74 4 0 9 0.00 0.0 0 4.2 16 220 M M 5 21 290
27 72 61 67 -3 0 2 0.21 0.0 0 3.5 10 110 M M 7 1 14 140
28 77 66 72 2 0 7 0.12 0.0 0 4.2 12 320 M M 8 1238 14 320
29 83 65 74 4 0 9 0.44 0.0 0 6.0 25 330 M M 8 13 36 330
30 81 65 73 2 0 8 0.28 0.0 0 4.3 21 60 M M 9 13 27 40
================================================================================
SM 2482 1768 35 216 1.98 0.0 190.6 M 169
================================================================================
AV 82.7 58.9 6.4 FASTST M M 6 MAX(MPH)
MISC ----> 31 320 39 320
================================================================================
NOTES:
# LAST OF SEVERAL OCCURRENCES
COLUMN 17 PEAK WIND IN M.P.H.
PRELIMINARY LOCAL CLIMATOLOGICAL DATA (WS FORM: F-6) , PAGE 2
STATION: ALBANY NY
MONTH: JUNE
YEAR: 2020
LATITUDE: 42 45 N
LONGITUDE: 73 48 W
[TEMPERATURE DATA] [PRECIPITATION DATA] SYMBOLS USED IN COLUMN 16
AVERAGE MONTHLY: 70.8 TOTAL FOR MONTH: 1.98 1 = FOG OR MIST
DPTR FM NORMAL: 3.6 DPTR FM NORMAL: -1.81 2 = FOG REDUCING VISIBILITY
HIGHEST: 95 ON 22 GRTST 24HR 0.46 ON 10-11 TO 1/4 MILE OR LESS
LOWEST: 41 ON 1 3 = THUNDER
SNOW, ICE PELLETS, HAIL 4 = ICE PELLETS
TOTAL MONTH: 0.0 INCH 5 = HAIL
GRTST 24HR 0.0 6 = FREEZING RAIN OR DRIZZLE
GRTST DEPTH: 0 7 = DUSTSTORM OR SANDSTORM:
VSBY 1/2 MILE OR LESS
8 = SMOKE OR HAZE
[NO. OF DAYS WITH] [WEATHER - DAYS WITH] 9 = BLOWING SNOW
X = TORNADO
MAX 32 OR BELOW: 0 0.01 INCH OR MORE: 9
MAX 90 OR ABOVE: 5 0.10 INCH OR MORE: 6
MIN 32 OR BELOW: 0 0.50 INCH OR MORE: 0
MIN 0 OR BELOW: 0 1.00 INCH OR MORE: 0
[HDD (BASE 65) ]
TOTAL THIS MO. 35 CLEAR (SCALE 0-3) 4
DPTR FM NORMAL -17 PTCLDY (SCALE 4-7) 21
TOTAL FM JUL 1 5850 CLOUDY (SCALE 8-10) 5
DPTR FM NORMAL -831
[CDD (BASE 65) ]
TOTAL THIS MO. 216
DPTR FM NORMAL 98 [PRESSURE DATA]
TOTAL FM JAN 1 293 HIGHEST SLP 30.47 ON 15
DPTR FM NORMAL 145 LOWEST SLP 29.55 ON 3
[REMARKS]
#FINAL-06-20#