000
CXUS51 KALY 010908
CLMALB
CLIMATE REPORT
NATIONAL WEATHER SERVICE ALBANY NY
508 AM EDT SAT JUL 01 2023
...................................
...THE ALBANY NY CLIMATE SUMMARY FOR THE MONTH OF JUNE 2023...
CLIMATE NORMAL PERIOD: 1991 TO 2020
CLIMATE RECORD PERIOD: 1874 TO 2023
WEATHER OBSERVED NORMAL DEPART LAST YEAR`S
VALUE DATE(S) VALUE FROM VALUE DATE(S)
NORMAL
................................................................
TEMPERATURE (F)
RECORD
HIGH 100 06/09/1933
LOW 35 06/01/1945
HIGHEST 93 06/02 93 06/26
LOWEST 44 06/04 47 06/05
06/20
AVG. MAXIMUM 78.2 79.4 -1.2 78.9
AVG. MINIMUM 56.7 57.4 -0.7 56.6
MEAN 67.4 68.4 -1.0 67.8
DAYS MAX >= 90 2 2.2 -0.2 2
DAYS MAX <= 32 0 0.0 0.0 0
DAYS MIN <= 32 0 0.0 0.0 0
DAYS MIN <= 0 0 0.0 0.0 0
PRECIPITATION (INCHES)
RECORD
MAXIMUM 8.74 2006
MINIMUM 0.65 1964
TOTALS 3.06 4.05 -0.99 1.98
DAILY AVG. 0.10 0.07
DAYS >= .01 13 12.2 0.8 9
DAYS >= .10 7 7.7 -0.7 4
DAYS >= .50 2 2.8 -0.8 1
DAYS >= 1.00 1 0.9 0.1 0
GREATEST
24 HR. TOTAL 1.44 06/26 TO 06/27
DEGREE DAYS
HEATING TOTAL 49 37 12 18
SINCE 7/1 5543 6354 -811 MM
COOLING TOTAL 130 139 -9 110
SINCE 1/1 176 182 -6 MM
................................................................
WIND (MPH)
AVERAGE WIND SPEED 5.5
HIGHEST WIND SPEED/DIRECTION 22/310 DATE 06/02
22/350 06/04
22/260 06/13
HIGHEST GUST SPEED/DIRECTION 31/110 DATE 06/25
SKY COVER
AVERAGE SKY COVER 0.72
AVERAGE RH (PERCENT) 67
WEATHER CONDITIONS. NUMBER OF DAYS WITH
THUNDERSTORM 5 MIXED PRECIP 0
HEAVY RAIN 0 RAIN 6
LIGHT RAIN 17 FREEZING RAIN 0
LT FREEZING RAIN 0 HAIL 0
HEAVY SNOW 0 SNOW 0
LIGHT SNOW 0 SLEET 0
FOG 20 FOG W/VIS <= 1/4 MILE 2
HAZE 6
- INDICATES NEGATIVE NUMBERS.
R INDICATES RECORD WAS SET OR TIED.
MM INDICATES DATA IS MISSING.
T INDICATES TRACE AMOUNT.
$$