000
CXUS56 KPDT 011810
CF6ALW
PRELIMINARY LOCAL CLIMATOLOGICAL DATA (WS FORM: F-6)
STATION: WALLA WALLA WA
MONTH: JUNE
YEAR: 2021
LATITUDE: 46 5 N
LONGITUDE: 118 17 W
TEMPERATURE IN F: :PCPN: SNOW: WIND :SUNSHINE: SKY :PK WND
================================================================================
1 2 3 4 5 6A 6B 7 8 9 10 11 12 13 14 15 16 17 18
12Z AVG MX 2MIN
DY MAX MIN AVG DEP HDD CDD WTR SNW DPTH SPD SPD DIR MIN PSBL S-S WX SPD DR
================================================================================
1 95 58 77 13 0 12 0.00 M M 4.8 10 100 M M 0 15 240
2 99 61 80 16 0 15 0.00 M M 5.3 16 190 M M 0 21 190
3 93 71 82 18 0 17 0.00 M M 9.8 17 210 M M 0 23 230
4 87 62 75 11 0 10 0.00 M M 13.1 22 220 M M 0 28 220
5 73 51 62 -2 3 0 0.00 M M 17.5 32 250 M M 3 45 250
6 63 48 56 -9 9 0 0.00 M M 9.6 17 200 M M 5 23 200
7 64 46 55 -10 10 0 0.03 M M 6.1 15 210 M M 6 22 40
8 72 50 61 -4 4 0 0.03 M M 6.2 13 180 M M 4 19 230
9 71 53 62 -3 3 0 0.00 M M 6.9 18 190 M M 6 23 180
10 71 49 60 -5 5 0 0.00 M M 10.8 23 250 M M 2 40 210
11 76 49 63 -3 2 0 0.02 M M 7.7 17 280 M M 4 24 290
12 82 55 69 3 0 4 0.10 M M 7.0 20 20 M M 4 1 26 20
13 93 56 75 9 0 10 0.00 M M 7.0 23 190 M M 0 28 210
14 89 59 74 8 0 9 0.08 M M 8.2 20 250 M M 2 33 260
15 72 55 64 -3 1 0 0.32 M M 9.6 40 260 M M 5 13 55 250
16 78 46 62 -5 3 0 0.00 M M 4.9 9 270 M M 0 14 80
17 86 54 70 3 0 5 0.00 M M 4.5 10 90 M M 0 14 260
18 90 56 73 6 0 8 0.00 M M 5.6 13 180 M M 0 17 230
19 86 61 74 6 0 9 0.00 M M 8.9 16 270 M M 0 28 240
20 90 59 75 7 0 10 0.00 M M 7.0 10 200 M M 0 18 280
21 93 61 77 9 0 12 0.00 M M 6.1 14 250 M M 0 23 23
22 93 70 82 13 0 17 0.00 M M 9.3 20 200 M M 0 25 240
23 95 71 83 14 0 18 0.00 M M 10.2 17 270 M M 0 8 23 260
24 92 69 81 12 0 16 0.00 M M 8.9 17 250 M M 1 24 250
25 92 72 82 12 0 17 0.00 M M 8.1 15 190 M M 2 23 200
26 104 68 86 16 0 21 0.00 M M 11.7 28 40 M M 0 38 30
27 110 69 90 20 0 25 0.00 M M 10.2 24 30 M M 0 31 40
28 113 78 96 25 0 31 0.00 M M 8.1 17 70 M M 0 21 70
29 116 78 97 26 0 32 0.00 M M 7.8 21 30 M M 0 28 30
30 108 80 94 23 0 29 0.03 M M 9.5 23 220 M M 0 3 32 220
================================================================================
SM 2646 1815 40 327 0.61 M 250.4 M 44
================================================================================
AV 88.2 60.5 8.3 FASTST M M 1 MAX(MPH)
MISC ----> 40 260 55 250
================================================================================
NOTES:
# LAST OF SEVERAL OCCURRENCES
COLUMN 17 PEAK WIND IN M.P.H.
PRELIMINARY LOCAL CLIMATOLOGICAL DATA (WS FORM: F-6) , PAGE 2
STATION: WALLA WALLA WA
MONTH: JUNE
YEAR: 2021
LATITUDE: 46 5 N
LONGITUDE: 118 17 W
[TEMPERATURE DATA] [PRECIPITATION DATA] SYMBOLS USED IN COLUMN 16
AVERAGE MONTHLY: 74.4 TOTAL FOR MONTH: 0.61 1 = FOG OR MIST
DPTR FM NORMAL: 7.3 DPTR FM NORMAL: -0.63 2 = FOG REDUCING VISIBILITY
HIGHEST: 116 ON 29 GRTST 24HR 0.40 ON 14-15 TO 1/4 MILE OR LESS
LOWEST: 46 ON 16, 7 3 = THUNDER
SNOW, ICE PELLETS, HAIL 4 = ICE PELLETS
TOTAL MONTH: M 5 = HAIL
GRTST 24HR M ON M 6 = FREEZING RAIN OR DRIZZLE
GRTST DEPTH: M ON M 7 = DUSTSTORM OR SANDSTORM:
VSBY 1/2 MILE OR LESS
8 = SMOKE OR HAZE
[NO. OF DAYS WITH] [WEATHER - DAYS WITH] 9 = BLOWING SNOW
X = TORNADO
MAX 32 OR BELOW: 0 0.01 INCH OR MORE: 7
MAX 90 OR ABOVE: 16 0.10 INCH OR MORE: 2
MIN 32 OR BELOW: 0 0.50 INCH OR MORE: 0
MIN 0 OR BELOW: 0 1.00 INCH OR MORE: 0
[HDD (BASE 65) ]
TOTAL THIS MO. 40 CLEAR (SCALE 0-3) 23
DPTR FM NORMAL -14 PTCLDY (SCALE 4-7) 7
TOTAL FM JUL 1 4720 CLOUDY (SCALE 8-10) 0
DPTR FM NORMAL -77
[CDD (BASE 65) ]
TOTAL THIS MO. 327
DPTR FM NORMAL 211 [PRESSURE DATA]
TOTAL FM JAN 1 359 HIGHEST SLP 30.34 ON 16
DPTR FM NORMAL 204 LOWEST SLP 28.33 ON 30
[REMARKS]
#FINAL-06-21#