000
CXUS53 KDMX 240810
CF6AMW
PRELIMINARY LOCAL CLIMATOLOGICAL DATA (WS FORM: F-6)
STATION: AMES IA
MONTH: APRIL
YEAR: 2024
LATITUDE: 41 59 N
LONGITUDE: 93 37 W
TEMPERATURE IN F: :PCPN: SNOW: WIND :SUNSHINE: SKY :PK WND
================================================================================
1 2 3 4 5 6A 6B 7 8 9 10 11 12 13 14 15 16 17 18
12Z AVG MX 2MIN
DY MAX MIN AVG DEP HDD CDD WTR SNW DPTH SPD SPD DIR MIN PSBL S-S WX SPD DR
================================================================================
1 46 40 43 -1 22 0 0.02 0.0 0 11.9 20 80 M M 10 1 30 60
2 48 33 41 -3 24 0 0.21 M 0 17.8 30 330 M M 8 1 40 340
3 55 34 45 0 20 0 T M 0 23.0 38 330 M M 4 54 340
4 57 29 43 -2 22 0 0.00 0.0 0 11.2 25 350 M M 1 36 350
5 57 25 41 -5 24 0 0.00 0.0 0 6.4 15 120 M M 0 23 70
6 61 35 48 2 17 0 0.07 0.0 0 20.0 31 120 M M 1 46 120
7 65 44 55 9 10 0 0.21 0.0 0 16.1 28 200 M M 8 3 40 190
8 66 44 55 8 10 0 0.00 0.0 0 14.6 25 310 M M 5 35 310
9 68 35 52 5 13 0 0.00 0.0 0 9.4 18 290 M M 1 25 310
10 73 34 54 6 11 0 0.00 0.0 0 5.9 18 250 M M 3 23 250
11 58 46 52 4 13 0 T 0.0 0 18.9 29 320 M M 5 42 290
12 67 37 52 4 13 0 0.00 0.0 0 12.2 28 320 M M 0 8 35 340
13 84 33 59 11 6 0 0.00 0.0 0 11.6 28 180 M M 0 36 170
14 87 50 69 20 0 4 0.00 0.0 0 10.9 21 340 M M 0 28 340
15 82 44 63 14 2 0 0.00 0.0 0 12.1 24 110 M M 0 8 34 120
16 75 57 66 16 0 1 1.57 0.0 0 16.2 35 220 M M 7 123 43 220
17 65 46 56 6 9 0 T 0.0 0 15.7 30 310 M M 6 1 39 280
18 55 38 47 -3 18 0 0.43 0.0 0 10.7 23 310 M M 7 18 31 320
19 55 32 44 -7 21 0 0.00 0.0 0 14.5 29 300 M M 0 44 290
20 48 32 40 -11 25 0 0.00 0.0 0 11.2 22 320 M M 0 32 330
21 63 31 47 -4 18 0 0.00 0.0 0 9.4 18 320 M M M 24 300
22 70 34 52 0 13 0 0.00 0.0 0 15.6 35 210 M M 9 46 190
23 69 42 56 4 9 0 0.00 0.0 0 13.8 35 290 M M 2 46 290
================================================================================
SM 1474 875 320 5 2.51 0.0 309.1 M 77
================================================================================
AV 64.1 38.0 13.4 FASTST M M 4 MAX(MPH)
MISC ----> 38 330 54 340
================================================================================
NOTES:
# LAST OF SEVERAL OCCURRENCES
COLUMN 17 PEAK WIND IN M.P.H.
PRELIMINARY LOCAL CLIMATOLOGICAL DATA (WS FORM: F-6) , PAGE 2
STATION: AMES IA
MONTH: APRIL
YEAR: 2024
LATITUDE: 41 59 N
LONGITUDE: 93 37 W
[TEMPERATURE DATA] [PRECIPITATION DATA] SYMBOLS USED IN COLUMN 16
AVERAGE MONTHLY: 51.1 TOTAL FOR MONTH: 2.51 1 = FOG OR MIST
DPTR FM NORMAL: 2.9 DPTR FM NORMAL: -0.32 2 = FOG REDUCING VISIBILITY
HIGHEST: 87 ON 14 GRTST 24HR 1.57 ON 16-16 TO 1/4 MILE OR LESS
LOWEST: 25 ON 5 3 = THUNDER
SNOW, ICE PELLETS, HAIL 4 = ICE PELLETS
TOTAL MONTH: 0.0 INCH 5 = HAIL
GRTST 24HR 0.0 6 = FREEZING RAIN OR DRIZZLE
GRTST DEPTH: 0 7 = DUSTSTORM OR SANDSTORM:
VSBY 1/2 MILE OR LESS
8 = SMOKE OR HAZE
[NO. OF DAYS WITH] [WEATHER - DAYS WITH] 9 = BLOWING SNOW
X = TORNADO
MAX 32 OR BELOW: 0 0.01 INCH OR MORE: 6
MAX 90 OR ABOVE: 0 0.10 INCH OR MORE: 4
MIN 32 OR BELOW: 5 0.50 INCH OR MORE: 1
MIN 0 OR BELOW: 0 1.00 INCH OR MORE: 1
[HDD (BASE 65) ]
TOTAL THIS MO. 320 CLEAR (SCALE 0-3) 12
DPTR FM NORMAL -71 PTCLDY (SCALE 4-7) 7
TOTAL FM JUL 1 5146 CLOUDY (SCALE 8-10) 4
DPTR FM NORMAL -1313
[CDD (BASE 65) ]
TOTAL THIS MO. 5
DPTR FM NORMAL 5 [PRESSURE DATA]
TOTAL FM JAN 1 5 HIGHEST SLP M ON M
DPTR FM NORMAL 4 LOWEST SLP 29.32 ON 16
[REMARKS]