000
CXAK56 PAFC 020114
CF6ANC
PRELIMINARY LOCAL CLIMATOLOGICAL DATA (WS FORM: F-6)
STATION: ANCHORAGE AK
MONTH: MAY
YEAR: 2021
LATITUDE: 61 10 N
LONGITUDE: 150 2 W
TEMPERATURE IN F: :PCPN: SNOW: WIND :SUNSHINE: SKY :PK WND
================================================================================
1 2 3 4 5 6A 6B 7 8 9 10 11 12 13 14 15 16 17 18
12Z AVG MX 2MIN
DY MAX MIN AVG DEP HDD CDD WTR SNW DPTH SPD SPD DIR MIN PSBL S-S WX SPD DR
================================================================================
1 51 26 39 -5 26 0 0.00 0.0 0 6.8 20 150 M M 5 30 160
2 51 33 42 -2 23 0 0.00 0.0 0 6.0 16 150 M M 7 29 150
3 54 33 44 0 21 0 0.00 0.0 0 7.0 18 150 M M 8 33 160
4 50 39 45 0 20 0 0.04 0.0 0 8.6 23 150 M M 9 33 140
5 50 31 41 -4 24 0 0.00 0.0 0 4.5 12 230 M M 7 24 200
6 51 36 44 -1 21 0 0.00 0.0 0 5.6 10 290 M M 7 18 340
7 55 39 47 1 18 0 0.02 0.0 0 11.1 23 150 M M 7 33 150
8 55 42 49 3 16 0 T 0.0 0 8.2 15 160 M M 10 32 160
9 55 44 50 4 15 0 0.00 0.0 0 9.9 22 160 M M 8 35 160
10 53 44 49 2 16 0 T 0.0 0 11.6 21 150 M M 9 35 160
11 55 41 48 1 17 0 T 0.0 0 10.4 21 150 M M 8 33 160
12 55 41 48 1 17 0 0.00 0.0 0 8.4 18 160 M M 7 34 170
13 59 43 51 4 14 0 0.00 0.0 0 6.8 18 180 M M 4 22 170
14 58 45 52 4 13 0 0.00 0.0 0 14.9 26 160 M M 7 42 160
15 54 42 48 0 17 0 0.01 0.0 0 7.9 21 140 M M 9 31 140
16 54 40 47 -1 18 0 0.00 0.0 0 6.1 13 240 M M 6 20 200
17 58 35 47 -1 18 0 0.00 0.0 0 4.9 12 300 M M 5 22 340
18 59 37 48 -1 17 0 0.00 0.0 0 4.9 13 260 M M 6 17 250
19 58 36 47 -2 18 0 0.01 0.0 0 10.4 24 160 M M 9 36 160
20 50 42 46 -3 19 0 0.08 0.0 0 6.9 14 290 M M 10 20 220
21 53 43 48 -2 17 0 0.05 0.0 0 12.0 23 140 M M 9 35 150
22 54 41 48 -2 17 0 T 0.0 0 7.9 16 150 M M 8 24 170
23 60 36 48 -2 17 0 0.00 0.0 0 5.5 17 20 M M 4 21 10
24 66 41 54 4 11 0 0.00 0.0 0 6.7 13 220 M M 1 19 190
25 71 42 57 6 8 0 0.00 0.0 0 7.3 20 210 M M 3 33 210
26 63 45 54 3 11 0 0.00 0.0 0 6.7 16 150 M M 3 27 200
27 55 47 51 0 14 0 0.00 0.0 0 10.7 24 150 M M 7 39 150
28 51 45 48 -3 17 0 0.28 0.0 0 9.8 22 140 M M 10 1 33 150
29 47 44 46 -6 19 0 0.58 0.0 0 6.2 14 350 M M 10 1 18 350
30 60 44 52 0 13 0 T 0.0 0 7.8 18 150 M M 8 33 150
31 65 48 57 5 8 0 0.02 0.0 0 7.6 17 160 M M 8 32 160
================================================================================
SM 1730 1245 520 0 1.09 0.0 249.1 M 219
================================================================================
AV 55.8 40.2 8.0 FASTST M M 7 MAX(MPH)
MISC ----> 26 160 42 160
================================================================================
NOTES:
# LAST OF SEVERAL OCCURRENCES
COLUMN 17 PEAK WIND IN M.P.H.
PRELIMINARY LOCAL CLIMATOLOGICAL DATA (WS FORM: F-6) , PAGE 2
STATION: ANCHORAGE AK
MONTH: MAY
YEAR: 2021
LATITUDE: 61 10 N
LONGITUDE: 150 2 W
[TEMPERATURE DATA] [PRECIPITATION DATA] SYMBOLS USED IN COLUMN 16
AVERAGE MONTHLY: 48.0 TOTAL FOR MONTH: 1.09 1 = FOG OR MIST
DPTR FM NORMAL: -0.1 DPTR FM NORMAL: 0.44 2 = FOG REDUCING VISIBILITY
HIGHEST: 71 ON 25 GRTST 24HR 0.66 ON 28-29 TO 1/4 MILE OR LESS
LOWEST: 26 ON 1 3 = THUNDER
SNOW, ICE PELLETS, HAIL 4 = ICE PELLETS
TOTAL MONTH: T 5 = HAIL
GRTST 24HR 0.0 6 = FREEZING RAIN OR DRIZZLE
GRTST DEPTH: 0 7 = DUSTSTORM OR SANDSTORM:
VSBY 1/2 MILE OR LESS
8 = SMOKE OR HAZE
[NO. OF DAYS WITH] [WEATHER - DAYS WITH] 9 = BLOWING SNOW
X = TORNADO
MAX 32 OR BELOW: 0 0.01 INCH OR MORE: 9
MAX 90 OR ABOVE: 0 0.10 INCH OR MORE: 2
MIN 32 OR BELOW: 2 0.50 INCH OR MORE: 1
MIN 0 OR BELOW: 0 1.00 INCH OR MORE: 0
[HDD (BASE 65) ]
TOTAL THIS MO. 520 CLEAR (SCALE 0-3) 2
DPTR FM NORMAL -2 PTCLDY (SCALE 4-7) 17
TOTAL FM JUL 1 9746 CLOUDY (SCALE 8-10) 12
DPTR FM NORMAL 41
[CDD (BASE 65) ]
TOTAL THIS MO. 0
DPTR FM NORMAL 0 [PRESSURE DATA]
TOTAL FM JAN 1 0 HIGHEST SLP 30.20 ON 24
DPTR FM NORMAL 0 LOWEST SLP 29.41 ON 31
[REMARKS]
#FINAL-05-21#