000
CXUS52 KGSP 011709
CF6AND
PRELIMINARY LOCAL CLIMATOLOGICAL DATA (WS FORM: F-6)
STATION: ANDERSON SC
MONTH: NOVEMBER
YEAR: 2022
LATITUDE: 34 30 N
LONGITUDE: 82 43 W
TEMPERATURE IN F: :PCPN: SNOW: WIND :SUNSHINE: SKY :PK WND
================================================================================
1 2 3 4 5 6A 6B 7 8 9 10 11 12 13 14 15 16 17 18
12Z AVG MX 2MIN
DY MAX MIN AVG DEP HDD CDD WTR SNW DPTH SPD SPD DIR MIN PSBL S-S WX SPD DR
================================================================================
1 75 55 65 9 0 0 0.00 M M 2.3 9 240 M M 4 1 15 240
2 72 54 63 7 2 0 T M M 4.0 13 80 M M 1 15 80
3 75 53 64 8 1 0 0.00 M M 4.3 12 60 M M 1 15 50
4 76 51 64 9 1 0 0.00 M M 5.2 15 60 M M 3 18 80
5 74 61 68 13 0 3 0.14 M M 7.4 20 130 M M 8 1 25 140
6 81 66 74 19 0 9 0.03 M M 3.2 18 130 M M 5 1 27 150
7 84 64 74 20 0 9 0.03 M M 2.2 14 320 M M 7 12 19 340
8 77 57 67 13 0 2 0.00 M M 11.4 23 70 M M 2 28 60
9 67 50 59 5 6 0 0.00 M M 12.6 24 60 M M 2 32 70
10 65 58 62 9 3 0 0.21 M M 15.4 25 60 M M 10 1 32 60
11 70 62 66 13 0 1 1.00 M M 12.2 22 60 M M 8 1 31 50
12 72 46 59 6 6 0 T M M 9.8 20 250 M M 4 26 250
13 57 37 47 -5 18 0 0.00 M M 7.3 14 70 M M 0 19 60
14 52 32 42 -10 23 0 0.00 M M 8.4 17 80 M M 2 26 30
15 47 43 45 -7 20 0 0.38 M M 7.1 18 60 M M 10 1 22 60
16 57 39 48 -4 17 0 0.00 M M 6.7 16 280 M M 5 1 22 280
17 50 28 39 -12 26 0 0.00 M M 3.6 12 320 M M 0 16 230
18 54 25 40 -11 25 0 0.00 M M 3.1 12 200 M M 0 15 250
19 56 31 44 -7 21 0 0.00 M M 8.1 20 250 M M 0 25 260
20 49 29 39 -12 26 0 0.00 M M 2.8 16 250 M M 0 21 250
21 57 26 42 -8 23 0 0.00 M M 1.8 9 110 M M 0 13 100
22 63 33 48 -2 17 0 T M M 1.4 8 290 M M 3 11 300
23 70 34 52 2 13 0 0.00 M M 3.0 10 60 M M 1 12 40
24 64 42 53 3 12 0 T M M 7.6 15 80 M M 8 19 70
25 69 49 59 10 6 0 0.09 M M 2.3 9 320 M M 5 12 40
26 67 39 53 4 12 0 T M M 3.7 12 180 M M 2 14 150
27 72 51 62 13 3 0 0.89 M M 10.4 29 240 M M 6 13 36 240
28 66 45 56 7 9 0 0.00 M M 7.7 15 260 M M 2 20 250
29 65 39 52 4 13 0 0.27 M M 4.6 14 40 M M 2 1 18 40
30 66 44 55 7 10 0 1.72 M M 10.1 20 250 M M 6 13 24 280
================================================================================
SM 1969 1343 313 24 4.76 M 189.7 M 107
================================================================================
AV 65.6 44.8 6.3 FASTST M M 4 MAX(MPH)
MISC ----> 29 240 36 240
================================================================================
NOTES:
# LAST OF SEVERAL OCCURRENCES
COLUMN 17 PEAK WIND IN M.P.H.
PRELIMINARY LOCAL CLIMATOLOGICAL DATA (WS FORM: F-6) , PAGE 2
STATION: ANDERSON SC
MONTH: NOVEMBER
YEAR: 2022
LATITUDE: 34 30 N
LONGITUDE: 82 43 W
[TEMPERATURE DATA] [PRECIPITATION DATA] SYMBOLS USED IN COLUMN 16
AVERAGE MONTHLY: 55.2 TOTAL FOR MONTH: 4.76 1 = FOG OR MIST
DPTR FM NORMAL: 3.3 DPTR FM NORMAL: 1.16 2 = FOG REDUCING VISIBILITY
HIGHEST: 84 ON 7 GRTST 24HR 1.99 ON 29-30 TO 1/4 MILE OR LESS
LOWEST: 25 ON 18 3 = THUNDER
SNOW, ICE PELLETS, HAIL 4 = ICE PELLETS
TOTAL MONTH: M 5 = HAIL
GRTST 24HR M ON M 6 = FREEZING RAIN OR DRIZZLE
GRTST DEPTH: M ON M 7 = DUSTSTORM OR SANDSTORM:
VSBY 1/2 MILE OR LESS
8 = SMOKE OR HAZE
[NO. OF DAYS WITH] [WEATHER - DAYS WITH] 9 = BLOWING SNOW
X = TORNADO
MAX 32 OR BELOW: 0 0.01 INCH OR MORE: 10
MAX 90 OR ABOVE: 0 0.10 INCH OR MORE: 7
MIN 32 OR BELOW: 6 0.50 INCH OR MORE: 3
MIN 0 OR BELOW: 0 1.00 INCH OR MORE: 2
[HDD (BASE 65) ]
TOTAL THIS MO. 313 CLEAR (SCALE 0-3) 16
DPTR FM NORMAL -84 PTCLDY (SCALE 4-7) 10
TOTAL FM JUL 1 475 CLOUDY (SCALE 8-10) 4
DPTR FM NORMAL -68
[CDD (BASE 65) ]
TOTAL THIS MO. 24
DPTR FM NORMAL 19 [PRESSURE DATA]
TOTAL FM JAN 1 2037 HIGHEST SLP 30.50 ON 21
DPTR FM NORMAL 231 LOWEST SLP 29.54 ON 11
[REMARKS]
#FINAL-11-22#