000
CXUS52 KGSP 011552
CF6AND
PRELIMINARY LOCAL CLIMATOLOGICAL DATA (WS FORM: F-6)
STATION: ANDERSON SC
MONTH: JULY
YEAR: 2021
LATITUDE: 34 30 N
LONGITUDE: 82 43 W
TEMPERATURE IN F: :PCPN: SNOW: WIND :SUNSHINE: SKY :PK WND
================================================================================
1 2 3 4 5 6A 6B 7 8 9 10 11 12 13 14 15 16 17 18
12Z AVG MX 2MIN
DY MAX MIN AVG DEP HDD CDD WTR SNW DPTH SPD SPD DIR MIN PSBL S-S WX SPD DR
================================================================================
1 89 70 80 0 0 15 0.99 M M 9.2 18 190 M M 2 13 24 180
2 83 68 76 -4 0 11 0.28 M M 5.6 15 200 M M 6 13 18 220
3 83 65 74 -6 0 9 0.00 M M 4.3 13 60 M M 2 17 40
4 85 62 74 -6 0 9 0.00 M M 3.7 10 270 M M 1 18 16 270
5 89 65 77 -3 0 12 0.00 M M 1.6 8 160 M M 1 1 12 50
6 89 66 78 -2 0 13 0.00 M M 2.3 9 150 M M 0 14 160
7 87 70 79 -1 0 14 0.34 M M 5.0 21 180 M M 4 1 28 190
8 86 69 78 -2 0 13 0.53 M M 7.2 15 230 M M 5 1 20 230
9 85 71 78 -2 0 13 0.02 M M 8.0 17 280 M M 1 23 290
10 89 67 78 -2 0 13 0.00 M M 3.4 22 230 M M 1 1 28 230
11 87 70 79 -1 0 14 0.03 M M 5.8 18 230 M M 5 13 24 230
12 88 70 79 -1 0 14 0.52 M M 6.6 28 220 M M 4 13 39 220
13 84 68 76 -4 0 11 0.00 M M 2.3 10 210 M M 4 15 190
14 89 69 79 -1 0 14 0.00 M M 3.7 12 190 M M 1 20 240
15 89 69 79 -1 0 14 0.03 M M 4.0 14 260 M M 2 18 270
16 91 71 81 1 0 16 0.00 M M 5.0 17 180 M M 1 1 23 50
17 90 71 81 1 0 16 0.08 M M 6.3 17 280 M M 2 3 22 210
18 86 71 79 -1 0 14 0.63 M M 5.8 14 330 M M 5 13 18 300
19 85 70 78 -2 0 13 0.83 M M 5.0 12 70 M M 8 13 16 360
20 78 70 74 -6 0 9 0.72 M M 6.8 13 60 M M 8 1 17 60
21 87 69 78 -2 0 13 0.00 M M 3.4 12 240 M M 1 18 13 240
22 90 70 80 0 0 15 0.00 M M 2.5 13 80 M M 1 17 70
23 89 73 81 1 0 16 0.63 M M 3.2 16 100 M M 4 13 19 100
24 89 73 81 1 0 16 0.02 M M 4.3 14 180 M M 6 1 17 190
25 89 72 81 1 0 16 0.09 M M 3.5 10 200 M M 4 1 21 170
26 91 74 83 3 0 18 0.47 M M 4.4 29 310 M M 3 13 38 320
27 90 73 82 2 0 17 T M M 3.3 12 70 M M 2 3 14 110
28 93 72 83 3 0 18 0.00 M M 2.6 10 50 M M 1 14 40
29 94 74 84 4 0 19 0.00 M M 3.6 13 210 M M 0 1 16 210
30 92 73 83 3 0 18 0.00 M M 3.7 12 280 M M 0 19 90
31 90 75 83 3 0 18 0.00 M M 3.9 13 70 M M 1 1 14 70
================================================================================
SM 2726 2170 0 441 6.21 M 140.0 M 86
================================================================================
AV 87.9 70.0 4.5 FASTST M M 3 MAX(MPH)
MISC ----> 29 310 39 220
================================================================================
NOTES:
# LAST OF SEVERAL OCCURRENCES
COLUMN 17 PEAK WIND IN M.P.H.
PRELIMINARY LOCAL CLIMATOLOGICAL DATA (WS FORM: F-6) , PAGE 2
STATION: ANDERSON SC
MONTH: JULY
YEAR: 2021
LATITUDE: 34 30 N
LONGITUDE: 82 43 W
[TEMPERATURE DATA] [PRECIPITATION DATA] SYMBOLS USED IN COLUMN 16
AVERAGE MONTHLY: 79.0 TOTAL FOR MONTH: 6.21 1 = FOG OR MIST
DPTR FM NORMAL: -1.3 DPTR FM NORMAL: 2.45 2 = FOG REDUCING VISIBILITY
HIGHEST: 94 ON 29 GRTST 24HR 1.48 ON 19-20 TO 1/4 MILE OR LESS
LOWEST: 62 ON 4 3 = THUNDER
SNOW, ICE PELLETS, HAIL 4 = ICE PELLETS
TOTAL MONTH: M 5 = HAIL
GRTST 24HR M ON M 6 = FREEZING RAIN OR DRIZZLE
GRTST DEPTH: M ON M 7 = DUSTSTORM OR SANDSTORM:
VSBY 1/2 MILE OR LESS
8 = SMOKE OR HAZE
[NO. OF DAYS WITH] [WEATHER - DAYS WITH] 9 = BLOWING SNOW
X = TORNADO
MAX 32 OR BELOW: 0 0.01 INCH OR MORE: 16
MAX 90 OR ABOVE: 9 0.10 INCH OR MORE: 10
MIN 32 OR BELOW: 0 0.50 INCH OR MORE: 7
MIN 0 OR BELOW: 0 1.00 INCH OR MORE: 0
[HDD (BASE 65) ]
TOTAL THIS MO. 0 CLEAR (SCALE 0-3) 19
DPTR FM NORMAL 0 PTCLDY (SCALE 4-7) 11
TOTAL FM JUL 1 0 CLOUDY (SCALE 8-10) 1
DPTR FM NORMAL 0
[CDD (BASE 65) ]
TOTAL THIS MO. 441
DPTR FM NORMAL -32 [PRESSURE DATA]
TOTAL FM JAN 1 987 HIGHEST SLP 30.31 ON 13
DPTR FM NORMAL -62 LOWEST SLP 29.78 ON 2
[REMARKS]
#FINAL-07-21#