000
CXUS53 KAPX 010830
CF6ANJ
PRELIMINARY LOCAL CLIMATOLOGICAL DATA (WS FORM: F-6)
STATION: SAULT STE MARIE MI
MONTH: FEBRUARY
YEAR: 2022
LATITUDE: 46 28 N
LONGITUDE: 84 21 W
TEMPERATURE IN F: :PCPN: SNOW: WIND :SUNSHINE: SKY :PK WND
================================================================================
1 2 3 4 5 6A 6B 7 8 9 10 11 12 13 14 15 16 17 18
12Z AVG MX 2MIN
DY MAX MIN AVG DEP HDD CDD WTR SNW DPTH SPD SPD DIR MIN PSBL S-S WX SPD DR
================================================================================
1 42 21 32 17 33 0 0.00 0.0 20 13.1 25 210 M M 5 38 200
2 30 15 23 7 42 0 0.02 0.3 19 11.1 21 300 M M 10 8 31 300
3 15 -2 7 -9 58 0 0.01 0.1 18 6.5 15 330 M M 2 21 320
4 8 -8 0 -16 65 0 0.00 0.0 18 3.1 8 120 M M 4 12 100
5 20 -9 6 -10 59 0 0.08 1.0 18 6.2 16 130 M M 6 8 25 140
6 26 20 23 7 42 0 0.16 1.9 19 3.8 17 130 M M 10 18 26 130
7 27 22 25 9 40 0 T T 22 3.7 13 300 M M 10 18 18 310
8 29 13 21 5 44 0 T T 22 5.7 14 120 M M 6 8 20 130
9 35 22 29 13 36 0 0.22 2.5 22 6.8 15 310 M M 10 18 22 290
10 32 21 27 10 38 0 0.07 1.0 24 8.8 23 290 M M 10 8 36 300
11 34 7 21 4 44 0 0.25 3.5 27 9.8 18 20 M M 10 18 29 40
12 7 -9 -1 -18 66 0 0.01 0.1 27 6.5 17 360 M M 2 25 360
13 6 -11 -2 -19 67 0 0.00 0.0 27 2.7 8 180 M M 1 13 60
14 16 -11 3 -15 62 0 0.08 1.2 26 3.3 10 320 M M 6 8 15 320
15 19 -2 9 -9 56 0 0.05 0.6 26 6.3 18 110 M M 5 30 140
16 43 18 31 13 34 0 0.09 1.2 25 9.3 18 310 M M 9 18 27 300
17 29 9 19 1 46 0 T T 23 11.7 18 330 M M 7 28 340
18 15 -7 4 -14 61 0 0.25 3.5 23 8.4 17 110 M M 4 28 110
19 18 3 11 -8 54 0 0.14 2.3 29 11.7 25 330 M M 6 8 39 330
20 35 14 25 6 40 0 0.23 3.8 32 11.5 24 300 M M 10 18 35 290
21 21 5 13 -6 52 0 0.02 0.2 32 9.5 17 60 M M 8 8 33 60
22 11 7 9 -11 56 0 0.30 4.4 33 8.8 16 60 M M 10 8 27 50
23 12 -4 4 -16 61 0 0.01 0.1 36 7.6 16 360 M M 3 8 23 360
24 19 -9 5 -15 60 0 0.00 0.0 33 3.7 10 150 M M 5 13 150
25 24 7 16 -4 49 0 T T 32 4.6 15 320 M M 5 24 270
26 30 0 15 -6 50 0 0.00 0.0 32 10.5 23 230 M M 1 33 240
27 31 11 21 0 44 0 0.06 1.3 32 11.2 24 290 M M 9 8 40 280
28 20 0 10 -11 55 0 0.13 1.7 32 6.1 14 130 M M 7 8 22 100
================================================================================
SM 654 143 1414 0 2.18 30.7 212.0 M 181
================================================================================
AV 23.4 5.1 7.6 FASTST M M 6 MAX(MPH)
MISC ----> # 25 210 40 280
================================================================================
NOTES:
# LAST OF SEVERAL OCCURRENCES
COLUMN 17 PEAK WIND IN M.P.H.
PRELIMINARY LOCAL CLIMATOLOGICAL DATA (WS FORM: F-6) , PAGE 2
STATION: SAULT STE MARIE MI
MONTH: FEBRUARY
YEAR: 2022
LATITUDE: 46 28 N
LONGITUDE: 84 21 W
[TEMPERATURE DATA] [PRECIPITATION DATA] SYMBOLS USED IN COLUMN 16
AVERAGE MONTHLY: 14.2 TOTAL FOR MONTH: 2.18 1 = FOG OR MIST
DPTR FM NORMAL: -3.6 DPTR FM NORMAL: 0.67 2 = FOG REDUCING VISIBILITY
HIGHEST: 43 ON 16 GRTST 24HR 0.30 ON 21-22 TO 1/4 MILE OR LESS
LOWEST: -11 ON 14,13 3 = THUNDER
SNOW, ICE PELLETS, HAIL 4 = ICE PELLETS
TOTAL MONTH: 30.7 INCHES 5 = HAIL
GRTST 24HR 4.4 ON 22-22 6 = FREEZING RAIN OR DRIZZLE
GRTST DEPTH: 36 ON 23 7 = DUSTSTORM OR SANDSTORM:
VSBY 1/2 MILE OR LESS
8 = SMOKE OR HAZE
[NO. OF DAYS WITH] [WEATHER - DAYS WITH] 9 = BLOWING SNOW
X = TORNADO
MAX 32 OR BELOW: 23 0.01 INCH OR MORE: 19
MAX 90 OR ABOVE: 0 0.10 INCH OR MORE: 8
MIN 32 OR BELOW: 28 0.50 INCH OR MORE: 0
MIN 0 OR BELOW: 12 1.00 INCH OR MORE: 0
[HDD (BASE 65) ]
TOTAL THIS MO. 1414 CLEAR (SCALE 0-3) 5
DPTR FM NORMAL 94 PTCLDY (SCALE 4-7) 13
TOTAL FM JUL 1 5559 CLOUDY (SCALE 8-10) 10
DPTR FM NORMAL -386
[CDD (BASE 65) ]
TOTAL THIS MO. 0
DPTR FM NORMAL 0 [PRESSURE DATA]
TOTAL FM JAN 1 0 HIGHEST SLP 30.69 ON 24
DPTR FM NORMAL 0 LOWEST SLP 29.27 ON 11
[REMARKS]
#FINAL-02-22#