000
CXUS55 KBOU 011000
CF6APA
PRELIMINARY LOCAL CLIMATOLOGICAL DATA (WS FORM: F-6)
STATION: CENTENNIAL CO
MONTH: NOVEMBER
YEAR: 2021
LATITUDE: 39 33 N
LONGITUDE: 104 51 W
TEMPERATURE IN F: :PCPN: SNOW: WIND :SUNSHINE: SKY :PK WND
================================================================================
1 2 3 4 5 6A 6B 7 8 9 10 11 12 13 14 15 16 17 18
12Z AVG MX 2MIN
DY MAX MIN AVG DEP HDD CDD WTR SNW DPTH SPD SPD DIR MIN PSBL S-S WX SPD DR
================================================================================
1 37 32 35 -9 30 0 T M M 5.9 14 350 M M 9 17 350
2 43 30 37 -7 28 0 T M M 2.9 9 350 M M 9 1 12 360
3 58 32 45 1 20 0 0.00 M M 4.9 12 160 M M 3 16 160
4 67 33 50 7 15 0 0.00 M M 4.9 14 200 M M 3 18 200
5 72 39 56 13 9 0 0.00 M M 6.7 13 180 M M 2 20 120
6 76 34 55 12 10 0 0.00 M M 7.8 20 220 M M 2 26 200
7 75 44 60 18 5 0 0.00 M M 10.4 22 210 M M 4 30 210
8 54 31 43 1 22 0 0.00 M M 5.7 15 320 M M 4 23 330
9 61 27 44 2 21 0 0.00 M M 4.6 12 340 M M 5 14 10
10 55 33 44 3 21 0 0.00 M M 11.5 30 290 M M 4 40 280
11 54 33 44 3 21 0 0.00 M M 14.0 30 310 M M 3 42 310
12 56 22 39 -2 26 0 0.00 M M 7.5 21 330 M M 4 27 340
13 64 37 51 11 14 0 0.00 M M 10.9 33 280 M M 5 49 270
14 66 28 47 7 18 0 0.00 M M 6.2 22 310 M M 6 28 310
15 69 45 57 17 8 0 0.00 M M 7.0 23 300 M M 7 32 270
16 69 39 54 15 11 0 0.00 M M 11.0 29 250 M M 6 41 260
17 39 18 29 -10 36 0 T M M 5.2 15 40 M M 5 22 40
18 55 14 35 -3 30 0 0.00 M M 4.6 13 200 M M 4 14 140
19 64 34 49 11 16 0 0.00 M M 5.2 15 200 M M 5 19 200
20 54 30 42 4 23 0 T M M 7.0 21 110 M M 6 27 110
21 54 22 38 1 27 0 0.00 M M 5.8 13 170 M M 1 20 160
22 68 29 49 12 16 0 0.00 M M 6.2 12 170 M M 2 15 170
23 68 36 52 15 13 0 0.00 M M 7.8 23 240 M M 4 33 270
24 48 17 33 -3 32 0 T M M 6.0 20 20 M M 8 1 29 40
25 55 18 37 1 28 0 0.00 M M 9.3 17 240 M M 1 23 240
26 66 35 51 15 14 0 0.00 M M 5.2 16 230 M M 4 21 230
27 52 31 42 7 23 0 0.00 M M 5.9 14 100 M M 5 19 70
28 66 27 47 12 18 0 0.00 M M 5.5 10 230 M M 4 13 230
29 71 33 52 18 13 0 0.00 M M 6.2 16 230 M M 1 21 70
30 61 34 48 14 17 0 0.00 M M 5.6 16 210 M M 5 23 260
================================================================================
SM 1797 917 585 0 T M 207.4 M 131
================================================================================
AV 59.9 30.6 6.9 FASTST M M 4 MAX(MPH)
MISC ----> 33 280 49 270
================================================================================
NOTES:
# LAST OF SEVERAL OCCURRENCES
COLUMN 17 PEAK WIND IN M.P.H.
PRELIMINARY LOCAL CLIMATOLOGICAL DATA (WS FORM: F-6) , PAGE 2
STATION: CENTENNIAL CO
MONTH: NOVEMBER
YEAR: 2021
LATITUDE: 39 33 N
LONGITUDE: 104 51 W
[TEMPERATURE DATA] [PRECIPITATION DATA] SYMBOLS USED IN COLUMN 16
AVERAGE MONTHLY: 45.2 TOTAL FOR MONTH: T 1 = FOG OR MIST
DPTR FM NORMAL: 5.9 DPTR FM NORMAL: -0.53 2 = FOG REDUCING VISIBILITY
HIGHEST: 76 ON 6 GRTST 24HR T ON 31- 1 TO 1/4 MILE OR LESS
LOWEST: 14 ON 18 3 = THUNDER
SNOW, ICE PELLETS, HAIL 4 = ICE PELLETS
TOTAL MONTH: M 5 = HAIL
GRTST 24HR M ON M 6 = FREEZING RAIN OR DRIZZLE
GRTST DEPTH: M ON M 7 = DUSTSTORM OR SANDSTORM:
VSBY 1/2 MILE OR LESS
8 = SMOKE OR HAZE
[NO. OF DAYS WITH] [WEATHER - DAYS WITH] 9 = BLOWING SNOW
X = TORNADO
MAX 32 OR BELOW: 0 0.01 INCH OR MORE: 0
MAX 90 OR ABOVE: 0 0.10 INCH OR MORE: 0
MIN 32 OR BELOW: 16 0.50 INCH OR MORE: 0
MIN 0 OR BELOW: 0 1.00 INCH OR MORE: 0
[HDD (BASE 65) ]
TOTAL THIS MO. 585 CLEAR (SCALE 0-3) 7
DPTR FM NORMAL -186 PTCLDY (SCALE 4-7) 21
TOTAL FM JUL 1 1038 CLOUDY (SCALE 8-10) 2
DPTR FM NORMAL -347
[CDD (BASE 65) ]
TOTAL THIS MO. 0
DPTR FM NORMAL 0 [PRESSURE DATA]
TOTAL FM JAN 1 829 HIGHEST SLP 30.55 ON 24
DPTR FM NORMAL 193 LOWEST SLP 29.54 ON 16
[REMARKS]
#FINAL-11-21#