186
CXUS52 KMFL 290554
CF6APF
PRELIMINARY LOCAL CLIMATOLOGICAL DATA (WS FORM: F-6)
STATION: NAPLES
MONTH: JULY
YEAR: 2020
LATITUDE: 26 8 N
LONGITUDE: 81 46 W
TEMPERATURE IN F: :PCPN: SNOW: WIND :SUNSHINE: SKY :PK WND
================================================================================
1 2 3 4 5 6A 6B 7 8 9 10 11 12 13 14 15 16 17 18
12Z AVG MX 2MIN
DY MAX MIN AVG DEP HDD CDD WTR SNW DPTH SPD SPD DIR MIN PSBL S-S WX SPD DR
================================================================================
1 92 79 86 3 0 21 0.00 0.0 0 5.0 15 250 M M 1 20 220
2 92 79 86 3 0 21 0.00 0.0 0 4.9 15 260 M M 1 20 250
3 92 80 86 3 0 21 0.00 0.0 0 6.4 15 280 M M 1 19 280
4 92 80 86 3 0 21 0.00 0.0 0 6.2 16 250 M M 1 20 240
5 92 75 84 1 0 19 0.22 0.0 0 6.5 17 160 M M 1 13 21 160
6 87 75 81 -2 0 16 0.22 0.0 0 6.0 16 200 M M 1 138 20 190
7 92 77 85 2 0 20 0.00 0.0 0 5.6 14 240 M M 0 20 230
8 92 77 85 2 0 20 0.00 0.0 0 7.4 16 290 M M 1 20 280
9 91 79 85 2 0 20 0.00 0.0 0 6.7 18 270 M M 1 23 270
10 91 82 87 4 0 22 0.00 0.0 0 9.8 20 300 M M 2 25 280
11 91 81 86 3 0 21 0.00 0.0 0 10.3 21 290 M M 3 3 26 300
12 87 73 80 -3 0 15 0.23 0.0 0 8.6 18 110 M M 5 13 23 120
13 91 80 86 3 0 21 T 0.0 0 8.3 16 290 M M 3 21 280
14 91 80 86 3 0 21 0.00 0.0 0 5.0 15 280 M M 1 19 280
15 91 76 84 1 0 19 0.10 0.0 0 4.8 22 40 M M 2 13 29 30
16 94 75 85 2 0 20 T 0.0 0 5.2 26 90 M M 1 3 33 90
17 92 76 84 1 0 19 0.36 0.0 0 6.2 24 140 M M 2 13 33 130
18 91 75 83 0 0 18 0.00 0.0 0 9.6 23 90 M M 1 30 100
19 92 77 85 2 0 20 0.16 0.0 0 7.5 21 70 M M 2 138 25 140
20 95 75 85 2 0 20 0.12 0.0 0 8.4 32 80 M M 2 13 39 90
21 88 75 82 -1 0 17 0.02 0.0 0 11.2 29 160 M M 3 18 35 150
22 89 75 82 -1 0 17 0.34 0.0 0 8.8 23 120 M M 4 138 29 120
23 91 74 83 0 0 18 0.72 0.0 0 7.6 26 80 M M 3 13 33 70
24 94 74 84 1 0 19 0.37 0.0 0 7.7 39 150 M M 3 138 50 140
25 92 75 84 1 0 19 T 0.0 0 6.8 29 150 M M 2 13 34 150
26 92 76 84 1 0 19 T 0.0 0 9.1 24 220 M M 2 13 29 220
27 92 75 84 1 0 19 T 0.0 0 7.8 17 70 M M 1 138 22 60
28 92 77 85 2 0 20 0.00 0.0 0 4.7 8 140 M M 2 3 M M
29 94 77 86 3 0 21 0.00 0.0 0 M M M M M 2 3 M M
30 93 77 85 2 0 20 0.00 0.0 0 6.5 13 290 M M 1 17 290
31 94 78 86 3 0 21 0.05 0.0 0 6.1 15 150 M M 2 13 20 160
================================================================================
SM 2839 2384 0 605 2.91 0.0 214.7 M 57
================================================================================
AV 91.6 76.9 7.2 FASTST M M 2 MAX(MPH)
MISC ----> # 39 150 # 50 140
================================================================================
NOTES:
# LAST OF SEVERAL OCCURRENCES
COLUMN 17 PEAK WIND IN M.P.H.
PRELIMINARY LOCAL CLIMATOLOGICAL DATA (WS FORM: F-6) , PAGE 2
STATION: NAPLES
MONTH: JULY
YEAR: 2020
LATITUDE: 26 8 N
LONGITUDE: 81 46 W
[TEMPERATURE DATA] [PRECIPITATION DATA] SYMBOLS USED IN COLUMN 16
AVERAGE MONTHLY: 84.2 TOTAL FOR MONTH: 2.91 1 = FOG OR MIST
DPTR FM NORMAL: 1.1 DPTR FM NORMAL: -4.36 2 = FOG REDUCING VISIBILITY
HIGHEST: 95 ON 20 GRTST 24HR 0.72 ON 23-23 TO 1/4 MILE OR LESS
LOWEST: 73 ON 12 3 = THUNDER
SNOW, ICE PELLETS, HAIL 4 = ICE PELLETS
TOTAL MONTH: 0.0 INCH 5 = HAIL
GRTST 24HR 0.0 6 = FREEZING RAIN OR DRIZZLE
GRTST DEPTH: 0 7 = DUSTSTORM OR SANDSTORM:
VSBY 1/2 MILE OR LESS
8 = SMOKE OR HAZE
[NO. OF DAYS WITH] [WEATHER - DAYS WITH] 9 = BLOWING SNOW
X = TORNADO
MAX 32 OR BELOW: 0 0.01 INCH OR MORE: 12
MAX 90 OR ABOVE: 27 0.10 INCH OR MORE: 10
MIN 32 OR BELOW: 0 0.50 INCH OR MORE: 1
MIN 0 OR BELOW: 0 1.00 INCH OR MORE: 0
[HDD (BASE 65) ]
TOTAL THIS MO. 0 CLEAR (SCALE 0-3) 28
DPTR FM NORMAL 0 PTCLDY (SCALE 4-7) 3
TOTAL FM JUL 1 0 CLOUDY (SCALE 8-10) 0
DPTR FM NORMAL 0
[CDD (BASE 65) ]
TOTAL THIS MO. 605
DPTR FM NORMAL 46 [PRESSURE DATA]
TOTAL FM JAN 1 2782 HIGHEST SLP 30.14 ON 26
DPTR FM NORMAL 688 LOWEST SLP 29.88 ON 12
[REMARKS]
#FINAL-07-20#