000
CXUS52 KMFL 011437
CLMAPF
CLIMATE REPORT
NATIONAL WEATHER SERVICE MIAMI, FL
937 AM EST THU FEB 01 2024
...................................
...THE NAPLES CLIMATE SUMMARY FOR THE MONTH OF JANUARY 2024...
CLIMATE NORMAL PERIOD: 1991 TO 2020
CLIMATE RECORD PERIOD: 1942 TO 2024
WEATHER OBSERVED NORMAL DEPART LAST YEAR`S
VALUE DATE(S) VALUE FROM VALUE DATE(S)
NORMAL
................................................................
TEMPERATURE (F)
RECORD
HIGH 89 01/12/2020
LOW 26 01/12/1982
01/20/1977
HIGHEST 84 01/25 86 01/02
01/29
LOWEST 45 01/21 41 01/16
AVG. MAXIMUM 74.1 74.8 -0.7 78.2
AVG. MINIMUM 58.6 55.9 2.7 59.6
MEAN 66.4 65.3 1.1 68.9
DAYS MAX >= 90 0 0
DAYS MAX <= 32 0 0
DAYS MIN <= 32 0 0
DAYS MIN <= 0 0 0
PRECIPITATION (INCHES)
RECORD
MAXIMUM 9.40 1991
MINIMUM 0.00 1949
TOTALS 2.41 1.68 0.73 0.68
DAILY AVG. 0.08 0.05 0.03 0.02
DAYS >= .01 10 3
DAYS >= .10 7 3
DAYS >= .50 1 0
DAYS >= 1.00 0 0
GREATEST
24 HR. TOTAL 0.95 01/06 TO 01/06 0.35
DEGREE DAYS
HEATING TOTAL 59 85 -26 39
SINCE 7/1 91 152 -61 MM
COOLING TOTAL 106 96 10 169
SINCE 1/1 105 96 9 MM
................................................................
WIND (MPH)
AVERAGE WIND SPEED 9.1
HIGHEST WIND SPEED/DIRECTION 25/170 DATE 01/09
HIGHEST GUST SPEED/DIRECTION MM DATE MM
SKY COVER
POSSIBLE SUNSHINE (PERCENT) MM
AVERAGE SKY COVER 0.43
NUMBER OF DAYS FAIR 13
NUMBER OF DAYS PC 10
NUMBER OF DAYS CLOUDY 7
AVERAGE RH (PERCENT) 78
WEATHER CONDITIONS. NUMBER OF DAYS WITH
THUNDERSTORM 1 MIXED PRECIP 0
HEAVY RAIN 3 RAIN 5
LIGHT RAIN 7 FREEZING RAIN 0
LT FREEZING RAIN 0 HAIL 0
HEAVY SNOW 0 SNOW 0
LIGHT SNOW 0 SLEET 0
FOG 14 FOG W/VIS <= 1/4 MILE 0
HAZE 2
- INDICATES NEGATIVE NUMBERS.
R INDICATES RECORD WAS SET OR TIED.
MM INDICATES DATA IS MISSING.
T INDICATES TRACE AMOUNT.
$$