000
CXUS53 KAPX 011603
CF6APX
PRELIMINARY LOCAL CLIMATOLOGICAL DATA (WS FORM: F-6)
STATION: GAYLORD WFO
MONTH: APRIL
YEAR: 2020
LATITUDE: 45 4 N
LONGITUDE: 84 43 W
TEMPERATURE IN F: :PCPN: SNOW: WIND :SUNSHINE: SKY :PK WND
================================================================================
1 2 3 4 5 6A 6B 7 8 9 10 11 12 13 14 15 16 17 18
12Z AVG MX 2MIN
DY MAX MIN AVG DEP HDD CDD WTR SNW DPTH SPD SPD DIR MIN PSBL S-S WX SPD DR
================================================================================
1 49 33 41 7 24 0 T 0.0 0 M M M M M M M M
2 55 29 42 7 23 0 0.00 0.0 0 M M M M M M M M
3 60 30 45 9 20 0 0.00 0.0 0 M M M M M M M M
4 39 26 33 -3 32 0 0.13 T 0 M M M M M M M M
5 52 24 38 2 27 0 T T T M M M M M M M M
6 56 29 43 6 22 0 0.00 0.0 0 M M M M M M M M
7 52 35 44 7 21 0 0.45 0.0 0 M M M M M M 123 M M
8 55 35 45 7 20 0 0.16 0.0 0 M M M M M M M M
9 37 28 33 -5 32 0 0.05 0.5 0 M M M M M M M M
10 37 27 32 -7 33 0 T T T M M M M M M M M
11 54 27 41 2 24 0 0.00 0.0 0 M M M M M M M M
12 54 40 47 7 18 0 0.01 0.0 0 M M M M M M M M
13 49 27 38 -2 27 0 0.28 0.3 0 M M M M M M M M
14 32 22 27 -14 38 0 0.09 1.5 1 M M M M M M M M
15 31 18 25 -16 40 0 0.08 1.6 2 M M M M M M M M
16 36 21 29 -13 36 0 0.01 0.3 0 M M M M M M M M
17 45 25 35 -7 30 0 0.00 0.0 0 M M M M M M M M
18 54 28 41 -1 24 0 T 0.0 0 M M M M M M M M
19 44 27 36 -7 29 0 0.08 T 0 M M M M M M M M
20 55 25 40 -3 25 0 0.24 0.6 0 M M M M M M M M
21 31 19 25 -19 40 0 0.13 1.3 1 M M M M M M M M
22 37 17 27 -17 38 0 0.00 0.0 T M M M M M M M M
23 36 30 33 -11 32 0 T 0.0 T M M M M M M M M
24 52 30 41 -4 24 0 0.00 0.0 T M M M M M M M M
25 57 31 44 -1 21 0 0.00 0.0 0 M M M M M M M M
26 58 31 45 -1 20 0 0.00 0.0 0 M M M M M M M M
27 59 35 47 1 18 0 0.44 0.0 0 M M M M M M M M
28 62 43 53 7 12 0 0.01 0.0 0 M M M M M M M M
29 48 39 44 -3 21 0 1.60 0.0 0 M M M M M M M M
30 42 37 40 -7 25 0 0.41 0.0 0 M M M M M M M M
================================================================================
SM 1428 868 796 0 4.17 6.1 M M M
================================================================================
AV 47.6 28.9 M FASTST M M 5 MAX(MPH)
MISC ----> M M M M
================================================================================
NOTES:
# LAST OF SEVERAL OCCURRENCES
COLUMN 17 PEAK WIND IN M.P.H.
PRELIMINARY LOCAL CLIMATOLOGICAL DATA (WS FORM: F-6) , PAGE 2
STATION: GAYLORD WFO
MONTH: APRIL
YEAR: 2020
LATITUDE: 45 4 N
LONGITUDE: 84 43 W
[TEMPERATURE DATA] [PRECIPITATION DATA] SYMBOLS USED IN COLUMN 16
AVERAGE MONTHLY: 38.3 TOTAL FOR MONTH: 4.17 1 = FOG OR MIST
DPTR FM NORMAL: -2.8 DPTR FM NORMAL: 1.39 2 = FOG REDUCING VISIBILITY
HIGHEST: 62 ON 28 GRTST 24HR 1.60 ON 29-29 TO 1/4 MILE OR LESS
LOWEST: 17 ON 22 3 = THUNDER
SNOW, ICE PELLETS, HAIL 4 = ICE PELLETS
TOTAL MONTH: 6.1 INCHES 5 = HAIL
GRTST 24HR 1.6 ON 15-15 6 = FREEZING RAIN OR DRIZZLE
GRTST DEPTH: 2 ON 15 7 = DUSTSTORM OR SANDSTORM:
VSBY 1/2 MILE OR LESS
8 = SMOKE OR HAZE
[NO. OF DAYS WITH] [WEATHER - DAYS WITH] 9 = BLOWING SNOW
X = TORNADO
MAX 32 OR BELOW: 3 0.01 INCH OR MORE: 16
MAX 90 OR ABOVE: 0 0.10 INCH OR MORE: 9
MIN 32 OR BELOW: 22 0.50 INCH OR MORE: 1
MIN 0 OR BELOW: 0 1.00 INCH OR MORE: 1
[HDD (BASE 65) ]
TOTAL THIS MO. 796 CLEAR (SCALE 0-3) 0
DPTR FM NORMAL 78 PTCLDY (SCALE 4-7) 0
TOTAL FM JUL 1 7374 CLOUDY (SCALE 8-10) 0
DPTR FM NORMAL -543
[CDD (BASE 65) ]
TOTAL THIS MO. 0
DPTR FM NORMAL -1 [PRESSURE DATA]
TOTAL FM JAN 1 0 HIGHEST SLP M ON M
DPTR FM NORMAL -1 LOWEST SLP M ON M
[REMARKS]
#FINAL-04-20#