000
CXUS54 KLCH 010930
CF6ARA
PRELIMINARY LOCAL CLIMATOLOGICAL DATA (WS FORM: F-6)
STATION: NEW IBERIA
MONTH: FEBRUARY
YEAR: 2023
LATITUDE: 30 1 N
LONGITUDE: 91 53 W
TEMPERATURE IN F: :PCPN: SNOW: WIND :SUNSHINE: SKY :PK WND
================================================================================
1 2 3 4 5 6A 6B 7 8 9 10 11 12 13 14 15 16 17 18
12Z AVG MX 2MIN
DY MAX MIN AVG DEP HDD CDD WTR SNW DPTH SPD SPD DIR MIN PSBL S-S WX SPD DR
================================================================================
1 47 42 45 -9 20 0 0.09 0.0 M 11.7 20 30 M M 10 1 25 30
2 47 42 45 -9 20 0 0.15 0.0 M 11.2 20 360 M M 10 1 26 350
3 59 38 49 -5 16 0 0.00 0.0 M 12.2 20 40 M M 3 1 26 10
4 61 37 49 -6 16 0 0.00 M M 5.7 14 190 M M 0 20 190
5 72 40 56 1 9 0 0.00 M M 3.5 12 320 M M 1 1 16 300
6 72 43 58 3 7 0 0.00 M M 6.5 20 180 M M 2 12 25 180
7 80 52 66 11 0 1 0.00 M M 6.7 14 170 M M 5 1 18 180
8 75 63 69 14 0 4 0.93 M M 14.3 35 170 M M 9 13 47 170
9 70 50 60 4 5 0 0.00 M M 7.6 20 310 M M 2 8 28 300
10 62 47 55 -1 10 0 T M M 7.0 15 60 M M 5 18 60
11 50 42 46 -10 19 0 0.02 M M 11.8 25 320 M M 8 34 320
12 66 38 52 -4 13 0 0.00 M M 6.3 14 310 M M 0 19 310
13 71 38 55 -1 10 0 0.00 M M 5.0 13 230 M M 1 12 17 250
14 71 53 62 6 3 0 T M M 12.9 26 170 M M 7 1 36 160
15 79 64 72 15 0 7 T 0.0 M 13.7 28 180 M M 10 1 37 160
16 74 48 61 4 4 0 2.23 M M 15.2 25 340 M M 10 13 35 350
17 51 38 45 -12 20 0 0.00 M M 16.4 26 10 M M 1 40 350
18 57 37 47 -10 18 0 0.00 M M 7.1 15 60 M M 0 20 60
19 68 41 55 -3 10 0 0.00 M M 5.5 14 180 M M 1 1 20 250
20 77 56 67 9 0 2 0.00 M M 11.5 23 230 M M 5 1 31 230
21 79 66 73 15 0 8 0.00 M M 11.4 20 190 M M 9 1 26 210
22 77 67 72 14 0 7 0.02 M M 17.3 28 170 M M 10 1 40 170
23 84 69 77 19 0 12 0.00 M M 10.0 20 200 M M 9 12 26 190
24 81 67 74 15 0 9 0.00 M M 7.9 21 180 M M 9 1 27 170
25 81 67 74 15 0 9 0.00 M M 6.0 13 180 M M 9 12 16 210
26 80 66 73 14 0 8 0.00 M M 9.7 17 180 M M 7 1 25 170
27 81 67 74 15 0 9 0.00 M M 14.3 24 230 M M 9 1 35 210
28 84 67 76 17 0 11 0.00 M M 8.0 18 210 M M 5 1 25 200
================================================================================
SM 1956 1445 200 87 3.44 0.0 276.4 M 157
================================================================================
AV 69.9 51.6 9.9 FASTST M M 6 MAX(MPH)
MISC ----> 35 170 47 170
================================================================================
NOTES:
# LAST OF SEVERAL OCCURRENCES
COLUMN 17 PEAK WIND IN M.P.H.
PRELIMINARY LOCAL CLIMATOLOGICAL DATA (WS FORM: F-6) , PAGE 2
STATION: NEW IBERIA
MONTH: FEBRUARY
YEAR: 2023
LATITUDE: 30 1 N
LONGITUDE: 91 53 W
[TEMPERATURE DATA] [PRECIPITATION DATA] SYMBOLS USED IN COLUMN 16
AVERAGE MONTHLY: 60.7 TOTAL FOR MONTH: 3.44 1 = FOG OR MIST
DPTR FM NORMAL: 4.0 DPTR FM NORMAL: -0.10 2 = FOG REDUCING VISIBILITY
HIGHEST: 84 ON 28,23 GRTST 24HR 2.23 ON 16-16 TO 1/4 MILE OR LESS
LOWEST: 37 ON 18, 4 3 = THUNDER
SNOW, ICE PELLETS, HAIL 4 = ICE PELLETS
TOTAL MONTH: 0.0 INCH 5 = HAIL
GRTST 24HR 0.0 6 = FREEZING RAIN OR DRIZZLE
GRTST DEPTH: M ON M 7 = DUSTSTORM OR SANDSTORM:
VSBY 1/2 MILE OR LESS
8 = SMOKE OR HAZE
[NO. OF DAYS WITH] [WEATHER - DAYS WITH] 9 = BLOWING SNOW
X = TORNADO
MAX 32 OR BELOW: 0 0.01 INCH OR MORE: 6
MAX 90 OR ABOVE: 0 0.10 INCH OR MORE: 3
MIN 32 OR BELOW: 0 0.50 INCH OR MORE: 2
MIN 0 OR BELOW: 0 1.00 INCH OR MORE: 1
[HDD (BASE 65) ]
TOTAL THIS MO. 200 CLEAR (SCALE 0-3) 10
DPTR FM NORMAL -58 PTCLDY (SCALE 4-7) 7
TOTAL FM JUL 1 976 CLOUDY (SCALE 8-10) 11
DPTR FM NORMAL -211
[CDD (BASE 65) ]
TOTAL THIS MO. 87
DPTR FM NORMAL 62 [PRESSURE DATA]
TOTAL FM JAN 1 129 HIGHEST SLP 30.49 ON 18
DPTR FM NORMAL 87 LOWEST SLP 29.78 ON 22
[REMARKS]
#FINAL-02-23#