000
CXUS51 KBUF 010805
CF6ART
PRELIMINARY LOCAL CLIMATOLOGICAL DATA (WS FORM: F-6)
STATION: WATERTOWN NY
MONTH: APRIL
YEAR: 2022
LATITUDE: 43 59 N
LONGITUDE: 76 2 W
TEMPERATURE IN F: :PCPN: SNOW: WIND :SUNSHINE: SKY :PK WND
================================================================================
1 2 3 4 5 6A 6B 7 8 9 10 11 12 13 14 15 16 17 18
12Z AVG MX 2MIN
DY MAX MIN AVG DEP HDD CDD WTR SNW DPTH SPD SPD DIR MIN PSBL S-S WX SPD DR
================================================================================
1 43 34 39 2 26 0 0.02 M M 13.9 22 270 M M 10 1 33 260
2 41 26 34 -3 31 0 0.00 M M 7.6 16 290 M M 2 22 320
3 46 27 37 -1 28 0 0.02 M M 6.1 20 360 M M 9 26 360
4 46 27 37 -1 28 0 0.00 M M 4.6 20 260 M M 4 25 260
5 61 25 43 5 22 0 0.00 M M 5.6 10 70 M M 6 14 50
6 68 38 53 14 12 0 0.07 M M 8.5 16 100 M M 4 21 120
7 53 45 49 10 16 0 0.93 M M 6.5 23 150 M M 10 1 35 150
8 51 39 45 5 20 0 0.08 M M 7.0 18 220 M M 7 18 25 220
9 49 33 41 1 24 0 0.00 M M 7.3 17 260 M M 5 24 260
10 42 35 39 -2 26 0 T M M 8.6 18 250 M M 10 1 26 260
11 62 24 43 2 22 0 0.05 M M 4.9 15 230 M M 4 1 22 220
12 57 44 51 9 14 0 0.14 M M 6.9 17 260 M M 4 12 22 230
13 67 37 52 10 13 0 0.07 M M 5.8 22 340 M M 7 1 27 330
14 73 41 57 15 8 0 0.09 M M 10.1 24 230 M M 6 1 37 220
15 61 39 50 7 15 0 0.01 M M 16.1 41 230 M M 5 59 230
16 45 34 40 -3 25 0 0.09 M M 8.2 20 20 M M 7 1 28 260
17 44 31 38 -6 27 0 0.11 M M 8.8 21 240 M M 6 1 29 230
18 59 23 41 -3 24 0 0.17 M M 8.9 23 190 M M 3 1 40 190
19 40 32 36 -9 29 0 0.46 M M 11.2 24 280 M M 10 12 38 280
20 46 29 38 -7 27 0 0.00 M M 11.5 24 290 M M 4 35 270
21 58 29 44 -2 21 0 0.09 M M 13.0 30 160 M M 6 1 41 170
22 54 31 43 -3 22 0 0.00 M M 8.0 17 260 M M 2 21 260
23 53 29 41 -5 24 0 T M M 7.3 20 40 M M 5 23 50
24 74 46 60 13 5 0 0.00 M M 5.8 13 280 M M 2 16 40
25 79 49 64 17 1 0 0.19 M M 9.6 20 170 M M 4 1 29 170
26 54 43 49 1 16 0 0.16 M M 8.9 18 220 M M 9 1 24 230
27 44 36 40 -8 25 0 T M M 14.2 25 230 M M 10 35 230
28 51 29 40 -9 25 0 0.00 M M 10.5 23 330 M M 1 31 330
29 55 22 39 -10 26 0 0.00 M M 6.6 21 320 M M 0 27 290
30 60 23 42 -7 23 0 0.00 M M 4.0 14 260 M M 0 20 10
================================================================================
SM 1636 1000 625 0 2.75 M 256.0 M 162
================================================================================
AV 54.5 33.3 8.5 FASTST M M 5 MAX(MPH)
MISC ----> 41 230 59 230
================================================================================
NOTES:
# LAST OF SEVERAL OCCURRENCES
COLUMN 17 PEAK WIND IN M.P.H.
PRELIMINARY LOCAL CLIMATOLOGICAL DATA (WS FORM: F-6) , PAGE 2
STATION: WATERTOWN NY
MONTH: APRIL
YEAR: 2022
LATITUDE: 43 59 N
LONGITUDE: 76 2 W
[TEMPERATURE DATA] [PRECIPITATION DATA] SYMBOLS USED IN COLUMN 16
AVERAGE MONTHLY: 43.9 TOTAL FOR MONTH: 2.75 1 = FOG OR MIST
DPTR FM NORMAL: 0.8 DPTR FM NORMAL: -0.32 2 = FOG REDUCING VISIBILITY
HIGHEST: 79 ON 25 GRTST 24HR 0.98 ON 6- 7 TO 1/4 MILE OR LESS
LOWEST: 22 ON 29 3 = THUNDER
SNOW, ICE PELLETS, HAIL 4 = ICE PELLETS
TOTAL MONTH: M 5 = HAIL
GRTST 24HR M ON M 6 = FREEZING RAIN OR DRIZZLE
GRTST DEPTH: M ON M 7 = DUSTSTORM OR SANDSTORM:
VSBY 1/2 MILE OR LESS
8 = SMOKE OR HAZE
[NO. OF DAYS WITH] [WEATHER - DAYS WITH] 9 = BLOWING SNOW
X = TORNADO
MAX 32 OR BELOW: 0 0.01 INCH OR MORE: 17
MAX 90 OR ABOVE: 0 0.10 INCH OR MORE: 7
MIN 32 OR BELOW: 15 0.50 INCH OR MORE: 1
MIN 0 OR BELOW: 0 1.00 INCH OR MORE: 0
[HDD (BASE 65) ]
TOTAL THIS MO. 625 CLEAR (SCALE 0-3) 7
DPTR FM NORMAL -33 PTCLDY (SCALE 4-7) 16
TOTAL FM JUL 1 6693 CLOUDY (SCALE 8-10) 7
DPTR FM NORMAL -406
[CDD (BASE 65) ]
TOTAL THIS MO. 0
DPTR FM NORMAL -1 [PRESSURE DATA]
TOTAL FM JAN 1 0 HIGHEST SLP 30.48 ON 22
DPTR FM NORMAL -1 LOWEST SLP 29.50 ON 1
[REMARKS]
#FINAL-04-22#