000
CXUS51 KBUF 010805
CF6ART
PRELIMINARY LOCAL CLIMATOLOGICAL DATA (WS FORM: F-6)
STATION: WATERTOWN NY
MONTH: MARCH
YEAR: 2022
LATITUDE: 43 59 N
LONGITUDE: 76 2 W
TEMPERATURE IN F: :PCPN: SNOW: WIND :SUNSHINE: SKY :PK WND
================================================================================
1 2 3 4 5 6A 6B 7 8 9 10 11 12 13 14 15 16 17 18
12Z AVG MX 2MIN
DY MAX MIN AVG DEP HDD CDD WTR SNW DPTH SPD SPD DIR MIN PSBL S-S WX SPD DR
================================================================================
1 40 12 26 1 39 0 0.14 M M 8.1 21 190 M M 10 12 35 190
2 32 18 25 0 40 0 0.14 M M 4.8 16 230 M M 9 1 22 230
3 28 -8 10 -16 55 0 0.01 M M 9.1 25 340 M M 5 18 30 340
4 29 -19 5 -21 60 0 T M M 8.5 22 230 M M 5 18 27 230
5 45 1 23 -3 42 0 0.00 M M 3.5 14 80 M M 4 17 60
6 66 38 52 25 13 0 0.17 M M 14.7 28 230 M M 6 39 220
7 40 33 37 10 28 0 0.20 M M 7.8 23 260 M M 10 18 31 260
8 34 26 30 3 35 0 T M M 11.7 28 270 M M 6 36 270
9 41 27 34 6 31 0 T M M 5.5 14 220 M M 3 1 17 200
10 38 25 32 4 33 0 0.00 M M 4.8 15 260 M M 2 1 18 260
11 45 27 36 8 29 0 0.12 M M 4.5 12 50 M M 9 1 15 40
12 33 16 25 -4 40 0 0.14 M M 13.9 23 290 M M 8 18 30 270
13 29 10 20 -9 45 0 T M M 11.0 23 230 M M 6 1 31 260
14 47 29 38 8 27 0 0.01 M M 8.5 17 220 M M 9 24 220
15 41 34 38 8 27 0 0.06 M M 4.5 13 40 M M 10 1 15 40
16 48 32 40 10 25 0 0.00 M M 3.2 13 260 M M 7 1 16 260
17 66 34 50 19 15 0 0.00 M M 5.8 17 260 M M 2 25 190
18 62 34 48 17 17 0 0.01 M M 7.0 16 60 M M 7 1 20 40
19 55 43 49 18 16 0 0.96 M M 8.5 23 220 M M 9 1 32 230
20 46 31 39 7 26 0 0.03 M M 11.0 24 220 M M 7 1 31 230
21 46 28 37 5 28 0 0.00 M M 6.9 21 230 M M 1 25 220
22 39 18 29 -4 36 0 0.00 M M 4.3 14 260 M M 0 19 260
23 47 23 35 2 30 0 0.37 M M 7.9 20 70 M M 5 1 24 70
24 56 38 47 14 18 0 0.16 M M 7.8 21 160 M M 9 1 30 170
25 47 38 43 9 22 0 0.02 M M 10.9 23 230 M M 8 18 33 230
26 43 35 39 5 26 0 0.05 M M 9.5 16 230 M M 10 1 22 260
27 35 17 26 -9 39 0 0.02 M M 16.9 26 260 M M 10 18 34 280
28 20 10 15 -20 50 0 T M M 9.7 20 290 M M 8 8 26 280
29 32 15 24 -11 41 0 0.00 M M 9.3 20 270 M M 0 26 260
30 44 14 29 -7 36 0 0.02 M M 3.9 13 70 M M 4 16 90
31 66 37 52 16 13 0 0.03 M M 11.7 28 260 M M 5 39 260
================================================================================
SM 1340 716 982 0 2.66 M 255.2 M 194
================================================================================
AV 43.2 23.1 8.2 FASTST M M 6 MAX(MPH)
MISC ----> # 28 230 # 39 220
================================================================================
NOTES:
# LAST OF SEVERAL OCCURRENCES
COLUMN 17 PEAK WIND IN M.P.H.
PRELIMINARY LOCAL CLIMATOLOGICAL DATA (WS FORM: F-6) , PAGE 2
STATION: WATERTOWN NY
MONTH: MARCH
YEAR: 2022
LATITUDE: 43 59 N
LONGITUDE: 76 2 W
[TEMPERATURE DATA] [PRECIPITATION DATA] SYMBOLS USED IN COLUMN 16
AVERAGE MONTHLY: 33.2 TOTAL FOR MONTH: 2.66 1 = FOG OR MIST
DPTR FM NORMAL: 2.8 DPTR FM NORMAL: 0.29 2 = FOG REDUCING VISIBILITY
HIGHEST: 66 ON 31,17 GRTST 24HR 0.97 ON 19-20 TO 1/4 MILE OR LESS
LOWEST: -19 ON 4 3 = THUNDER
SNOW, ICE PELLETS, HAIL 4 = ICE PELLETS
TOTAL MONTH: M 5 = HAIL
GRTST 24HR M ON M 6 = FREEZING RAIN OR DRIZZLE
GRTST DEPTH: M ON M 7 = DUSTSTORM OR SANDSTORM:
VSBY 1/2 MILE OR LESS
8 = SMOKE OR HAZE
[NO. OF DAYS WITH] [WEATHER - DAYS WITH] 9 = BLOWING SNOW
X = TORNADO
MAX 32 OR BELOW: 6 0.01 INCH OR MORE: 19
MAX 90 OR ABOVE: 0 0.10 INCH OR MORE: 9
MIN 32 OR BELOW: 21 0.50 INCH OR MORE: 1
MIN 0 OR BELOW: 2 1.00 INCH OR MORE: 0
[HDD (BASE 65) ]
TOTAL THIS MO. 982 CLEAR (SCALE 0-3) 6
DPTR FM NORMAL -92 PTCLDY (SCALE 4-7) 14
TOTAL FM JUL 1 6068 CLOUDY (SCALE 8-10) 11
DPTR FM NORMAL -372
[CDD (BASE 65) ]
TOTAL THIS MO. 0
DPTR FM NORMAL 0 [PRESSURE DATA]
TOTAL FM JAN 1 0 HIGHEST SLP 30.54 ON 4
DPTR FM NORMAL 0 LOWEST SLP 29.26 ON 31
[REMARKS]
#FINAL-03-22#