000
CXUS51 KBUF 010805
CF6ART
PRELIMINARY LOCAL CLIMATOLOGICAL DATA (WS FORM: F-6)
STATION: WATERTOWN NY
MONTH: JUNE
YEAR: 2021
LATITUDE: 43 59 N
LONGITUDE: 76 2 W
TEMPERATURE IN F: :PCPN: SNOW: WIND :SUNSHINE: SKY :PK WND
================================================================================
1 2 3 4 5 6A 6B 7 8 9 10 11 12 13 14 15 16 17 18
12Z AVG MX 2MIN
DY MAX MIN AVG DEP HDD CDD WTR SNW DPTH SPD SPD DIR MIN PSBL S-S WX SPD DR
================================================================================
1 75 52 64 4 1 0 T M M 7.7 18 270 M M 3 25 260
2 80 45 63 3 2 0 0.11 M M 5.0 14 210 M M 2 1 19 200
3 69 61 65 5 0 0 0.44 M M 5.0 14 270 M M 8 1 18 260
4 78 57 68 7 0 3 0.00 M M 6.6 17 270 M M 3 128 23 260
5 77 65 71 10 0 6 0.00 M M 10.0 25 230 M M 3 34 220
6 87 64 76 15 0 11 0.00 M M 7.3 17 220 M M 0 25 220
7 87 65 76 14 0 11 0.00 M M 6.4 16 270 M M 0 21 260
8 79 68 74 12 0 9 0.20 M M 5.9 14 240 M M 4 1 20 230
9 86 53 70 8 0 5 0.00 M M 5.7 16 360 M M 5 12 23 360
10 79 47 63 1 2 0 0.00 M M 7.8 16 30 M M 0 21 30
11 77 54 66 3 0 1 0.03 M M 5.6 13 20 M M 8 17 10
12 82 52 67 4 0 2 T M M 4.1 13 330 M M 2 16 80
13 83 50 67 4 0 2 0.39 M M 4.1 23 260 M M 2 13 32 260
14 74 59 67 3 0 2 0.07 M M 8.1 18 260 M M 5 13 27 230
15 70 49 60 -4 5 0 0.42 M M 6.2 18 310 M M 8 18 22 310
16 67 40 54 -10 11 0 0.00 M M 7.4 20 260 M M 1 25 230
17 71 43 57 -7 8 0 0.00 M M 6.7 17 260 M M 0 24 260
18 78 58 68 3 0 3 0.11 M M 8.9 22 230 M M 4 1 28 220
19 80 63 72 7 0 7 0.01 M M 9.3 17 210 M M 2 18 26 230
20 78 62 70 5 0 5 0.00 M M 7.1 15 230 M M 2 19 230
21 86 63 75 10 0 10 0.24 M M 10.0 22 230 M M 5 138 31 260
22 64 46 55 -11 10 0 0.00 M M 7.6 16 40 M M 7 19 30
23 69 40 55 -11 10 0 0.00 M M 6.0 14 220 M M 0 12 23 270
24 82 55 69 3 0 4 0.00 M M 8.0 17 200 M M 0 28 220
25 82 66 74 8 0 9 0.00 M M 9.1 14 180 M M 1 24 180
26 85 66 76 9 0 11 0.23 M M 9.3 17 200 M M 8 27 190
27 89 76 83 16 0 18 0.01 M M 10.8 23 230 M M 4 37 220
28 86 73 80 13 0 15 0.11 M M 8.5 17 260 M M 5 1 23 260
29 89 67 78 11 0 13 0.00 M M 5.5 15 260 M M 3 12 20 230
30 82 68 75 8 0 10 T M M 10.3 21 230 M M 4 3 29 220
================================================================================
SM 2371 1727 49 157 2.37 M 220.0 M 99
================================================================================
AV 79.0 57.6 7.3 FASTST M M 3 MAX(MPH)
MISC ----> 25 230 37 220
================================================================================
NOTES:
# LAST OF SEVERAL OCCURRENCES
COLUMN 17 PEAK WIND IN M.P.H.
PRELIMINARY LOCAL CLIMATOLOGICAL DATA (WS FORM: F-6) , PAGE 2
STATION: WATERTOWN NY
MONTH: JUNE
YEAR: 2021
LATITUDE: 43 59 N
LONGITUDE: 76 2 W
[TEMPERATURE DATA] [PRECIPITATION DATA] SYMBOLS USED IN COLUMN 16
AVERAGE MONTHLY: 68.3 TOTAL FOR MONTH: 2.37 1 = FOG OR MIST
DPTR FM NORMAL: 4.5 DPTR FM NORMAL: -0.72 2 = FOG REDUCING VISIBILITY
HIGHEST: 89 ON 29,27 GRTST 24HR 0.55 ON 2- 3 TO 1/4 MILE OR LESS
LOWEST: 40 ON 23,16 3 = THUNDER
SNOW, ICE PELLETS, HAIL 4 = ICE PELLETS
TOTAL MONTH: M 5 = HAIL
GRTST 24HR M ON M 6 = FREEZING RAIN OR DRIZZLE
GRTST DEPTH: M ON M 7 = DUSTSTORM OR SANDSTORM:
VSBY 1/2 MILE OR LESS
8 = SMOKE OR HAZE
[NO. OF DAYS WITH] [WEATHER - DAYS WITH] 9 = BLOWING SNOW
X = TORNADO
MAX 32 OR BELOW: 0 0.01 INCH OR MORE: 13
MAX 90 OR ABOVE: 0 0.10 INCH OR MORE: 9
MIN 32 OR BELOW: 0 0.50 INCH OR MORE: 0
MIN 0 OR BELOW: 0 1.00 INCH OR MORE: 0
[HDD (BASE 65) ]
TOTAL THIS MO. 49 CLEAR (SCALE 0-3) 14
DPTR FM NORMAL -51 PTCLDY (SCALE 4-7) 16
TOTAL FM JUL 1 6877 CLOUDY (SCALE 8-10) 0
DPTR FM NORMAL -647
[CDD (BASE 65) ]
TOTAL THIS MO. 157
DPTR FM NORMAL 93 [PRESSURE DATA]
TOTAL FM JAN 1 184 HIGHEST SLP 30.27 ON 24
DPTR FM NORMAL 105 LOWEST SLP 29.43 ON 21
[REMARKS]
#FINAL-06-21#