000
CXUS51 KBUF 020103
CF6ART
PRELIMINARY LOCAL CLIMATOLOGICAL DATA (WS FORM: F-6)
STATION: WATERTOWN NY
MONTH: OCTOBER
YEAR: 2020
LATITUDE: 43 59 N
LONGITUDE: 76 2 W
TEMPERATURE IN F: :PCPN: SNOW: WIND :SUNSHINE: SKY :PK WND
================================================================================
1 2 3 4 5 6A 6B 7 8 9 10 11 12 13 14 15 16 17 18
12Z AVG MX 2MIN
DY MAX MIN AVG DEP HDD CDD WTR SNW DPTH SPD SPD DIR MIN PSBL S-S WX SPD DR
================================================================================
1 63 50 57 3 8 0 0.66 M M 10.6 23 230 M M 7 13 33 220
2 59 37 48 -5 17 0 0.45 M M 3.5 14 350 M M 6 13 16 360
3 58 39 49 -4 16 0 0.01 M M 4.6 16 260 M M 8 21 260
4 63 39 51 -1 14 0 0.00 M M 5.0 14 230 M M 6 19 150
5 60 48 54 2 11 0 T M M 6.7 17 270 M M 7 21 270
6 64 48 56 4 9 0 0.00 M M 9.5 20 220 M M 4 28 220
7 62 44 53 2 12 0 0.13 M M 13.0 36 280 M M 6 3 45 290
8 56 37 47 -4 18 0 0.00 M M 8.2 18 270 M M 3 8 23 300
9 64 28 46 -4 19 0 T M M 5.3 16 240 M M 1 8 26 200
10 72 46 59 9 6 0 T M M 14.5 24 220 M M 5 35 260
11 56 34 45 -5 20 0 0.00 M M 10.1 20 40 M M 0 8 25 50
12 66 34 50 1 15 0 T M M 3.7 9 130 M M 8 14 130
13 60 38 49 0 16 0 0.16 M M 6.2 17 270 M M 8 1 26 190
14 62 37 50 1 15 0 0.00 M M 5.7 17 230 M M 1 8 21 230
15 74 48 61 13 4 0 0.59 M M 12.3 28 270 M M 4 1 35 210
16 52 31 42 -6 23 0 0.54 M M 6.1 16 260 M M 8 1 23 220
17 56 27 42 -6 23 0 0.00 M M 5.4 18 220 M M 1 18 22 260
18 60 34 47 0 18 0 0.00 M 0 10.9 21 170 M M 3 8 34 210
19 59 46 53 6 12 0 0.65 M M 6.1 18 200 M M 10 1 31 200
20 49 43 46 -1 19 0 0.59 M M 7.2 12 40 M M 10 1 16 20
21 68 43 56 10 9 0 0.42 M M 8.2 25 230 M M 8 13 36 210
22 58 43 51 5 14 0 T M M 3.8 9 70 M M 9 1 12 60
23 79 44 62 16 3 0 T M M 8.5 20 200 M M 4 1 33 150
24 68 39 54 8 11 0 0.28 M M 9.7 22 280 M M 9 1 31 290
25 46 31 39 -6 26 0 0.00 M M 8.7 17 40 M M 2 23 20
26 49 37 43 -2 22 0 0.23 M M 5.7 14 290 M M 10 1 16 220
27 41 33 37 -8 28 0 0.06 M M 7.5 13 40 M M 10 1 15 40
28 51 37 44 0 21 0 0.10 M M 7.6 22 240 M M 9 1 32 220
29 47 35 41 -3 24 0 T M M 9.5 21 40 M M 6 26 30
30 38 19 29 -15 36 0 T M M 9.4 22 50 M M 1 27 40
31 43 18 31 -13 34 0 0.00 M M 5.9 15 170 M M 6 25 160
================================================================================
SM 1803 1167 523 0 4.87 M 239.1 M 180
================================================================================
AV 58.2 37.7 7.7 FASTST M M 6 MAX(MPH)
MISC ----> # 36 280 # 45 290
================================================================================
NOTES:
# LAST OF SEVERAL OCCURRENCES
COLUMN 17 PEAK WIND IN M.P.H.
PRELIMINARY LOCAL CLIMATOLOGICAL DATA (WS FORM: F-6) , PAGE 2
STATION: WATERTOWN NY
MONTH: OCTOBER
YEAR: 2020
LATITUDE: 43 59 N
LONGITUDE: 76 2 W
[TEMPERATURE DATA] [PRECIPITATION DATA] SYMBOLS USED IN COLUMN 16
AVERAGE MONTHLY: 47.9 TOTAL FOR MONTH: 4.87 1 = FOG OR MIST
DPTR FM NORMAL: -0.4 DPTR FM NORMAL: 1.22 2 = FOG REDUCING VISIBILITY
HIGHEST: 79 ON 23 GRTST 24HR 0.70 ON 30- 1 TO 1/4 MILE OR LESS
LOWEST: 18 ON 31 3 = THUNDER
SNOW, ICE PELLETS, HAIL 4 = ICE PELLETS
TOTAL MONTH: M 5 = HAIL
GRTST 24HR M ON M 6 = FREEZING RAIN OR DRIZZLE
GRTST DEPTH: 0 7 = DUSTSTORM OR SANDSTORM:
VSBY 1/2 MILE OR LESS
8 = SMOKE OR HAZE
[NO. OF DAYS WITH] [WEATHER - DAYS WITH] 9 = BLOWING SNOW
X = TORNADO
MAX 32 OR BELOW: 0 0.01 INCH OR MORE: 14
MAX 90 OR ABOVE: 0 0.10 INCH OR MORE: 12
MIN 32 OR BELOW: 6 0.50 INCH OR MORE: 5
MIN 0 OR BELOW: 0 1.00 INCH OR MORE: 0
[HDD (BASE 65) ]
TOTAL THIS MO. 523 CLEAR (SCALE 0-3) 8
DPTR FM NORMAL 1 PTCLDY (SCALE 4-7) 13
TOTAL FM JUL 1 742 CLOUDY (SCALE 8-10) 10
DPTR FM NORMAL -54
[CDD (BASE 65) ]
TOTAL THIS MO. 0
DPTR FM NORMAL -3 [PRESSURE DATA]
TOTAL FM JAN 1 645 HIGHEST SLP 30.50 ON 31
DPTR FM NORMAL 283 LOWEST SLP 29.42 ON 7
[REMARKS]
#FINAL-10-20#