000
CXUS55 KGJT 011833
CF6ASE
PRELIMINARY LOCAL CLIMATOLOGICAL DATA (WS FORM: F-6)
STATION: ASPEN CO
MONTH: AUGUST
YEAR: 2023
LATITUDE: 39 13 N
LONGITUDE: 106 52 W
TEMPERATURE IN F: :PCPN: SNOW: WIND :SUNSHINE: SKY :PK WND
================================================================================
1 2 3 4 5 6A 6B 7 8 9 10 11 12 13 14 15 16 17 18
12Z AVG MX 2MIN
DY MAX MIN AVG DEP HDD CDD WTR SNW DPTH SPD SPD DIR MIN PSBL S-S WX SPD DR
================================================================================
1 77 52 65 0 0 0 0.12 M M 5.3 25 320 M M 4 13 39 330
2 80 50 65 0 0 0 0.09 M M 5.8 30 170 M M 5 13 41 170
3 75 49 62 -3 3 0 0.01 M M 5.2 23 330 M M 2 3 33 340
4 78 46 62 -3 3 0 0.00 M M 6.9 20 340 M M 3 33 340
5 79 47 63 -2 2 0 T M M 6.6 15 340 M M 2 21 10
6 82 44 63 -2 2 0 0.00 M M 6.0 21 330 M M 0 32 350
7 80 44 62 -3 3 0 0.00 M M 6.6 20 220 M M 1 34 330
8 78 41 60 -5 5 0 0.00 M M 5.8 22 330 M M 0 36 320
9 77 41 59 -5 6 0 0.00 M M 8.9 20 350 M M 0 34 360
10 79 45 62 -2 3 0 T M M 7.7 22 150 M M 2 3 34 150
11 77 45 61 -3 4 0 T M M 5.9 20 290 M M 1 3 28 260
12 76 50 63 -1 2 0 0.00 M M 6.1 16 40 M M 3 27 320
13 80 45 63 -1 2 0 0.00 M M 7.0 17 320 M M 2 27 360
14 81 44 63 -1 2 0 0.00 M M 6.5 18 340 M M 0 28 360
15 84 46 65 1 0 0 0.00 M M 5.5 13 330 M M 1 22 320
16 85 52 69 5 0 4 0.00 M M 5.4 17 320 M M 1 3 29 330
17 85 51 68 5 0 3 T M M 5.0 14 170 M M 2 3 21 300
18 77 53 65 2 0 0 T M M 4.9 16 290 M M 4 24 290
19 85 47 66 3 0 1 T M M 6.0 22 110 M M 2 3 33 120
20 87 56 72 9 0 7 0.00 M M 8.3 21 190 M M 0 29 170
21 87 55 71 8 0 6 0.00 M M 10.5 28 180 M M 0 43 170
22 79 54 67 4 0 2 T M M 6.3 16 300 M M 2 3 22 300
23 81 49 65 3 0 0 T M M 4.6 20 270 M M 4 38 27 330
24 81 52 67 5 0 2 0.03 M M 3.9 17 330 M M 5 3 25 130
25 67 52 60 -2 5 0 0.05 M M 3.0 13 330 M M 10 1 19 320
26 78 49 64 2 1 0 0.08 M M 7.3 25 130 M M 4 13 37 140
27 79 49 64 2 1 0 0.00 M M 5.5 15 310 M M 2 3 24 350
28 79 50 65 3 0 0 0.05 M M 6.7 17 320 M M 4 3 25 350
29 80 43 62 1 3 0 0.00 M M 6.3 14 10 M M 0 19 10
30 83 49 66 5 0 1 0.00 M M 6.9 15 350 M M 1 25 340
31 83 46 65 4 0 0 0.00 M M 7.3 20 350 M M 0 33 350
================================================================================
SM 2479 1496 47 26 0.43 M 193.7 M 67
================================================================================
AV 80.0 48.3 6.2 FASTST M M 2 MAX(MPH)
MISC ----> 30 170 43 170
================================================================================
NOTES:
# LAST OF SEVERAL OCCURRENCES
COLUMN 17 PEAK WIND IN M.P.H.
PRELIMINARY LOCAL CLIMATOLOGICAL DATA (WS FORM: F-6) , PAGE 2
STATION: ASPEN CO
MONTH: AUGUST
YEAR: 2023
LATITUDE: 39 13 N
LONGITUDE: 106 52 W
[TEMPERATURE DATA] [PRECIPITATION DATA] SYMBOLS USED IN COLUMN 16
AVERAGE MONTHLY: 64.1 TOTAL FOR MONTH: 0.43 1 = FOG OR MIST
DPTR FM NORMAL: 0.8 DPTR FM NORMAL: -1.05 2 = FOG REDUCING VISIBILITY
HIGHEST: 87 ON 21,20 GRTST 24HR 0.12 ON 1-1 TO 1/4 MILE OR LESS
LOWEST: 41 ON 9, 8 3 = THUNDER
SNOW, ICE PELLETS, HAIL 4 = ICE PELLETS
TOTAL MONTH: M 5 = HAIL
GRTST 24HR M ON M 6 = FREEZING RAIN OR DRIZZLE
GRTST DEPTH: M ON M 7 = DUSTSTORM OR SANDSTORM:
VSBY 1/2 MILE OR LESS
8 = SMOKE OR HAZE
[NO. OF DAYS WITH] [WEATHER - DAYS WITH] 9 = BLOWING SNOW
X = TORNADO
MAX 32 OR BELOW: 0 0.01 INCH OR MORE: 7
MAX 90 OR ABOVE: 0 0.10 INCH OR MORE: 1
MIN 32 OR BELOW: 0 0.50 INCH OR MORE: 0
MIN 0 OR BELOW: 0 1.00 INCH OR MORE: 0
[HDD (BASE 65) ]
TOTAL THIS MO. 47 CLEAR (SCALE 0-3) 22
DPTR FM NORMAL -30 PTCLDY (SCALE 4-7) 8
TOTAL FM JUL 1 75 CLOUDY (SCALE 8-10) 1
DPTR FM NORMAL -41
[CDD (BASE 65) ]
TOTAL THIS MO. 26
DPTR FM NORMAL 0 [PRESSURE DATA]
TOTAL FM JAN 1 81 HIGHEST SLP 30.23 ON 15
DPTR FM NORMAL -5 LOWEST SLP 29.79 ON 8
[REMARKS]
#FINAL-08-23#