000
CXUS54 KMAF 011110
CF6ATS
PRELIMINARY LOCAL CLIMATOLOGICAL DATA (WS FORM: F-6)
STATION: ARTESIA
MONTH: JUNE
YEAR: 2021
LATITUDE: 32 54 N
LONGITUDE: 104 30 W
TEMPERATURE IN F: :PCPN: SNOW: WIND :SUNSHINE: SKY :PK WND
================================================================================
1 2 3 4 5 6A 6B 7 8 9 10 11 12 13 14 15 16 17 18
12Z AVG MX 2MIN
DY MAX MIN AVG DEP HDD CDD WTR SNW DPTH SPD SPD DIR MIN PSBL S-S WX SPD DR
================================================================================
1 77 57 67 M 0 2 0.00 M M 6.8 13 160 M M 2 23 190
2 86 59 73 M 0 8 0.00 M M 9.5 28 300 M M 1 3 33 300
3 84 57 71 M 0 6 0.00 M M 7.5 14 140 M M 0 21 140
4 86 61 74 M 0 9 0.00 M M 11.5 16 150 M M 0 23 150
5 95 64 80 M 0 15 0.00 M M 15.7 33 280 M M 0 45 280
6 100 66 83 M 0 18 0.00 M M 7.9 20 30 M M 0 33 30
7 102 66 84 M 0 19 0.00 M M 9.5 22 240 M M 0 32 240
8 100 66 83 M 0 18 0.00 M M 13.4 23 230 M M 0 32 240
9 106 68 87 M 0 22 0.00 M M 8.1 18 250 M M 0 23 240
10 108 72 90 M 0 25 0.00 M M 11.1 24 230 M M 0 31 230
11 106 70 88 M 0 23 0.00 M M 8.8 16 110 M M 0 24 80
12 99 73 86 M 0 21 0.00 M M 10.9 18 360 M M 0 25 60
13 100 75 88 M 0 23 0.00 M M 10.7 25 120 M M 0 35 120
14 100 70 85 M 0 20 0.00 M M 11.5 22 120 M M 0 30 110
15 93 66 80 M 0 15 0.00 M M 6.6 14 160 M M 0 20 160
16 97 70 84 M 0 19 0.00 M M 9.1 17 160 M M 0 26 110
17 95 66 81 M 0 16 0.00 M M 10.7 21 150 M M 0 26 160
18 97 64 81 M 0 16 0.00 M M 7.9 15 130 M M 0 18 180
19 99 66 83 M 0 18 0.00 M M 10.6 17 170 M M 0 24 150
20 104 70 87 M 0 22 0.00 M M 11.5 20 220 M M 0 29 50
21 86 72 79 M 0 14 0.00 M M 15.6 41 10 M M 1 8 55 10
22 95 68 82 M 0 17 0.00 M M 12.2 18 160 M M 3 25 150
23 104 73 89 M 0 24 0.00 M M 14.4 24 170 M M 0 43 170
24 99 73 86 M 0 21 0.04 M M 8.3 20 130 M M 1 38 150
25 106 73 90 M 0 25 0.00 M M 11.8 24 230 M M 0 37 240
26 97 66 82 M 0 17 0.11 M M 16.4 36 30 M M 0 40 30
27 81 64 73 M 0 8 1.00 M M 10.0 16 30 M M 5 28 360
28 68 63 66 M 0 1 1.33 M M 10.6 17 360 M M 4 43 350
29 77 64 71 M 0 6 2.58 M M 9.4 15 340 M M 1 3 24 180
30 81 66 74 M 0 9 0.34 M M 8.1 18 140 M M 3 23 120
================================================================================
SM 2828 2008 0 477 5.40 M 316.0 M 21
================================================================================
AV 94.3 66.9 10.5 FASTST M M 1 MAX(MPH)
MISC ----> 41 10 55 10
================================================================================
NOTES:
# LAST OF SEVERAL OCCURRENCES
COLUMN 17 PEAK WIND IN M.P.H.
PRELIMINARY LOCAL CLIMATOLOGICAL DATA (WS FORM: F-6) , PAGE 2
STATION: ARTESIA
MONTH: JUNE
YEAR: 2021
LATITUDE: 32 54 N
LONGITUDE: 104 30 W
[TEMPERATURE DATA] [PRECIPITATION DATA] SYMBOLS USED IN COLUMN 16
AVERAGE MONTHLY: 80.6 TOTAL FOR MONTH: 5.40 1 = FOG OR MIST
DPTR FM NORMAL: 0.0 DPTR FM NORMAL: M 2 = FOG REDUCING VISIBILITY
HIGHEST: 108 ON 10 GRTST 24HR 2.58 ON 29-29 TO 1/4 MILE OR LESS
LOWEST: 57 ON 3, 1 3 = THUNDER
SNOW, ICE PELLETS, HAIL 4 = ICE PELLETS
TOTAL MONTH: M 5 = HAIL
GRTST 24HR M ON M 6 = FREEZING RAIN OR DRIZZLE
GRTST DEPTH: M ON M 7 = DUSTSTORM OR SANDSTORM:
VSBY 1/2 MILE OR LESS
8 = SMOKE OR HAZE
[NO. OF DAYS WITH] [WEATHER - DAYS WITH] 9 = BLOWING SNOW
X = TORNADO
MAX 32 OR BELOW: 0 0.01 INCH OR MORE: 6
MAX 90 OR ABOVE: 21 0.10 INCH OR MORE: 5
MIN 32 OR BELOW: 0 0.50 INCH OR MORE: 3
MIN 0 OR BELOW: 0 1.00 INCH OR MORE: 3
[HDD (BASE 65) ]
TOTAL THIS MO. 0 CLEAR (SCALE 0-3) 27
DPTR FM NORMAL M PTCLDY (SCALE 4-7) 3
TOTAL FM JUL 1 3079 CLOUDY (SCALE 8-10) 0
DPTR FM NORMAL M
[CDD (BASE 65) ]
TOTAL THIS MO. 477
DPTR FM NORMAL M [PRESSURE DATA]
TOTAL FM JAN 1 758 HIGHEST SLP M ON M
DPTR FM NORMAL M LOWEST SLP M ON M
[REMARKS]
#FINAL-06-21#