000
CXUS54 KMAF 011210
CF6ATS
PRELIMINARY LOCAL CLIMATOLOGICAL DATA (WS FORM: F-6)
STATION: ARTESIA
MONTH: NOVEMBER
YEAR: 2023
LATITUDE: 32 54 N
LONGITUDE: 104 30 W
TEMPERATURE IN F: :PCPN: SNOW: WIND :SUNSHINE: SKY :PK WND
================================================================================
1 2 3 4 5 6A 6B 7 8 9 10 11 12 13 14 15 16 17 18
12Z AVG MX 2MIN
DY MAX MIN AVG DEP HDD CDD WTR SNW DPTH SPD SPD DIR MIN PSBL S-S WX SPD DR
================================================================================
1 61 25 43 M 22 0 0.00 M M 9.7 20 150 M M 0 25 150
2 73 32 53 M 12 0 0.00 M M 7.7 15 150 M M 0 18 140
3 82 39 61 M 4 0 0.00 M M 7.5 13 150 M M 0 16 150
4 82 45 64 M 1 0 0.00 M M 7.3 13 150 M M 0 14 99
5 82 45 64 M 1 0 0.00 M M 8.9 17 220 M M 0 28 140
6 90 45 68 M 0 3 0.00 M M 8.4 20 230 M M 0 25 230
7 90 48 69 M 0 4 0.00 M M 10.6 26 240 M M 0 39 240
8 86 54 70 M 0 5 0.00 M M 15.0 25 240 M M 0 32 270
9 61 52 57 M 8 0 0.00 M M 12.7 22 10 M M 9 26 10
10 50 37 44 M 21 0 0.28 M M 6.3 15 30 M M 9 15 260
11 57 41 49 M 16 0 0.00 M M 6.3 10 140 M M 3 1 13 99
12 59 36 48 M 17 0 0.00 M M 4.4 12 140 M M 5 12 14 130
13 55 48 52 M 13 0 0.01 M M 7.0 10 350 M M 9 1 M M
14 63 46 55 M 10 0 0.00 M M 9.6 14 170 M M 5 1 21 140
15 64 48 56 M 9 0 0.00 M M 7.6 14 170 M M 4 1 M M
16 66 46 56 M 9 0 0.00 M M 5.7 16 260 M M 4 12 M M
17 72 54 63 M 2 0 0.00 M M 6.6 15 280 M M 2 18 10
18 66 52 59 M 6 0 0.00 M M 13.3 23 160 M M 2 29 150
19 73 45 59 M 6 0 0.00 M M 8.3 21 350 M M 2 12 30 350
20 64 46 55 M 10 0 0.00 M M 14.6 23 330 M M 3 31 320
21 57 41 49 M 16 0 0.00 M M 12.8 20 10 M M 1 28 360
22 64 32 48 M 17 0 0.00 M M 7.3 13 150 M M 0 13 270
23 68 34 51 M 14 0 0.00 M M 6.8 21 160 M M 0 28 160
24 46 34 40 M 25 0 0.00 M M 12.4 25 350 M M 2 33 330
25 57 37 47 M 18 0 0.00 M M 8.7 23 10 M M 5 30 150
26 46 30 38 M 27 0 0.00 M M 5.9 16 360 M M 1 M M
27 50 30 40 M 25 0 0.00 M M 3.5 13 150 M M 2 16 160
28 55 27 41 M 24 0 0.00 M M 5.7 13 160 M M 0 16 160
29 63 34 49 M 16 0 0.00 M M 7.3 15 150 M M 0 17 170
30 63 39 51 M 14 0 0.00 M M 12.6 33 260 M M 3 12 40 260
================================================================================
SM 1965 1222 363 12 0.29 M 260.1 M 71
================================================================================
AV 65.5 40.7 8.7 FASTST M M 2 MAX(MPH)
MISC ----> 33 260 40 260
================================================================================
NOTES:
# LAST OF SEVERAL OCCURRENCES
COLUMN 17 PEAK WIND IN M.P.H.
PRELIMINARY LOCAL CLIMATOLOGICAL DATA (WS FORM: F-6) , PAGE 2
STATION: ARTESIA
MONTH: NOVEMBER
YEAR: 2023
LATITUDE: 32 54 N
LONGITUDE: 104 30 W
[TEMPERATURE DATA] [PRECIPITATION DATA] SYMBOLS USED IN COLUMN 16
AVERAGE MONTHLY: 53.1 TOTAL FOR MONTH: 0.29 1 = FOG OR MIST
DPTR FM NORMAL: 0.0 DPTR FM NORMAL: M 2 = FOG REDUCING VISIBILITY
HIGHEST: 90 ON 7, 6 GRTST 24HR 0.28 ON 10-10 TO 1/4 MILE OR LESS
LOWEST: 25 ON 1 3 = THUNDER
SNOW, ICE PELLETS, HAIL 4 = ICE PELLETS
TOTAL MONTH: M 5 = HAIL
GRTST 24HR M ON M 6 = FREEZING RAIN OR DRIZZLE
GRTST DEPTH: M ON M 7 = DUSTSTORM OR SANDSTORM:
VSBY 1/2 MILE OR LESS
8 = SMOKE OR HAZE
[NO. OF DAYS WITH] [WEATHER - DAYS WITH] 9 = BLOWING SNOW
X = TORNADO
MAX 32 OR BELOW: 0 0.01 INCH OR MORE: 2
MAX 90 OR ABOVE: 2 0.10 INCH OR MORE: 1
MIN 32 OR BELOW: 6 0.50 INCH OR MORE: 0
MIN 0 OR BELOW: 0 1.00 INCH OR MORE: 0
[HDD (BASE 65) ]
TOTAL THIS MO. 363 CLEAR (SCALE 0-3) 20
DPTR FM NORMAL M PTCLDY (SCALE 4-7) 7
TOTAL FM JUL 1 467 CLOUDY (SCALE 8-10) 3
DPTR FM NORMAL M
[CDD (BASE 65) ]
TOTAL THIS MO. 12
DPTR FM NORMAL M [PRESSURE DATA]
TOTAL FM JAN 1 2521 HIGHEST SLP M ON M
DPTR FM NORMAL M LOWEST SLP M ON M
[REMARKS]
#FINAL-11-23#