000
CXUS54 KEWX 010554
CF6ATT
PRELIMINARY LOCAL CLIMATOLOGICAL DATA (WS FORM: F-6)
STATION: AUSTIN CAMP MABRY
MONTH: JANUARY
YEAR: 2023
LATITUDE: 30 17 N
LONGITUDE: 97 42 W
TEMPERATURE IN F: :PCPN: SNOW: WIND :SUNSHINE: SKY :PK WND
================================================================================
1 2 3 4 5 6A 6B 7 8 9 10 11 12 13 14 15 16 17 18
12Z AVG MX 2MIN
DY MAX MIN AVG DEP HDD CDD WTR SNW DPTH SPD SPD DIR MIN PSBL S-S WX SPD DR
================================================================================
1 79 50 65 13 0 0 0.00 0.0 0 4.7 12 150 M M 3 12 23 150
2 83 69 76 24 0 11 0.03 0.0 0 6.5 16 160 M M 6 18 32 160
3 74 54 64 12 1 0 0.04 0.0 0 4.0 12 340 M M 3 1 21 300
4 74 42 58 6 7 0 0.00 0.0 0 2.5 12 300 M M 0 20 320
5 69 41 55 3 10 0 0.00 0.0 0 2.1 8 10 M M 0 14 30
6 79 44 62 10 3 0 0.00 0.0 0 4.1 14 160 M M 4 29 180
7 77 59 68 16 0 3 T 0.0 0 3.1 12 350 M M 9 1 21 360
8 69 47 58 6 7 0 0.00 0.0 0 4.3 12 360 M M 3 23 350
9 74 43 59 7 6 0 0.00 0.0 0 1.6 9 140 M M 0 17 130
10 84 57 71 19 0 6 0.00 0.0 0 3.3 10 220 M M 2 1 22 190
11 78 56 67 15 0 2 0.00 0.0 0 3.3 12 160 M M 1 1 26 150
12 69 50 60 8 5 0 0.00 0.0 0 9.2 18 330 M M 0 35 320
13 64 41 53 1 12 0 0.00 0.0 0 3.3 10 360 M M 0 18 360
14 66 34 50 -2 15 0 0.00 0.0 0 4.3 13 150 M M 0 25 140
15 74 46 60 8 5 0 0.00 0.0 0 7.1 17 160 M M 0 34 140
16 78 58 68 16 0 3 0.00 0.0 0 1.4 10 170 M M 4 19 170
17 82 50 66 14 0 1 0.00 0.0 0 3.9 16 130 M M 1 24 150
18 77 57 67 15 0 2 T 0.0 0 5.4 15 300 M M 4 1 29 350
19 69 46 58 6 7 0 0.00 0.0 0 2.3 10 330 M M 0 17 330
20 58 50 54 2 11 0 0.00 0.0 0 3.0 9 110 M M 9 18 80
21 65 46 56 4 9 0 0.01 0.0 0 2.5 10 130 M M 7 14 120
22 62 42 52 0 13 0 0.00 0.0 0 5.4 16 330 M M 0 27 340
23 60 33 47 -5 18 0 0.00 0.0 0 5.0 13 120 M M 4 20 110
24 55 42 49 -4 16 0 0.82 0.0 0 6.7 17 320 M M 8 1 35 320
25 56 39 48 -5 17 0 0.00 0.0 0 5.6 13 280 M M 2 26 310
26 58 35 47 -6 18 0 0.00 0.0 0 1.7 9 340 M M 0 14 340
27 56 33 45 -8 20 0 0.00 0.0 0 2.7 9 150 M M 5 17 180
28 60 48 54 1 11 0 0.08 0.0 0 1.7 7 150 M M 10 1 13 190
29 75 41 58 5 7 0 0.21 0.0 0 3.9 15 10 M M 9 123 28 360
30 41 30 36 -17 29 0 0.01 0.0 0 7.7 14 360 M M 10 16 24 20
31 32 29 31 -23 34 0 0.06 0.0 0 7.8 14 10 M M 10 16 24 350
================================================================================
SM 2097 1412 281 28 1.26 0.0 130.1 M 114
================================================================================
AV 67.6 45.5 4.2 FASTST M M 4 MAX(MPH)
MISC ----> 18 330 # 35 320
================================================================================
NOTES:
# LAST OF SEVERAL OCCURRENCES
COLUMN 17 PEAK WIND IN M.P.H.
PRELIMINARY LOCAL CLIMATOLOGICAL DATA (WS FORM: F-6) , PAGE 2
STATION: AUSTIN CAMP MABRY
MONTH: JANUARY
YEAR: 2023
LATITUDE: 30 17 N
LONGITUDE: 97 42 W
[TEMPERATURE DATA] [PRECIPITATION DATA] SYMBOLS USED IN COLUMN 16
AVERAGE MONTHLY: 56.6 TOTAL FOR MONTH: 1.26 1 = FOG OR MIST
DPTR FM NORMAL: 4.4 DPTR FM NORMAL: -1.38 2 = FOG REDUCING VISIBILITY
HIGHEST: 84 ON 10 GRTST 24HR 0.82 ON 24-24 TO 1/4 MILE OR LESS
LOWEST: 29 ON 31 3 = THUNDER
SNOW, ICE PELLETS, HAIL 4 = ICE PELLETS
TOTAL MONTH: 0.0 INCH 5 = HAIL
GRTST 24HR 0.0 6 = FREEZING RAIN OR DRIZZLE
GRTST DEPTH: 0 7 = DUSTSTORM OR SANDSTORM:
VSBY 1/2 MILE OR LESS
8 = SMOKE OR HAZE
[NO. OF DAYS WITH] [WEATHER - DAYS WITH] 9 = BLOWING SNOW
X = TORNADO
MAX 32 OR BELOW: 1 0.01 INCH OR MORE: 8
MAX 90 OR ABOVE: 0 0.10 INCH OR MORE: 2
MIN 32 OR BELOW: 2 0.50 INCH OR MORE: 1
MIN 0 OR BELOW: 0 1.00 INCH OR MORE: 0
[HDD (BASE 65) ]
TOTAL THIS MO. 281 CLEAR (SCALE 0-3) 17
DPTR FM NORMAL -127 PTCLDY (SCALE 4-7) 8
TOTAL FM JUL 1 906 CLOUDY (SCALE 8-10) 6
DPTR FM NORMAL -87
[CDD (BASE 65) ]
TOTAL THIS MO. 28
DPTR FM NORMAL 18 [PRESSURE DATA]
TOTAL FM JAN 1 28 HIGHEST SLP 30.51 ON 13
DPTR FM NORMAL 18 LOWEST SLP 29.64 ON 2
[REMARKS]
#FINAL-01-23#