000
CXUS53 KABR 011200
CF6ATY
PRELIMINARY LOCAL CLIMATOLOGICAL DATA (WS FORM: F-6)
STATION: WATERTOWN SD
MONTH: FEBRUARY
YEAR: 2024
LATITUDE: 44 55 N
LONGITUDE: 97 9 W
TEMPERATURE IN F: :PCPN: SNOW: WIND :SUNSHINE: SKY :PK WND
================================================================================
1 2 3 4 5 6A 6B 7 8 9 10 11 12 13 14 15 16 17 18
12Z AVG MX 2MIN
DY MAX MIN AVG DEP HDD CDD WTR SNW DPTH SPD SPD DIR MIN PSBL S-S WX SPD DR
================================================================================
1 47 26 37 24 28 0 0.00 0.0 T 6.7 14 90 M M 1 12 19 80
2 38 30 34 21 31 0 0.00 0.0 T 10.0 17 150 M M 4 12 27 110
3 37 32 35 22 30 0 0.00 0.0 0 8.8 15 140 M M 8 12 22 100
4 33 30 32 19 33 0 0.00 0.0 0 4.5 10 80 M M 7 12 16 80
5 44 28 36 23 29 0 0.00 0.0 0 8.9 15 160 M M 6 12 20 160
6 41 32 37 23 28 0 0.00 0.0 0 7.3 14 170 M M 6 12 18 170
7 49 37 43 29 22 0 0.00 0.0 0 15.9 25 170 M M 1 1 35 160
8 45 29 37 23 28 0 0.02 T 0 14.5 24 280 M M 10 1 35 280
9 30 27 29 15 36 0 0.00 0.0 0 16.6 23 320 M M 10 35 270
10 33 22 28 14 37 0 0.00 0.0 0 9.7 17 340 M M 9 21 320
11 43 16 30 15 35 0 0.00 0.0 0 11.6 25 220 M M 1 33 220
12 40 19 30 15 35 0 0.00 0.0 0 5.7 13 310 M M 0 17 310
13 40 18 29 14 36 0 0.00 0.0 0 6.1 15 200 M M 6 1 21 170
14 33 6 20 4 45 0 0.33 4.6 0 7.0 15 10 M M 7 12 21 10
15 23 -7 8 -8 57 0 0.00 0.0 4 4.3 9 270 M M 2 1 12 310
16 15 1 8 -8 57 0 0.01 0.5 4 10.2 21 340 M M 5 1 27 320
17 29 5 17 0 48 0 0.00 0.0 5 18.5 28 240 M M 0 39 240
18 31 7 19 2 46 0 0.00 0.0 5 5.4 15 300 M M 0 21 290
19 37 22 30 12 35 0 0.00 0.0 3 7.0 15 140 M M 3 12 22 150
20 44 14 29 11 36 0 0.00 0.0 2 1.8 8 200 M M 2 12 10 310
21 51 22 37 19 28 0 0.00 0.0 1 3.5 8 190 M M 0 1 10 180
22 43 25 34 15 31 0 0.00 0.0 T 9.5 20 310 M M 1 12 27 320
23 37 19 28 9 37 0 0.00 0.0 T 10.3 18 340 M M 5 1 24 350
24 50 19 35 15 30 0 0.00 0.0 T 11.8 21 220 M M 0 26 230
25 42 27 35 15 30 0 T T 0 7.4 14 350 M M 4 17 350
26 60 32 46 26 19 0 0.00 0.0 0 8.6 21 160 M M 1 30 160
27 45 2 24 3 41 0 T T 0 24.6 35 330 M M 7 189 46 330
28 21 -2 10 -11 55 0 0.00 0.0 0 10.2 23 330 M M 1 30 340
29 52 18 35 13 30 0 0.00 0.0 0 12.1 18 170 M M 0 24 170
================================================================================
SM 1133 556 1033 0 0.36 5.1 278.5 M 107
================================================================================
AV 39.1 19.2 9.6 FASTST M M 4 MAX(MPH)
MISC ----> 35 330 46 330
================================================================================
NOTES:
# LAST OF SEVERAL OCCURRENCES
COLUMN 17 PEAK WIND IN M.P.H.
PRELIMINARY LOCAL CLIMATOLOGICAL DATA (WS FORM: F-6) , PAGE 2
STATION: WATERTOWN SD
MONTH: FEBRUARY
YEAR: 2024
LATITUDE: 44 55 N
LONGITUDE: 97 9 W
[TEMPERATURE DATA] [PRECIPITATION DATA] SYMBOLS USED IN COLUMN 16
AVERAGE MONTHLY: 29.1 TOTAL FOR MONTH: 0.36 1 = FOG OR MIST
DPTR FM NORMAL: 12.8 DPTR FM NORMAL: -0.29 2 = FOG REDUCING VISIBILITY
HIGHEST: 60 ON 26 GRTST 24HR 0.33 ON 14-14 TO 1/4 MILE OR LESS
LOWEST: -7 ON 15 3 = THUNDER
SNOW, ICE PELLETS, HAIL 4 = ICE PELLETS
TOTAL MONTH: 5.1 INCHES 5 = HAIL
GRTST 24HR 4.6 ON 14-14 6 = FREEZING RAIN OR DRIZZLE
GRTST DEPTH: 5 ON 18,17 7 = DUSTSTORM OR SANDSTORM:
VSBY 1/2 MILE OR LESS
8 = SMOKE OR HAZE
[NO. OF DAYS WITH] [WEATHER - DAYS WITH] 9 = BLOWING SNOW
X = TORNADO
MAX 32 OR BELOW: 6 0.01 INCH OR MORE: 3
MAX 90 OR ABOVE: 0 0.10 INCH OR MORE: 1
MIN 32 OR BELOW: 28 0.50 INCH OR MORE: 0
MIN 0 OR BELOW: 2 1.00 INCH OR MORE: 0
[HDD (BASE 65) ]
TOTAL THIS MO. 1033 CLEAR (SCALE 0-3) 15
DPTR FM NORMAL -330 PTCLDY (SCALE 4-7) 11
TOTAL FM JUL 1 5267 CLOUDY (SCALE 8-10) 3
DPTR FM NORMAL -1160
[CDD (BASE 65) ]
TOTAL THIS MO. 0
DPTR FM NORMAL 0 [PRESSURE DATA]
TOTAL FM JAN 1 0 HIGHEST SLP 30.46 ON 16
DPTR FM NORMAL 0 LOWEST SLP 29.23 ON 8
[REMARKS]
#FINAL-02-24#