000
CXUS53 KGID 011508
CF6AUH
PRELIMINARY LOCAL CLIMATOLOGICAL DATA (WS FORM: F-6)
STATION: AURORA NE
MONTH: MAY
YEAR: 2022
LATITUDE: 40 54 N
LONGITUDE: 97 59 W
TEMPERATURE IN F: :PCPN: SNOW: WIND :SUNSHINE: SKY :PK WND
================================================================================
1 2 3 4 5 6A 6B 7 8 9 10 11 12 13 14 15 16 17 18
12Z AVG MX 2MIN
DY MAX MIN AVG DEP HDD CDD WTR SNW DPTH SPD SPD DIR MIN PSBL S-S WX SPD DR
================================================================================
1 65 40 53 M 12 0 0.00 M M 11.7 23 320 M M 0 30 320
2 47 34 41 M 24 0 1.87 M M 14.7 23 70 M M 10 3 30 70
3 51 39 45 M 20 0 0.00 M M 9.0 16 20 M M 9 21 20
4 51 41 46 M 19 0 0.15 M M 6.4 12 110 M M 10 1 M M
5 54 47 51 M 14 0 0.25 M M 9.0 18 10 M M 10 1 M M
6 67 50 59 M 6 0 0.01 M M 8.2 13 150 M M 7 12 17 190
7 76 52 64 M 1 0 0.00 M M 19.8 30 150 M M 2 40 160
8 71 57 64 M 1 0 0.04 M M 10.9 21 140 M M 10 1 29 140
9 85 64 75 M 0 10 0.00 M M 15.4 23 150 M M 5 31 180
10 79 61 70 M 0 5 0.00 M M 14.4 21 30 M M 6 28 30
11 90 61 76 M 0 11 0.00 M M 13.9 23 200 M M 3 1 35 200
12 91 61 76 M 0 11 0.35 M M 17.6 32 200 M M 2 3 44 200
13 79 51 65 M 0 0 0.00 M M 5.2 13 270 M M 0 9 230
14 83 58 71 M 0 6 0.01 M M 10.5 20 270 M M 1 3 24 270
15 73 53 63 M 2 0 0.02 M M 9.6 22 30 M M 5 23 30
16 82 49 66 M 0 1 0.00 M M 10.0 16 230 M M 0 22 230
17 85 63 74 M 0 9 0.35 M M 12.9 23 110 M M 2 3 28 110
18 84 58 71 M 0 6 0.00 M M 5.8 13 190 M M 0 1 17 190
19 92 56 74 M 0 9 0.00 M M 16.1 31 350 M M 0 35 360
20 70 51 61 M 4 0 0.00 M M 17.9 27 360 M M 10 36 360
21 60 42 51 M 14 0 0.00 M M 13.1 20 350 M M 6 28 340
22 70 36 53 M 12 0 0.00 M M 5.9 13 110 M M 2 20 0
23 65 51 58 M 7 0 T M M 8.6 20 140 M M 8 24 140
24 58 49 54 M 11 0 0.63 M M 14.7 23 50 M M 10 28 70
25 53 49 51 M 14 0 0.56 M M 20.0 27 360 M M 10 32 360
26 74 49 62 M 3 0 0.13 M M 14.2 25 M M M 4 31 330
27 86 51 69 M 0 4 0.00 M M 10.0 17 170 M M 0 23 180
28 86 63 75 M 0 10 0.00 M M 14.5 20 170 M M 0 28 170
29 84 69 77 M 0 12 0.00 M M 14.4 22 160 M M 0 31 150
30 85 61 73 M 0 8 0.00 M M 22.2 46 230 M M 4 52 230
31 76 51 64 M 1 0 0.00 M M 10.0 17 360 M M 3 23 290
================================================================================
SM 2272 1617 165 102 4.37 M 386.6 M 139
================================================================================
AV 73.3 52.2 12.5 FASTST M M 4 MAX(MPH)
MISC ----> M M M M
================================================================================
NOTES:
# LAST OF SEVERAL OCCURRENCES
COLUMN 17 PEAK WIND IN M.P.H.
PRELIMINARY LOCAL CLIMATOLOGICAL DATA (WS FORM: F-6) , PAGE 2
STATION: AURORA NE
MONTH: MAY
YEAR: 2022
LATITUDE: 40 54 N
LONGITUDE: 97 59 W
[TEMPERATURE DATA] [PRECIPITATION DATA] SYMBOLS USED IN COLUMN 16
AVERAGE MONTHLY: 62.7 TOTAL FOR MONTH: 4.37 1 = FOG OR MIST
DPTR FM NORMAL: M DPTR FM NORMAL: M 2 = FOG REDUCING VISIBILITY
HIGHEST: 92 ON 19 GRTST 24HR 1.87 ON 2- 2 TO 1/4 MILE OR LESS
LOWEST: 34 ON 2 3 = THUNDER
SNOW, ICE PELLETS, HAIL 4 = ICE PELLETS
TOTAL MONTH: M 5 = HAIL
GRTST 24HR M ON M 6 = FREEZING RAIN OR DRIZZLE
GRTST DEPTH: M ON M 7 = DUSTSTORM OR SANDSTORM:
VSBY 1/2 MILE OR LESS
8 = SMOKE OR HAZE
[NO. OF DAYS WITH] [WEATHER - DAYS WITH] 9 = BLOWING SNOW
X = TORNADO
MAX 32 OR BELOW: 0 0.01 INCH OR MORE: 12
MAX 90 OR ABOVE: 3 0.10 INCH OR MORE: 8
MIN 32 OR BELOW: 0 0.50 INCH OR MORE: 3
MIN 0 OR BELOW: 0 1.00 INCH OR MORE: 1
[HDD (BASE 65) ]
TOTAL THIS MO. 165 CLEAR (SCALE 0-3) 15
DPTR FM NORMAL M PTCLDY (SCALE 4-7) 8
TOTAL FM JUL 1 5431 CLOUDY (SCALE 8-10) 8
DPTR FM NORMAL M
[CDD (BASE 65) ]
TOTAL THIS MO. 102
DPTR FM NORMAL M [PRESSURE DATA]
TOTAL FM JAN 1 118 HIGHEST SLP M ON M
DPTR FM NORMAL M LOWEST SLP M ON M
[REMARKS]
#FINAL-05-22#