000
CXUS54 KBMX 011110
CF6AUO
PRELIMINARY LOCAL CLIMATOLOGICAL DATA (WS FORM: F-6)
STATION: AUBURN AWOS
MONTH: NOVEMBER
YEAR: 2021
LATITUDE: 32 34 N
LONGITUDE: 85 30 W
TEMPERATURE IN F: :PCPN: SNOW: WIND :SUNSHINE: SKY :PK WND
================================================================================
1 2 3 4 5 6A 6B 7 8 9 10 11 12 13 14 15 16 17 18
12Z AVG MX 2MIN
DY MAX MIN AVG DEP HDD CDD WTR SNW DPTH SPD SPD DIR MIN PSBL S-S WX SPD DR
================================================================================
1 71 46 59 M 6 0 0.00 0.0 0 4.5 10 40 M M 0 M M
2 71 50 61 M 4 0 0.00 0.0 0 7.2 10 10 M M 0 38 30
3 66 44 55 M 10 0 T 0.0 0 7.8 12 50 M M 4 M M
4 57 48 53 M 12 0 T 0.0 0 8.2 13 40 M M 10 8 17 40
5 57 45 51 M 14 0 0.00 0.0 0 10.1 15 100 M M 5 25 100
6 62 42 52 M 13 0 0.00 0.0 0 9.6 16 30 M M 0 8 30 50
7 67 37 52 M 13 0 0.00 0.0 0 5.7 9 10 M M 0 M M
8 73 41 57 M 8 0 0.00 0.0 0 4.8 10 30 M M 0 M M
9 75 41 58 M 7 0 0.00 0.0 0 2.6 7 190 M M 0 M M
10 74 46 60 M 5 0 0.00 0.0 0 3.3 8 200 M M 0 M M
11 75 54 65 M 0 0 0.40 0.0 0 7.8 15 190 M M 5 1 20 170
12 68 47 58 M 7 0 0.00 0.0 0 3.3 7 240 M M 1 12 M M
13 58 37 48 M 17 0 0.00 0.0 0 7.5 13 300 M M 0 18 300
14 60 30 45 M 20 0 0.00 0.0 0 6.2 14 330 M M 0 M M
15 66 38 52 M 13 0 0.00 0.0 0 3.5 7 310 M M 0 M M
16 71 43 57 M 8 0 0.00 0.0 0 2.7 8 200 M M 0 8 M M
17 73 48 61 M 4 0 0.00 0.0 0 4.1 9 210 M M 0 1 M M
18 75 49 62 M 3 0 0.00 0.0 0 7.3 18 350 M M 2 24 350
19 65 38 52 M 13 0 0.00 0.0 0 9.4 18 10 M M 0 28 10
20 63 40 52 M 13 0 0.00 0.0 0 9.1 14 80 M M 0 20 80
21 68 45 57 M 8 0 0.00 0.0 0 6.0 10 90 M M 1 M M
22 62 38 50 M 15 0 0.49 0.0 0 8.6 17 350 M M 6 13 25 350
23 57 33 45 M 20 0 0.00 0.0 0 7.5 14 350 M M 0 M M
24 59 35 47 M 18 0 0.00 0.0 0 5.0 8 120 M M 0 M M
25 66 37 52 M 13 0 0.07 0.0 0 4.9 8 130 M M 3 1 M M
26 58 36 47 M 18 0 0.01 0.0 0 10.2 17 340 M M 3 1 24 340
27 62 30 46 M 19 0 0.00 0.0 0 4.3 9 230 M M 0 M M
28 55 41 48 M 17 0 T M M 5.0 7 330 M M 3 M M
29 56 35 46 M 19 0 M M 0 7.4 13 340 M M 0 17 360
30 M M M M M M 0.00 0.0 0 2.6 5 250 M M 0 M M
================================================================================
SM 1890 1194 337 0 0.97 0.0 186.2 M 43
================================================================================
AV 65.2 41.2 6.2 FASTST M M 1 MAX(MPH)
MISC ----> # 18 350 38 30
================================================================================
NOTES:
# LAST OF SEVERAL OCCURRENCES
COLUMN 17 PEAK WIND IN M.P.H.
PRELIMINARY LOCAL CLIMATOLOGICAL DATA (WS FORM: F-6) , PAGE 2
STATION: AUBURN AWOS
MONTH: NOVEMBER
YEAR: 2021
LATITUDE: 32 34 N
LONGITUDE: 85 30 W
[TEMPERATURE DATA] [PRECIPITATION DATA] SYMBOLS USED IN COLUMN 16
AVERAGE MONTHLY: 53.2 TOTAL FOR MONTH: 0.97 1 = FOG OR MIST
DPTR FM NORMAL: 0.0 DPTR FM NORMAL: M 2 = FOG REDUCING VISIBILITY
HIGHEST: 75 ON 18,11 GRTST 24HR 0.49 ON 22-22 TO 1/4 MILE OR LESS
LOWEST: 30 ON 27,14 3 = THUNDER
SNOW, ICE PELLETS, HAIL 4 = ICE PELLETS
TOTAL MONTH: 0.0 INCH 5 = HAIL
GRTST 24HR 0.0 6 = FREEZING RAIN OR DRIZZLE
GRTST DEPTH: 0 7 = DUSTSTORM OR SANDSTORM:
VSBY 1/2 MILE OR LESS
8 = SMOKE OR HAZE
[NO. OF DAYS WITH] [WEATHER - DAYS WITH] 9 = BLOWING SNOW
X = TORNADO
MAX 32 OR BELOW: 0 0.01 INCH OR MORE: 4
MAX 90 OR ABOVE: 0 0.10 INCH OR MORE: 2
MIN 32 OR BELOW: 2 0.50 INCH OR MORE: 0
MIN 0 OR BELOW: 0 1.00 INCH OR MORE: 0
[HDD (BASE 65) ]
TOTAL THIS MO. 337 CLEAR (SCALE 0-3) 24
DPTR FM NORMAL M PTCLDY (SCALE 4-7) 5
TOTAL FM JUL 1 402 CLOUDY (SCALE 8-10) 1
DPTR FM NORMAL M
[CDD (BASE 65) ]
TOTAL THIS MO. 0
DPTR FM NORMAL M [PRESSURE DATA]
TOTAL FM JAN 1 1938 HIGHEST SLP M ON M
DPTR FM NORMAL M LOWEST SLP M ON M
[REMARKS]
#FINAL-11-21#