000
CXUS54 KEWX 261044
CF6AUS
PRELIMINARY LOCAL CLIMATOLOGICAL DATA (WS FORM: F-6)
STATION: AUSTIN BERGSTROM
MONTH: JANUARY
YEAR: 2021
LATITUDE: 30 13 N
LONGITUDE: 97 40 W
TEMPERATURE IN F: :PCPN: SNOW: WIND :SUNSHINE: SKY :PK WND
================================================================================
1 2 3 4 5 6A 6B 7 8 9 10 11 12 13 14 15 16 17 18
12Z AVG MX 2MIN
DY MAX MIN AVG DEP HDD CDD WTR SNW DPTH SPD SPD DIR MIN PSBL S-S WX SPD DR
================================================================================
1 54 31 43 -6 22 0 0.00 0.0 0 7.2 18 330 M M 3 28 310
2 65 32 49 0 16 0 0.00 0.0 0 5.6 13 330 M M 2 20 340
3 70 31 51 2 14 0 0.00 0.0 0 9.7 21 180 M M 1 29 180
4 78 33 56 7 9 0 0.00 0.0 0 4.7 15 30 M M 0 18 30
5 72 44 58 9 7 0 0.00 0.0 0 6.5 16 190 M M 3 21 180
6 72 51 62 13 3 0 0.35 0.0 0 9.6 22 310 M M 7 1 42 320
7 63 37 50 1 15 0 0.00 0.0 0 10.0 22 340 M M 0 30 340
8 53 32 43 -6 22 0 0.00 0.0 0 8.0 18 20 M M 2 24 340
9 55 26 41 -8 24 0 0.01 0.0 0 5.5 16 40 M M 5 22 40
10 46 33 40 -9 25 0 1.07 1.3 0 11.3 20 10 M M 10 14 25 360
11 50 28 39 -10 26 0 0.00 0.0 T 6.7 16 340 M M 4 20 330
12 51 23 37 -12 28 0 0.00 0.0 0 3.9 10 180 M M 2 1 15 180
13 66 26 46 -3 19 0 0.00 0.0 0 5.8 16 190 M M 0 21 170
14 71 34 53 4 12 0 0.00 0.0 0 11.0 29 360 M M 1 37 10
15 61 38 50 1 15 0 0.00 0.0 0 9.9 21 280 M M 0 34 320
16 64 38 51 2 14 0 0.00 0.0 0 3.5 10 280 M M 2 17 290
17 69 37 53 4 12 0 0.00 0.0 0 3.9 13 60 M M 3 18 10
18 77 38 58 9 7 0 0.00 0.0 0 8.9 25 190 M M 5 33 200
19 72 50 61 12 4 0 0.13 0.0 0 11.5 22 360 M M 10 1 30 20
20 57 49 53 4 12 0 0.10 0.0 0 8.3 20 20 M M 10 1 26 10
21 67 50 59 10 6 0 T 0.0 0 4.4 9 190 M M 9 1 12 170
22 78 52 65 16 0 0 0.01 0.0 0 7.9 22 30 M M 7 1 28 10
23 64 51 58 9 7 0 0.01 0.0 0 5.5 15 20 M M 10 1 18 40
24 72 61 67 18 0 2 0.04 0.0 0 6.6 23 160 M M 10 12 30 160
25 77 43 60 10 5 0 0.03 0.0 0 8.2 23 180 M M 7 1 32 180
26 75 36 56 6 9 0 0.00 0.0 0 5.4 25 360 M M 2 32 360
27 68 39 54 4 11 0 0.00 0.0 0 10.3 23 350 M M 5 31 360
28 56 32 44 -6 21 0 0.00 0.0 0 7.2 14 40 M M 5 18 40
29 69 33 51 1 14 0 0.00 0.0 0 7.3 20 160 M M 6 27 150
30 78 50 64 14 1 0 T 0.0 0 10.5 24 190 M M 6 8 35 180
31 70 48 59 9 6 0 0.00 0.0 0 11.8 23 350 M M 1 8 32 360
================================================================================
SM 2040 1206 386 2 1.75 1.3 236.6 M 138
================================================================================
AV 65.8 38.9 7.6 FASTST M M 4 MAX(MPH)
MISC ----> 29 360 42 320
================================================================================
NOTES:
# LAST OF SEVERAL OCCURRENCES
COLUMN 17 PEAK WIND IN M.P.H.
PRELIMINARY LOCAL CLIMATOLOGICAL DATA (WS FORM: F-6) , PAGE 2
STATION: AUSTIN BERGSTROM
MONTH: JANUARY
YEAR: 2021
LATITUDE: 30 13 N
LONGITUDE: 97 40 W
[TEMPERATURE DATA] [PRECIPITATION DATA] SYMBOLS USED IN COLUMN 16
AVERAGE MONTHLY: 52.4 TOTAL FOR MONTH: 1.75 1 = FOG OR MIST
DPTR FM NORMAL: 3.2 DPTR FM NORMAL: -0.45 2 = FOG REDUCING VISIBILITY
HIGHEST: 78 ON 30, 4 GRTST 24HR 1.07 ON 10-10 TO 1/4 MILE OR LESS
LOWEST: 23 ON 12 3 = THUNDER
SNOW, ICE PELLETS, HAIL 4 = ICE PELLETS
TOTAL MONTH: 1.3 INCHES 5 = HAIL
GRTST 24HR 1.3 ON 10-10 6 = FREEZING RAIN OR DRIZZLE
GRTST DEPTH: T 7 = DUSTSTORM OR SANDSTORM:
VSBY 1/2 MILE OR LESS
8 = SMOKE OR HAZE
[NO. OF DAYS WITH] [WEATHER - DAYS WITH] 9 = BLOWING SNOW
X = TORNADO
MAX 32 OR BELOW: 0 0.01 INCH OR MORE: 9
MAX 90 OR ABOVE: 0 0.10 INCH OR MORE: 4
MIN 32 OR BELOW: 9 0.50 INCH OR MORE: 1
MIN 0 OR BELOW: 0 1.00 INCH OR MORE: 1
[HDD (BASE 65) ]
TOTAL THIS MO. 386 CLEAR (SCALE 0-3) 13
DPTR FM NORMAL -109 PTCLDY (SCALE 4-7) 12
TOTAL FM JUL 1 959 CLOUDY (SCALE 8-10) 6
DPTR FM NORMAL -280
[CDD (BASE 65) ]
TOTAL THIS MO. 2
DPTR FM NORMAL -3 [PRESSURE DATA]
TOTAL FM JAN 1 2 HIGHEST SLP 30.62 ON 28
DPTR FM NORMAL -3 LOWEST SLP 29.62 ON 25
[REMARKS]
#FINAL-01-21#