000
CXUS51 KBGM 010810
CF6AVP
PRELIMINARY LOCAL CLIMATOLOGICAL DATA (WS FORM: F-6)
STATION: AVOCA PA
MONTH: JUNE
YEAR: 2023
LATITUDE: 41 19 N
LONGITUDE: 75 44 W
TEMPERATURE IN F: :PCPN: SNOW: WIND :SUNSHINE: SKY :PK WND
================================================================================
1 2 3 4 5 6A 6B 7 8 9 10 11 12 13 14 15 16 17 18
12Z AVG MX 2MIN
DY MAX MIN AVG DEP HDD CDD WTR SNW DPTH SPD SPD DIR MIN PSBL S-S WX SPD DR
================================================================================
1 93 52 73 8 0 8 0.00 0.0 M 5.6 13 320 M M 0 17 340
2 95 59 77 12 0 12 0.52 0.0 M 5.9 24 40 M M 3 13 32 30
3 83 57 70 4 0 5 T 0.0 M 5.2 17 60 M M 4 1 23 50
4 75 48 62 -4 3 0 0.00 0.0 M 8.9 22 10 M M 2 27 30
5 76 45 61 -5 4 0 0.00 0.0 M 6.6 20 330 M M 1 8 25 330
6 78 49 64 -2 1 0 0.00 0.0 M 6.3 23 360 M M 5 8 32 300
7 66 46 56 -11 9 0 0.00 0.0 M 5.3 20 340 M M 8 18 26 330
8 66 41 54 -13 11 0 T 0.0 M 4.4 15 320 M M 7 18 19 330
9 67 50 59 -8 6 0 0.12 0.0 M 4.0 22 290 M M 7 18 29 290
10 79 48 64 -4 1 0 0.01 0.0 M 3.7 17 250 M M 6 1 21 300
11 85 56 71 3 0 6 0.00 0.0 M 4.1 12 210 M M 1 18 17 250
12 80 60 70 2 0 5 1.08 0.0 M 7.0 17 120 M M 8 18 26 120
13 74 59 67 -1 0 2 0.00 0.0 M 6.6 17 260 M M 5 22 220
14 65 56 61 -8 4 0 0.29 0.0 M 6.5 21 250 M M 9 1 28 260
15 77 57 67 -2 0 2 0.00 0.0 M 6.7 15 300 M M 7 21 290
16 69 55 62 -7 3 0 0.09 0.0 M 4.5 12 240 M M 8 1 15 250
17 77 56 67 -3 0 2 T 0.0 M 9.3 25 320 M M 5 18 33 310
18 77 50 64 -6 1 0 0.00 0.0 M 4.0 14 350 M M 3 18 320
19 84 58 71 1 0 6 0.00 0.0 M 5.1 10 20 M M 4 19 150
20 82 63 73 3 0 8 0.00 0.0 M 3.5 12 30 M M 5 15 50
21 77 58 68 -3 0 3 0.00 0.0 M 6.2 16 50 M M 2 22 50
22 75 61 68 -3 0 3 0.00 0.0 M 5.8 16 60 M M 10 22 50
23 77 65 71 0 0 6 0.21 0.0 M 3.5 10 120 M M 10 18 16 110
24 85 66 76 5 0 11 0.00 0.0 M 3.9 17 300 M M 6 3 22 290
25 84 65 75 3 0 10 0.21 0.0 M 2.8 9 110 M M 6 13 14 170
26 80 65 73 1 0 8 0.22 0.0 M 4.7 14 120 M M 4 13 24 120
27 77 62 70 -2 0 5 0.13 0.0 M 0.8 12 270 M M 6 13 14 270
28 72 64 68 -4 0 3 T 0.0 M 5.1 16 320 M M 10 18 20 320
29 80 61 71 -1 0 6 0.00 0.0 M 4.1 10 330 M M 5 18 14 300
30 84 59 72 0 0 7 0.00 0.0 M 3.8 12 230 M M 1 18 17 240
================================================================================
SM 2339 1691 43 118 2.88 0.0 153.9 M 158
================================================================================
AV 78.0 56.4 5.1 FASTST M M 5 MAX(MPH)
MISC ----> 25 320 33 310
================================================================================
NOTES:
# LAST OF SEVERAL OCCURRENCES
COLUMN 17 PEAK WIND IN M.P.H.
PRELIMINARY LOCAL CLIMATOLOGICAL DATA (WS FORM: F-6) , PAGE 2
STATION: AVOCA PA
MONTH: JUNE
YEAR: 2023
LATITUDE: 41 19 N
LONGITUDE: 75 44 W
[TEMPERATURE DATA] [PRECIPITATION DATA] SYMBOLS USED IN COLUMN 16
AVERAGE MONTHLY: 67.2 TOTAL FOR MONTH: 2.88 1 = FOG OR MIST
DPTR FM NORMAL: -1.8 DPTR FM NORMAL: -0.92 2 = FOG REDUCING VISIBILITY
HIGHEST: 95 ON 2 GRTST 24HR 1.08 ON 12-12 TO 1/4 MILE OR LESS
LOWEST: 41 ON 8 3 = THUNDER
SNOW, ICE PELLETS, HAIL 4 = ICE PELLETS
TOTAL MONTH: 0.0 INCH 5 = HAIL
GRTST 24HR 0.0 6 = FREEZING RAIN OR DRIZZLE
GRTST DEPTH: M ON M 7 = DUSTSTORM OR SANDSTORM:
VSBY 1/2 MILE OR LESS
8 = SMOKE OR HAZE
[NO. OF DAYS WITH] [WEATHER - DAYS WITH] 9 = BLOWING SNOW
X = TORNADO
MAX 32 OR BELOW: 0 0.01 INCH OR MORE: 10
MAX 90 OR ABOVE: 2 0.10 INCH OR MORE: 8
MIN 32 OR BELOW: 0 0.50 INCH OR MORE: 2
MIN 0 OR BELOW: 0 1.00 INCH OR MORE: 1
[HDD (BASE 65) ]
TOTAL THIS MO. 43 CLEAR (SCALE 0-3) 7
DPTR FM NORMAL 10 PTCLDY (SCALE 4-7) 19
TOTAL FM JUL 1 4850 CLOUDY (SCALE 8-10) 4
DPTR FM NORMAL -890
[CDD (BASE 65) ]
TOTAL THIS MO. 118
DPTR FM NORMAL -35 [PRESSURE DATA]
TOTAL FM JAN 1 165 HIGHEST SLP 30.25 ON 21
DPTR FM NORMAL -46 LOWEST SLP 29.45 ON 14
[REMARKS]
#FINAL-06-23#